770
CXUS56 KPQR 301200
CF6EUG
PRELIMINARY LOCAL CLIMATOLOGICAL DATA (WS FORM: F-6)

                                          STATION:   EUGENE OR
                                          MONTH:     APRIL
                                          YEAR:      2016
                                          LATITUDE:   44  7 N
                                          LONGITUDE: 123 13 W

  TEMPERATURE IN F:       :PCPN:    SNOW:  WIND      :SUNSHINE: SKY     :PK WND
================================================================================
1   2   3   4   5  6A  6B    7    8   9   10  11  12  13   14  15   16   17  18
                                     12Z  AVG MX 2MIN
DY MAX MIN AVG DEP HDD CDD  WTR  SNW DPTH SPD SPD DIR MIN PSBL S-S WX    SPD DR
================================================================================

 1  74  42  58  10   7   0 0.00  0.0    0  4.9 10 230   M    M   1        13  30
 2  70  44  57   9   8   0 0.00  0.0    0  5.7 12 220   M    M   3        15 230
 3  73  42  58   9   7   0 0.12  0.0    0  8.0 21 250   M    M   6        26 240
 4  60  41  51   2  14   0 0.07  0.0    0  9.0 20 270   M    M   5 1      27 260
 5  63  38  51   2  14   0 0.00  0.0    0  6.6 15 350   M    M   5        19 350
 6  71  38  55   6  10   0 0.00  0.0    0  6.1 17  20   M    M   3 1      20 360
 7  80  42  61  12   4   0 0.00  0.0    0  3.7 10 350   M    M   2        14 290
 8  75  47  61  12   4   0 0.00  0.0    0  8.7 17 240   M    M   3        21 240
 9  67  49  58   9   7   0 0.00  0.0    0  7.6 17 240   M    M   8        20 240
10  61  47  54   5  11   0 0.00  0.0    0  4.3 12 240   M    M   8        13 230
11  64  45  55   6  10   0 0.00  0.0    0  4.4 18 240   M    M   8        22 250
12  61  48  55   5  10   0 0.18  0.0    0  7.4 21 280   M    M  10 1      27 290
13  64  43  54   4  11   0 0.01  0.0    0 11.5 30 230   M    M   7 1      41 220
14  53  43  48  -2  17   0 1.23  0.0    0 13.9 30 190   M    M   8 1      39 180
15  63  38  51   1  14   0    T  0.0    0  3.9 10 150   M    M   5        18  30
16  66  38  52   2  13   0 0.00  0.0    0  4.4 12 350   M    M   5        14 350
17  78  41  60  10   5   0 0.00  0.0    0  4.3 14  10   M    M   4 1      17  10
18  82  46  64  14   1   0 0.00  0.0    0  4.5 12 200   M    M   4 1      14 240
19  81  49  65  15   0   0 0.00  0.0    0  5.1 10 280   M    M   3        13 280
20  76  49  63  12   2   0 0.00  0.0    0  7.4 21 250   M    M   5        25 250
21  74  44  59   8   6   0 0.54  0.0    0  5.2 21 300   M    M   6 13     25 300
22  65  47  56   5   9   0 0.33  0.0    0  6.0 17 190   M    M   8 1      23 200
23  62  44  53   2  12   0 0.04  0.0    0  9.4 21 170   M    M   8        25 170
24  53  41  47  -4  18   0 0.42  0.0    0  4.0 21 290   M    M   7 15     26 290
25  60  38  49  -3  16   0    T  0.0    0  3.8 14  40   M    M   6 1      17  40
26  60  35  48  -4  17   0 0.02  0.0    0  4.2 13 250   M    M   7 1      16 260
27  61  47  54   2  11   0 0.01  0.0    0  4.4 10  10   M    M   9 1      13  30
28  64  49  57   5   8   0 0.00  0.0    0  2.7 10 270   M    M   9        13 280
29  61  47  54   2  11   0 0.06    M    0  3.8 16  60   M    M   8        21  50
================================================================================
SM 1942 1262       277   0  3.03     0.0 174.9          M      171
================================================================================
AV 67.0 43.5                               6.0 FASTST   M    M   6    MAX(MPH)
                                 MISC ---->  # 30 230               # 41  220
================================================================================
NOTES:
# LAST OF SEVERAL OCCURRENCES

COLUMN 17 PEAK WIND IN M.P.H.

PRELIMINARY LOCAL CLIMATOLOGICAL DATA (WS FORM: F-6) , PAGE 2

                                          STATION:  EUGENE OR
                                          MONTH:    APRIL
                                          YEAR:     2016
                                          LATITUDE:   44  7 N
                                          LONGITUDE: 123 13 W

[TEMPERATURE DATA]      [PRECIPITATION DATA]       SYMBOLS USED IN COLUMN 16

AVERAGE MONTHLY: 55.2   TOTAL FOR MONTH:   3.03    1 = FOG OR MIST
DPTR FM NORMAL:   5.2   DPTR FM NORMAL:   -0.22    2 = FOG REDUCING VISIBILITY
HIGHEST:    82 ON 18    GRTST 24HR  1.23 ON 14-14      TO 1/4 MILE OR LESS
LOWEST:     35 ON 26                               3 = THUNDER
                        SNOW, ICE PELLETS, HAIL    4 = ICE PELLETS
                        TOTAL MONTH:   0.0 INCH    5 = HAIL
                        GRTST 24HR     0.0         6 = FREEZING RAIN OR DRIZZLE
                        GRTST DEPTH:   0           7 = DUSTSTORM OR SANDSTORM:
                                                       VSBY 1/2 MILE OR LESS
                                                   8 = SMOKE OR HAZE
[NO. OF DAYS WITH]      [WEATHER - DAYS WITH]      9 = BLOWING SNOW
                                                   X = TORNADO
MAX 32 OR BELOW:   0    0.01 INCH OR MORE:  12
MAX 90 OR ABOVE:   0    0.10 INCH OR MORE:   6
MIN 32 OR BELOW:   0    0.50 INCH OR MORE:   2
MIN  0 OR BELOW:   0    1.00 INCH OR MORE:   1

[HDD (BASE 65) ]
TOTAL THIS MO.   277    CLEAR  (SCALE 0-3)   5
DPTR FM NORMAL  -156    PTCLDY (SCALE 4-7)  17
TOTAL FM JUL 1  3572    CLOUDY (SCALE 8-10)  7
DPTR FM NORMAL  -757

[CDD (BASE 65) ]
TOTAL THIS MO.     0
DPTR FM NORMAL     0    [PRESSURE DATA]
TOTAL FM JAN 1     0    HIGHEST SLP M ON M
DPTR FM NORMAL     0    LOWEST  SLP 29.58 ON 22

[REMARKS]
