000
CXUS56 KSLC 271249
CF6EVW
PRELIMINARY LOCAL CLIMATOLOGICAL DATA (WS FORM: F-6)

                                          STATION:   EVANSTON WY
                                          MONTH:     AUGUST
                                          YEAR:      2015
                                          LATITUDE:   41 16 N
                                          LONGITUDE: 111  2 W

  TEMPERATURE IN F:       :PCPN:    SNOW:  WIND      :SUNSHINE: SKY     :PK WND
================================================================================
1   2   3   4   5  6A  6B    7    8   9   10  11  12  13   14  15   16   17  18
                                     12Z  AVG MX 2MIN
DY MAX MIN AVG DEP HDD CDD  WTR  SNW DPTH SPD SPD DIR MIN PSBL S-S WX    SPD DR
================================================================================

 1  87  53  70   2   0   5 0.00  0.0    0  4.9 16 350   M    M   0        22 360
 2  89  55  72   4   0   7 0.00  0.0    0  9.9 26 240   M    M   0        33 240
 3  66  50  58 -10   7   0 0.35  0.0    0 11.5 20 290   M    M   8 1      24 280
 4  81  48  65  -3   0   0 0.00  0.0    0  8.8 21 270   M    M   1        27 270
 5  81  52  67   0   0   2 0.00  0.0    0 12.8 33 270   M    M   2        43 270
 6  81  48  65  -2   0   0 0.00  0.0    0  9.6 25 250   M    M   0        33 250
 7  70  51  61  -6   4   0 0.31  0.0    0  9.3 32 250   M    M   8 13     40 250
 8  70  46  58  -9   7   0 0.02    M    0 13.6 29 250   M    M   3 13     37 240
 9  78  47  63  -4   2   0 0.00  0.0    0  6.0 17 270   M    M   0        22 250
10  84  52  68   2   0   3 0.00  0.0    0  4.6 18 190   M    M   2        27 190
11  83  54  69   3   0   4    T  0.0    0  7.1 30 270   M    M   2 3      38 270
12  82  58  70   4   0   5 0.00  0.0    0  9.2 24 150   M    M   5 3      31 140
13  85  52  69   3   0   4 0.00  0.0    0  5.5 15  90   M    M   0        20 120
14  88  60  74   8   0   9 0.00  0.0    0  8.6 23 240   M    M   0        28 250
15  87  57  72   7   0   7 0.00  0.0    0 10.1 24 260   M    M   1        31 240
16  85  54  70   5   0   5    T  0.0    0  9.5 24 260   M    M   1        33 260
17  81  49  65   0   0   0 0.00  0.0    0 12.0 31 260   M    M   0        40 260
18  75  44  60  -5   5   0 0.00  0.0    0  8.2 22 300   M    M   0        32 290
19  77  45  61  -3   4   0 0.00  0.0    0  9.5 23 230   M    M   0        29 250
20  78  49  64   0   1   0 0.00  0.0    0 12.1 32 250   M    M   2 8      41 250
21  83  52  68   4   0   3 0.00  0.0    0 14.0 31 230   M    M   0        42 240
22  79  53  66   2   0   1 0.00  0.0    0 13.2 30 250   M    M   0 8      36 260
23  85  44  65   2   0   0 0.00  0.0    0  9.2 23 270   M    M   0 8      31 280
24  88  56  72   9   0   7 0.00  0.0    0  6.5 17 230   M    M   2        22 230
25  89  57  73  10   0   8 0.01  0.0    0  8.2 25 130   M    M   2 3      36 160
26  67  56  62   0   3   0 0.19  0.0    0  7.4 18 220   M    M   9 1      23 220
================================================================================
SM 2099 1342        33  70  0.88     0.0 241.3          M       48
================================================================================
AV 80.7 51.6                               9.3 FASTST   M    M   2    MAX(MPH)
                                 MISC ---->  # 33 270               # 43  270
================================================================================
NOTES:
# LAST OF SEVERAL OCCURRENCES

COLUMN 17 PEAK WIND IN M.P.H.

PRELIMINARY LOCAL CLIMATOLOGICAL DATA (WS FORM: F-6) , PAGE 2

                                          STATION:  EVANSTON WY
                                          MONTH:    AUGUST
                                          YEAR:     2015
                                          LATITUDE:   41 16 N
                                          LONGITUDE: 111  2 W

[TEMPERATURE DATA]      [PRECIPITATION DATA]       SYMBOLS USED IN COLUMN 16

AVERAGE MONTHLY: 66.2   TOTAL FOR MONTH:   0.88    1 = FOG OR MIST
DPTR FM NORMAL:   0.6   DPTR FM NORMAL:    0.08    2 = FOG REDUCING VISIBILITY
HIGHEST:    89 ON 25, 2 GRTST 24HR  0.35 ON  3- 3      TO 1/4 MILE OR LESS
LOWEST:     44 ON 23,18                            3 = THUNDER
                        SNOW, ICE PELLETS, HAIL    4 = ICE PELLETS
                        TOTAL MONTH:   0.0 INCH    5 = HAIL
                        GRTST 24HR     0.0         6 = FREEZING RAIN OR DRIZZLE
                        GRTST DEPTH:   0           7 = DUSTSTORM OR SANDSTORM:
                                                       VSBY 1/2 MILE OR LESS
                                                   8 = SMOKE OR HAZE
[NO. OF DAYS WITH]      [WEATHER - DAYS WITH]      9 = BLOWING SNOW
                                                   X = TORNADO
MAX 32 OR BELOW:   0    0.01 INCH OR MORE:   5
MAX 90 OR ABOVE:   0    0.10 INCH OR MORE:   3
MIN 32 OR BELOW:   0    0.50 INCH OR MORE:   0
MIN  0 OR BELOW:   0    1.00 INCH OR MORE:   0

[HDD (BASE 65) ]
TOTAL THIS MO.    33    CLEAR  (SCALE 0-3)  22
DPTR FM NORMAL   -14    PTCLDY (SCALE 4-7)   1
TOTAL FM JUL 1    92    CLOUDY (SCALE 8-10)  3
DPTR FM NORMAL     9

[CDD (BASE 65) ]
TOTAL THIS MO.    70
DPTR FM NORMAL    14    [PRESSURE DATA]
TOTAL FM JAN 1   195    HIGHEST SLP M ON M
DPTR FM NORMAL    43    LOWEST  SLP 29.71 ON 21

[REMARKS]
