000
CXUS56 KSLC 171337
CF6EVW
PRELIMINARY LOCAL CLIMATOLOGICAL DATA (WS FORM: F-6)

                                          STATION:   EVANSTON WY
                                          MONTH:     OCTOBER
                                          YEAR:      2017
                                          LATITUDE:   41 16 N
                                          LONGITUDE: 111  2 W

  TEMPERATURE IN F:       :PCPN:    SNOW:  WIND      :SUNSHINE: SKY     :PK WND
================================================================================
1   2   3   4   5  6A  6B    7    8   9   10  11  12  13   14  15   16   17  18
                                     12Z  AVG MX 2MIN
DY MAX MIN AVG DEP HDD CDD  WTR  SNW DPTH SPD SPD DIR MIN PSBL S-S WX    SPD DR
================================================================================

 1  46  26  36 -14  29   0    M    M    0 11.5 29 260   M    M   5        37 260
 2  42  22  32 -17  33   0    M    M    0  7.8 21 260   M    M   4 1      24 260
 3  48  22  35 -14  30   0 0.00  0.0    0 10.1 21  70   M    M   0        27  60
 4  54  33  44  -5  21   0    T    M    0 14.2 30 250   M    M   1        39 260
 5  60  31  46  -2  19   0 0.00  0.0    0  8.8 23 250   M    M   0        28 260
 6  51  29  40  -8  25   0 0.00  0.0    0 11.5 26 260   M    M   2        31 270
 7  63  34  49   1  16   0 0.00  0.0    0 18.0 36 240   M    M   0        44 230
 8  47  29  38  -9  27   0    T    M    0 12.6 24 350   M    M   6 1      31 350
 9  45  24  35 -12  30   0    M    M    0  6.0 16  90   M    M   2        20  90
10   M   M   M   M   M   M    M    M    M   M   M   M   M    M   M         M  M
11  64  35  50   4  15   0 0.00  0.0    0 11.5 28 240   M    M   0        37 230
12  50  30  40  -6  25   0 0.00  0.0    0 11.2 25 250   M    M   0        31 240
13  54  29  42  -3  23   0 0.00  0.0    0 10.3 33 250   M    M   1        42 240
14  41  22  32 -13  33   0    T    M    0 10.6 26 270   M    M   4 1      33 260
15  61  23  42  -2  23   0 0.00  0.0    0  4.0 14 260   M    M   0        16 260
16  65  34  50   6  15   0 0.00  0.0    0 10.0 21 260   M    M   0        26 240
================================================================================
SM  791  423       364   0    T      0.0 158.1          M       25
================================================================================
AV 52.7 28.2                              10.5 FASTST   M    M   2    MAX(MPH)
                                 MISC ---->  # 36 240               # 44  230
================================================================================
NOTES:
# LAST OF SEVERAL OCCURRENCES

COLUMN 17 PEAK WIND IN M.P.H.

PRELIMINARY LOCAL CLIMATOLOGICAL DATA (WS FORM: F-6) , PAGE 2

                                          STATION:  EVANSTON WY
                                          MONTH:    OCTOBER
                                          YEAR:     2017
                                          LATITUDE:   41 16 N
                                          LONGITUDE: 111  2 W

[TEMPERATURE DATA]      [PRECIPITATION DATA]       SYMBOLS USED IN COLUMN 16

AVERAGE MONTHLY: 40.5   TOTAL FOR MONTH:      T    1 = FOG OR MIST
DPTR FM NORMAL:  -6.5   DPTR FM NORMAL:   -0.56    2 = FOG REDUCING VISIBILITY
HIGHEST:    65 ON 16    GRTST 24HR    T  ON 14-14      TO 1/4 MILE OR LESS
LOWEST:     22 ON 14, 3                            3 = THUNDER
                        SNOW, ICE PELLETS, HAIL    4 = ICE PELLETS
                        TOTAL MONTH:   0.0 INCH    5 = HAIL
                        GRTST 24HR     0.0         6 = FREEZING RAIN OR DRIZZLE
                        GRTST DEPTH:   0           7 = DUSTSTORM OR SANDSTORM:
                                                       VSBY 1/2 MILE OR LESS
                                                   8 = SMOKE OR HAZE
[NO. OF DAYS WITH]      [WEATHER - DAYS WITH]      9 = BLOWING SNOW
                                                   X = TORNADO
MAX 32 OR BELOW:   0    0.01 INCH OR MORE:   0
MAX 90 OR ABOVE:   0    0.10 INCH OR MORE:   0
MIN 32 OR BELOW:  11    0.50 INCH OR MORE:   0
MIN  0 OR BELOW:   0    1.00 INCH OR MORE:   0

[HDD (BASE 65) ]
TOTAL THIS MO.   364    CLEAR  (SCALE 0-3)  11
DPTR FM NORMAL    74    PTCLDY (SCALE 4-7)   4
TOTAL FM JUL 1   714    CLOUDY (SCALE 8-10)  0
DPTR FM NORMAL    27

[CDD (BASE 65) ]
TOTAL THIS MO.     0
DPTR FM NORMAL     0    [PRESSURE DATA]
TOTAL FM JAN 1   333    HIGHEST SLP M ON M
DPTR FM NORMAL   171    LOWEST  SLP 29.61 ON  8

[REMARKS]
