000
CXUS52 KMHX 210806
CF6EWN
PRELIMINARY LOCAL CLIMATOLOGICAL DATA (WS FORM: F-6)

                                          STATION:   NEW BERN NC
                                          MONTH:     OCTOBER
                                          YEAR:      2014
                                          LATITUDE:   35  4 N
                                          LONGITUDE:  77  3 W

  TEMPERATURE IN F:       :PCPN:    SNOW:  WIND      :SUNSHINE: SKY     :PK WND
================================================================================
1   2   3   4   5  6A  6B    7    8   9   10  11  12  13   14  15   16   17  18
                                     12Z  AVG MX 2MIN
DY MAX MIN AVG DEP HDD CDD  WTR  SNW DPTH SPD SPD DIR MIN PSBL S-S WX    SPD DR
================================================================================

 1  82  62  72   3   0   7 0.00  0.0    0  3.2 10  40   M    M   2 1      14  10
 2  82  61  72   3   0   7 0.01  0.0    0  1.8  9  90   M    M   5 12     13  90
 3  84  70  77   9   0  12    T  0.0    0  5.2 14 160   M    M   6        17 150
 4  84  56  70   2   0   5    T  0.0    0  9.6 17 250   M    M   2        24 330
 5  70  46  58 -10   7   0 0.00  0.0    0  3.9 12  10   M    M   0        15  10
 6  77  46  62  -5   3   0 0.00  0.0    0  3.5 14 170   M    M   0        19 180
 7  80  54  67   0   0   2 0.00  0.0    0  3.9 13 180   M    M   0        16 180
 8  87  68  78  11   0  13 0.00  0.0    0  6.6 14 260   M    M   0        21 270
 9  79  57  68   2   0   3 0.00  0.0    0  3.8 10 330   M    M   0        16  50
10  84  56  70   4   0   5 0.00  0.0    0  3.5 12 170   M    M   1 1      15 180
11  90  62  76  10   0  11 0.40  0.0    0  7.1 15  30   M    M   3 123    19 270
12  75  64  70   5   0   5 0.00  0.0    0  7.1 16  30   M    M   9 1      22  50
13  85  62  74   9   0   9 0.00  0.0    0  3.5 10 150   M    M   2 1      14 150
14  85  73  79  14   0  14 0.53  0.0    0  9.3 20 160   M    M   5 1      28 150
15  80  60  70   6   0   5 1.19  0.0    0  5.9 18 190   M    M   6 1      28 200
16  76  56  66   2   0   1 0.00  0.0    0  5.0 15 210   M    M   2        20 200
17  77  55  66   2   0   1 0.00  0.0    0  5.5 13 240   M    M   0        17 240
18  82  58  70   7   0   5    T  0.0    0  6.8 15 360   M    M   1        20 330
19  68  49  59  -4   6   0    T    M    0  7.7 15 340   M    M   2        22 340
20  74  43  59  -4   6   0 0.00  0.0    0  3.4 14 200   M    M   2 128    19 200
================================================================================
SM 1601 1158        22 105  2.13     0.0 106.3          M       48
================================================================================
AV 80.1 57.9                               5.3 FASTST   M    M   2    MAX(MPH)
                                 MISC ---->  # 20 160               # 28  150
================================================================================
NOTES:
# LAST OF SEVERAL OCCURRENCES

COLUMN 17 PEAK WIND IN M.P.H.

PRELIMINARY LOCAL CLIMATOLOGICAL DATA (WS FORM: F-6) , PAGE 2

                                          STATION:  NEW BERN NC
                                          MONTH:    OCTOBER
                                          YEAR:     2014
                                          LATITUDE:   35  4 N
                                          LONGITUDE:  77  3 W

[TEMPERATURE DATA]      [PRECIPITATION DATA]       SYMBOLS USED IN COLUMN 16

AVERAGE MONTHLY: 69.0   TOTAL FOR MONTH:   2.13    1 = FOG OR MIST
DPTR FM NORMAL:   3.1   DPTR FM NORMAL:   -0.10    2 = FOG REDUCING VISIBILITY
HIGHEST:    90 ON 11    GRTST 24HR  1.72 ON 14-15      TO 1/4 MILE OR LESS
LOWEST:     43 ON 20                               3 = THUNDER
                        SNOW, ICE PELLETS, HAIL    4 = ICE PELLETS
                        TOTAL MONTH:   0.0 INCH    5 = HAIL
                        GRTST 24HR     0.0         6 = FREEZING RAIN OR DRIZZLE
                        GRTST DEPTH:   0           7 = DUSTSTORM OR SANDSTORM:
                                                       VSBY 1/2 MILE OR LESS
                                                   8 = SMOKE OR HAZE
[NO. OF DAYS WITH]      [WEATHER - DAYS WITH]      9 = BLOWING SNOW
                                                   X = TORNADO
MAX 32 OR BELOW:   0    0.01 INCH OR MORE:   4
MAX 90 OR ABOVE:   1    0.10 INCH OR MORE:   3
MIN 32 OR BELOW:   0    0.50 INCH OR MORE:   2
MIN  0 OR BELOW:   0    1.00 INCH OR MORE:   1

[HDD (BASE 65) ]
TOTAL THIS MO.    22    CLEAR  (SCALE 0-3)  14
DPTR FM NORMAL   -27    PTCLDY (SCALE 4-7)   5
TOTAL FM JUL 1    22    CLOUDY (SCALE 8-10)  1
DPTR FM NORMAL   -34

[CDD (BASE 65) ]
TOTAL THIS MO.   105
DPTR FM NORMAL    39    [PRESSURE DATA]
TOTAL FM JAN 1  2166    HIGHEST SLP M ON M
DPTR FM NORMAL   297    LOWEST  SLP 29.62 ON  4

[REMARKS]
