000
CXUS53 KIND 280730
CF6EYE
PRELIMINARY LOCAL CLIMATOLOGICAL DATA (WS FORM: F-6)

                                          STATION:   INDIANAPOLIS EAGLE CREEK IN
                                          MONTH:     APRIL
                                          YEAR:      2016
                                          LATITUDE:   39 49 N
                                          LONGITUDE:  86 18 W

  TEMPERATURE IN F:       :PCPN:    SNOW:  WIND      :SUNSHINE: SKY     :PK WND
================================================================================
1   2   3   4   5  6A  6B    7    8   9   10  11  12  13   14  15   16   17  18
                                     12Z  AVG MX 2MIN
DY MAX MIN AVG DEP HDD CDD  WTR  SNW DPTH SPD SPD DIR MIN PSBL S-S WX    SPD DR
================================================================================

 1  53  43  48   0  17   0    T    M    M 10.1 26 280   M    M   5        36 270
 2  48  33  41  -8  24   0 0.00    M    M 15.6 43 300   M    M   5        60 310
 3  61  27  44  -5  21   0 0.00    M    M 11.8 24 210   M    M   0        37 240
 4  57  31  44  -6  21   0    T    M    M 12.2 22 340   M    M   7        28 340
 5  47  26  37 -13  28   0 0.00    M    M  9.7 16 160   M    M   2        23 140
 6  63  40  52   2  13   0 0.05    M    M 11.9 28 210   M    M   5 1      37 210
 7  47  35  41  -9  24   0 0.05    M    M 13.4 25 310   M    M   8 1      33 310
 8  45  31  38 -13  27   0 0.17    M    M 10.0 30 300   M    M   9 13     40 270
 9  40  27  34 -17  31   0    T    M    M 11.8 25 320   M    M   5        34 300
10  63  31  47  -5  18   0 0.51    M    M 10.6 25 200   M    M   9 1      35 190
11  55  38  47  -5  18   0 1.09    M    M  8.3 18 320   M    M   6 1      23 320
12  52  33  43  -9  22   0 0.00    M    M  6.1 15  10   M    M   0        20  40
13  59  34  47  -5  18   0 0.00    M    M  6.9 16 100   M    M   0        21 130
14  66  38  52  -1  13   0 0.00    M    M  7.6 16 110   M    M   0        22  70
15  75  41  58   5   7   0 0.00    M    M  3.9 10 100   M    M   0        14  70
16  78  50  64  11   1   0 0.00    M    M  3.9 15 110   M    M   0        21  90
17  80  49  65  11   0   0 0.00    M    M  2.4 10 140   M    M   0        15 110
18  82  50  66  12   0   1 0.00    M    M  2.2 10 270   M    M   0        14 200
19  82  54  68  14   0   3 0.00    M    M  3.0 15  50   M    M   1        20  60
20  78  53  66  11   0   1 0.01    M    M  6.6 17 320   M    M   6        24 310
21  70  55  63   8   2   0 0.34    M    M  5.8 22 310   M    M   8 13     27 300
22  67  50  59   4   6   0 0.23    M    M  7.9 17 340   M    M   7 13     23 340
23  66  48  57   1   8   0 0.00    M    M  5.4 12  20   M    M   5        16  20
24  76  45  61   5   4   0 0.00    M    M  4.7 12 170   M    M   0        16 170
25  80  55  68  12   0   3 0.00    M    M  8.1 22 190   M    M   2        33 200
26  80  60  70  14   0   5 0.03    M    M  6.8 17 340   M    M   5 13     26 220
27  60  49  55  -2  10   0 0.26    M    M  9.1 15  70   M    M  10 138    21  70
================================================================================
SM 1730 1126       333  13  2.74    M    215.8          M      105
================================================================================
AV 64.1 41.7                               8.0 FASTST   M    M   4    MAX(MPH)
                                 MISC ---->  # 43 300               # 60  310
================================================================================
NOTES:
# LAST OF SEVERAL OCCURRENCES

COLUMN 17 PEAK WIND IN M.P.H.

PRELIMINARY LOCAL CLIMATOLOGICAL DATA (WS FORM: F-6) , PAGE 2

                                          STATION:  INDIANAPOLIS EAGLE CREEK IN
                                          MONTH:    APRIL
                                          YEAR:     2016
                                          LATITUDE:   39 49 N
                                          LONGITUDE:  86 18 W

[TEMPERATURE DATA]      [PRECIPITATION DATA]       SYMBOLS USED IN COLUMN 16

AVERAGE MONTHLY: 52.9   TOTAL FOR MONTH:   2.74    1 = FOG OR MIST
DPTR FM NORMAL:   0.2   DPTR FM NORMAL:   -0.61    2 = FOG REDUCING VISIBILITY
HIGHEST:    82 ON 19,18 GRTST 24HR  1.60 ON 10-11      TO 1/4 MILE OR LESS
LOWEST:     26 ON  5                               3 = THUNDER
                        SNOW, ICE PELLETS, HAIL    4 = ICE PELLETS
                        TOTAL MONTH:    M          5 = HAIL
                        GRTST 24HR    M  ON   M    6 = FREEZING RAIN OR DRIZZLE
                        GRTST DEPTH:  M  ON   M    7 = DUSTSTORM OR SANDSTORM:
                                                       VSBY 1/2 MILE OR LESS
                                                   8 = SMOKE OR HAZE
[NO. OF DAYS WITH]      [WEATHER - DAYS WITH]      9 = BLOWING SNOW
                                                   X = TORNADO
MAX 32 OR BELOW:   0    0.01 INCH OR MORE:  10
MAX 90 OR ABOVE:   0    0.10 INCH OR MORE:   6
MIN 32 OR BELOW:   6    0.50 INCH OR MORE:   2
MIN  0 OR BELOW:   0    1.00 INCH OR MORE:   1

[HDD (BASE 65) ]
TOTAL THIS MO.   333    CLEAR  (SCALE 0-3)  12
DPTR FM NORMAL   -12    PTCLDY (SCALE 4-7)  12
TOTAL FM JUL 1  4332    CLOUDY (SCALE 8-10)  3
DPTR FM NORMAL  -838

[CDD (BASE 65) ]
TOTAL THIS MO.    13
DPTR FM NORMAL    -4    [PRESSURE DATA]
TOTAL FM JAN 1    13    HIGHEST SLP  0.00 ON 24
DPTR FM NORMAL    -5    LOWEST  SLP  0.00 ON 24

[REMARKS]
