000
CXAK56 PAFG 301238
CF6FAI
PRELIMINARY LOCAL CLIMATOLOGICAL DATA (WS FORM: F-6)

                                          STATION:   FAIRBANKS AK
                                          MONTH:     SEPTEMBER
                                          YEAR:      2014
                                          LATITUDE:   64 49 N
                                          LONGITUDE: 147 52 W

  TEMPERATURE IN F:       :PCPN:    SNOW:  WIND      :SUNSHINE: SKY     :PK WND
================================================================================
1   2   3   4   5  6A  6B    7    8   9   10  11  12  13   14  15   16   17  18
                                     12Z  AVG MX 2MIN
DY MAX MIN AVG DEP HDD CDD  WTR  SNW DPTH SPD SPD DIR MIN PSBL S-S WX    SPD DR
================================================================================

 1  48  35  42  -9  23   0 1.43  0.0    0  5.3 16 180   M    M   9 1      21 170
 2  51  40  46  -5  19   0 0.81  0.0    0  8.9 21 250   M    M   8 1      28 250
 3  52  32  42  -9  23   0    T  0.0    0  6.7 22 280   M    M   5        28 290
 4  57  28  43  -7  22   0 0.00  0.0    0  4.2 12 360   M    M   6        14 360
 5  60  39  50   0  15   0 0.00  0.0    0  9.2 14  70   M    M   8        19  60
 6  60  34  47  -2  18   0 0.00  0.0    0  6.9 15 360   M    M   7        17  30
 7  60  33  47  -2  18   0 0.00  0.0    0  3.6  9  30   M    M   5        10  20
 8  65  34  50   1  15   0 0.00  0.0    0  3.9 12 110   M    M   2        14 100
 9  65  34  50   2  15   0 0.00  0.0    0  2.2  9  90   M    M   6        12 100
10  68  45  57   9   8   0 0.00  0.0    0  1.3  8 250   M    M   7        11 180
11  70  43  57  10   8   0 0.00  0.0    0  2.6  9 140   M    M   6        12 150
12  72  39  56   9   9   0 0.00  0.0    0  5.7 14  90   M    M   7        18 100
13  74  51  63  17   2   0 0.00  0.0    0  3.6 12  70   M    M   8        14  60
14  76  51  64  18   1   0    T  0.0    0  3.0 10  90   M    M   6        11  80
15  69  42  56  10   9   0    T  0.0    0  3.1 10 220   M    M   7        18 230
16  63  40  52   7  13   0    T  0.0    0  2.4  9  30   M    M   7        12  40
17  66  37  52   8  13   0 0.00  0.0    0  3.9 12  70   M    M   5        14  70
18  66  36  51   7  14   0 0.00  0.0    0  4.5 12  70   M    M   6        14  60
19  63  37  50   6  15   0    T  0.0    0  1.9  7 200   M    M   6         9  30
20  51  45  48   5  17   0 0.36  0.0    0  1.5  6 210   M    M  10 1       9 220
21  48  36  42   0  23   0 0.07  0.0    0  5.6 13 260   M    M   9        16 260
22  46  30  38  -4  27   0 0.00  0.0    0  3.4 10 250   M    M   8        13 240
23  42  28  35  -6  30   0 0.13    T    0  3.0 13 300   M    M   7 1      17 270
24  41  26  34  -7  31   0 0.00  0.0    0  2.2  9  80   M    M   8 12     10  80
25  48  25  37  -3  28   0 0.00  0.0    0  4.0  9  70   M    M   2        12  10
26  56  27  42   2  23   0 0.00  0.0    0  7.0 15  50   M    M   5        19  80
27  50  29  40   1  25   0 0.00  0.0    0  2.3  9  40   M    M   3        10  40
28  46  24  35  -3  30   0    T    T    0  2.8 13 250   M    M   4        15 240
29  45  33  39   1  26   0    T    T    0  8.1 23 250   M    M   8 1      28 250
================================================================================
SM 1678 1033       520   0  2.80    T    122.8          M      185
================================================================================
AV 57.9 35.6                               4.2 FASTST   M    M   6    MAX(MPH)
                                 MISC ---->  # 23 250               # 28  250
================================================================================
NOTES:
# LAST OF SEVERAL OCCURRENCES

COLUMN 17 PEAK WIND IN M.P.H.

PRELIMINARY LOCAL CLIMATOLOGICAL DATA (WS FORM: F-6) , PAGE 2

                                          STATION:  FAIRBANKS AK
                                          MONTH:    SEPTEMBER
                                          YEAR:     2014
                                          LATITUDE:   64 49 N
                                          LONGITUDE: 147 52 W

[TEMPERATURE DATA]      [PRECIPITATION DATA]       SYMBOLS USED IN COLUMN 16

AVERAGE MONTHLY: 46.7   TOTAL FOR MONTH:   2.80    1 = FOG OR MIST
DPTR FM NORMAL:   1.6   DPTR FM NORMAL:    1.73    2 = FOG REDUCING VISIBILITY
HIGHEST:    76 ON 14    GRTST 24HR  2.24 ON  1- 2      TO 1/4 MILE OR LESS
LOWEST:     24 ON 28                               3 = THUNDER
                        SNOW, ICE PELLETS, HAIL    4 = ICE PELLETS
                        TOTAL MONTH:    T          5 = HAIL
                        GRTST 24HR    T  ON 29-29  6 = FREEZING RAIN OR DRIZZLE
                        GRTST DEPTH:   0           7 = DUSTSTORM OR SANDSTORM:
                                                       VSBY 1/2 MILE OR LESS
                                                   8 = SMOKE OR HAZE
[NO. OF DAYS WITH]      [WEATHER - DAYS WITH]      9 = BLOWING SNOW
                                                   X = TORNADO
MAX 32 OR BELOW:   0    0.01 INCH OR MORE:   5
MAX 90 OR ABOVE:   0    0.10 INCH OR MORE:   4
MIN 32 OR BELOW:   9    0.50 INCH OR MORE:   2
MIN  0 OR BELOW:   0    1.00 INCH OR MORE:   1

[HDD (BASE 65) ]
TOTAL THIS MO.   520    CLEAR  (SCALE 0-3)   2
DPTR FM NORMAL   -58    PTCLDY (SCALE 4-7)  24
TOTAL FM JUL 1   841    CLOUDY (SCALE 8-10)  3
DPTR FM NORMAL  -126

[CDD (BASE 65) ]
TOTAL THIS MO.     0
DPTR FM NORMAL     0    [PRESSURE DATA]
TOTAL FM JAN 1    27    HIGHEST SLP M ON M
DPTR FM NORMAL   -34    LOWEST  SLP 29.03 ON 18

[REMARKS]
