000
CXUS53 KFGF 300915
CF6FAR
PRELIMINARY LOCAL CLIMATOLOGICAL DATA (WS FORM: F-6)

                                          STATION:   FARGO HECTOR INTL AP ND
                                          MONTH:     JULY
                                          YEAR:      2015
                                          LATITUDE:   46 54 N
                                          LONGITUDE:  96 48 W

  TEMPERATURE IN F:       :PCPN:    SNOW:  WIND      :SUNSHINE: SKY     :PK WND
================================================================================
1   2   3   4   5  6A  6B    7    8   9   10  11  12  13   14  15   16   17  18
                                     12Z  AVG MX 2MIN
DY MAX MIN AVG DEP HDD CDD  WTR  SNW DPTH SPD SPD DIR MIN PSBL S-S WX    SPD DR
================================================================================

 1  76  62  69  -1   0   4 0.00  0.0    0  6.9 14 200   M    M   2 1      24 190
 2  79  59  69  -1   0   4 0.00  0.0    0  9.5 16 170   M    M   0        21 190
 3  84  62  73   3   0   8 0.00  0.0    0  4.7 10  20   M    M   2 18     13  30
 4  85  62  74   4   0   9 0.00  0.0    0 10.5 20 170   M    M   1 18     27 150
 5  85  67  76   6   0  11 0.00  0.0    0 12.4 22 330   M    M   2 18     28 160
 6  69  50  60 -10   5   0 0.00  0.0    0 14.8 26 350   M    M   5 18     33  10
 7  74  42  58 -12   7   0 0.00  0.0    0  5.4 15 190   M    M   0        19 190
 8  72  57  65  -6   0   0 0.14  0.0    0  8.2 15 170   M    M   5 1      20 170
 9  83  53  68  -3   0   3 0.00  0.0    0  5.2 12 190   M    M   1 18     15 170
10  87  58  73   2   0   8 0.00  0.0    0  9.6 17 150   M    M   1        25 160
11  86  69  78   7   0  13 0.00  0.0    0 11.9 21 140   M    M   4        29 150
12  90  69  80   9   0  15    T  0.0    0 10.5 26 300   M    M   2        32 300
13  85  67  76   5   0  11 0.08  0.0    0  7.3 16 270   M    M   1 1      19 280
14  89  65  77   6   0  12    T  0.0    0  5.9 17 120   M    M   1 1      23 120
15  89  67  78   7   0  13 0.01  0.0    0  7.3 28 140   M    M   2        35 140
16  82  67  75   4   0  10 0.91  0.0    0  6.0 22 260   M    M   6 12     27 250
17  87  63  75   4   0  10 0.64  0.0    0  6.2 23 290   M    M   2 123    29 290
18  78  64  71   0   0   6 0.00  0.0    0 14.1 30 270   M    M   4 1      36 280
19  87  60  74   3   0   9 0.00  0.0    0 14.5 24 240   M    M   1        29 240
20  77  58  68  -3   0   3 0.00  0.0    0 10.0 17 330   M    M   2        25 350
21  83  56  70  -1   0   5 0.00  0.0    0  4.4 12 290   M    M   2        14 290
22  87  66  77   6   0  12 0.25  0.0    0 11.4 20 180   M    M   3 1      24 150
23  89  66  78   7   0  13 0.09  0.0    0 14.5 35 340   M    M   1        47 340
24  85  64  75   3   0  10    T  0.0    0  8.1 21 320   M    M   4        25 320
25  87  60  74   2   0   9 0.01  0.0    0  9.4 24 170   M    M   1 18     30 180
26  90  64  77   6   0  12 0.00  0.0    0  7.2 17 140   M    M   0 18     22 170
27  91  68  80   9   0  15 0.00  0.0    0 12.3 22 150   M    M   1        29 140
28  81  67  74   3   0   9 0.65  0.0    0 19.4 36 240   M    M   4 1      45 240
29  82  64  73   2   0   8 0.00  0.0    0 20.7 36 280   M    M   4        45 280
================================================================================
SM 2419 1796        12 242  2.78     0.0 288.3          M       64
================================================================================
AV 83.4 61.9                               9.9 FASTST   M    M   2    MAX(MPH)
                                 MISC ---->  # 36 240               # 47  340
================================================================================
NOTES:
# LAST OF SEVERAL OCCURRENCES

COLUMN 17 PEAK WIND IN M.P.H.

PRELIMINARY LOCAL CLIMATOLOGICAL DATA (WS FORM: F-6) , PAGE 2

                                          STATION:  FARGO HECTOR INTL AP ND
                                          MONTH:    JULY
                                          YEAR:     2015
                                          LATITUDE:   46 54 N
                                          LONGITUDE:  96 48 W

[TEMPERATURE DATA]      [PRECIPITATION DATA]       SYMBOLS USED IN COLUMN 16

AVERAGE MONTHLY: 72.7   TOTAL FOR MONTH:   2.78    1 = FOG OR MIST
DPTR FM NORMAL:   1.8   DPTR FM NORMAL:    0.13    2 = FOG REDUCING VISIBILITY
HIGHEST:    91 ON 27    GRTST 24HR  0.92 ON 15-16      TO 1/4 MILE OR LESS
LOWEST:     42 ON  7                               3 = THUNDER
                        SNOW, ICE PELLETS, HAIL    4 = ICE PELLETS
                        TOTAL MONTH:   0.0 INCH    5 = HAIL
                        GRTST 24HR     0.0         6 = FREEZING RAIN OR DRIZZLE
                        GRTST DEPTH:   0           7 = DUSTSTORM OR SANDSTORM:
                                                       VSBY 1/2 MILE OR LESS
                                                   8 = SMOKE OR HAZE
[NO. OF DAYS WITH]      [WEATHER - DAYS WITH]      9 = BLOWING SNOW
                                                   X = TORNADO
MAX 32 OR BELOW:   0    0.01 INCH OR MORE:   9
MAX 90 OR ABOVE:   3    0.10 INCH OR MORE:   5
MIN 32 OR BELOW:   0    0.50 INCH OR MORE:   3
MIN  0 OR BELOW:   0    1.00 INCH OR MORE:   0

[HDD (BASE 65) ]
TOTAL THIS MO.    12    CLEAR  (SCALE 0-3)  20
DPTR FM NORMAL     0    PTCLDY (SCALE 4-7)   9
TOTAL FM JUL 1    12    CLOUDY (SCALE 8-10)  0
DPTR FM NORMAL     0

[CDD (BASE 65) ]
TOTAL THIS MO.   242
DPTR FM NORMAL    49    [PRESSURE DATA]
TOTAL FM JAN 1   353    HIGHEST SLP M ON M
DPTR FM NORMAL    22    LOWEST  SLP 29.53 ON 28

[REMARKS]
