000
CXUS54 KOUN 250700
CF6FDR
PRELIMINARY LOCAL CLIMATOLOGICAL DATA (WS FORM: F-6)

                                          STATION:   FREDERICK MUNICIPAL
                                          MONTH:     FEBRUARY
                                          YEAR:      2017
                                          LATITUDE:   34 21 N
                                          LONGITUDE:  98 59 W

  TEMPERATURE IN F:       :PCPN:    SNOW:  WIND      :SUNSHINE: SKY     :PK WND
================================================================================
1   2   3   4   5  6A  6B    7    8   9   10  11  12  13   14  15   16   17  18
                                     12Z  AVG MX 2MIN
DY MAX MIN AVG DEP HDD CDD  WTR  SNW DPTH SPD SPD DIR MIN PSBL S-S WX    SPD DR
================================================================================

 1  59  35  47   5  18   0 0.00  0.0    0 14.5 28 350   M    M   0        32 350
 2  46  28  37  -5  28   0 0.00  0.0    0 14.1 28  20   M    M   1        35 360
 3  48  25  37  -6  28   0 0.00  0.0    0  9.4 18  50   M    M   2        24  40
 4  60  36  48   5  17   0 0.00  0.0    0 12.0 26 210   M    M   6 1      32 210
 5  68  37  53  10  12   0 0.00  0.0    0  6.5 14 180   M    M   4 12     17 180
 6  81  39  60  17   5   0 0.00  0.0    0 13.7 30 210   M    M   0 128    36 210
 7  75  48  62  19   3   0 0.00  0.0    0 10.4 26 250   M    M   0        32 250
 8  55  32  44   1  21   0 0.00  0.0    0 15.3 33 360   M    M   0        38 350
 9  55  27  41  -3  24   0 0.00  0.0    0  9.0 17 160   M    M   0        21 160
10  85  37  61  17   4   0 0.00  0.0    0 15.6 29 200   M    M   0        34 200
11  96  51  74  30   0   9 0.00  0.0    0 11.6 24 220   M    M   0        29 210
12  63  46  55  11  10   0 0.00  0.0    0 20.9 33  20   M    M   0        40  20
13  52  41  47   3  18   0 0.76  0.0    0 11.0 20  30   M    M  10 13     23  20
14  42  37  40  -5  25   0 0.21    M    0 13.3 29 350   M    M  10 1      34 340
15  56  35  46   1  19   0 0.00  0.0    0  9.4 16 340   M    M   0        20 350
16  68  32  50   5  15   0 0.00  0.0    0  9.8 22 200   M    M   0        27 200
17  71  39  55  10  10   0 0.00  0.0    0 10.8 18 150   M    M   0        22 130
18  70  47  59  13   6   0 0.00  0.0    0 10.0 15 110   M    M   3 1      19 110
19  74  50  62  16   3   0 0.46  0.0    0  9.7 28 260   M    M   7 1238   35 270
20  71  51  61  15   4   0 0.02  0.0    0  6.9 22 140   M    M   2 1      26 140
21  76  44  60  14   5   0 0.00  0.0    0  8.3 15 330   M    M   0        18 330
22  83  43  63  16   2   0 0.00  0.0    0  7.4 14 160   M    M   0        16 180
23  90  47  69  22   0   4 0.00  0.0    0 12.4 31 350   M    M   1        38 240
24  57  36  47   0  18   0 0.00  0.0    M 10.6 31 360   M    M   0        38 360
================================================================================
SM 1601  943       295  13  1.45     0.0 272.6          M       46
================================================================================
AV 66.7 39.3                              11.4 FASTST   M    M   2    MAX(MPH)
                                 MISC ---->  # 33 360               # 40   20
================================================================================
NOTES:
# LAST OF SEVERAL OCCURRENCES

COLUMN 17 PEAK WIND IN M.P.H.

PRELIMINARY LOCAL CLIMATOLOGICAL DATA (WS FORM: F-6) , PAGE 2

                                          STATION:  FREDERICK MUNICIPAL
                                          MONTH:    FEBRUARY
                                          YEAR:     2017
                                          LATITUDE:   34 21 N
                                          LONGITUDE:  98 59 W

[TEMPERATURE DATA]      [PRECIPITATION DATA]       SYMBOLS USED IN COLUMN 16

AVERAGE MONTHLY: 53.0   TOTAL FOR MONTH:   1.45    1 = FOG OR MIST
DPTR FM NORMAL:   8.5   DPTR FM NORMAL:    0.09    2 = FOG REDUCING VISIBILITY
HIGHEST:    96 ON 11    GRTST 24HR  0.91 ON 13-14      TO 1/4 MILE OR LESS
LOWEST:     25 ON  3                               3 = THUNDER
                        SNOW, ICE PELLETS, HAIL    4 = ICE PELLETS
                        TOTAL MONTH:   0.0 INCH    5 = HAIL
                        GRTST 24HR     0.0         6 = FREEZING RAIN OR DRIZZLE
                        GRTST DEPTH:   0           7 = DUSTSTORM OR SANDSTORM:
                                                       VSBY 1/2 MILE OR LESS
                                                   8 = SMOKE OR HAZE
[NO. OF DAYS WITH]      [WEATHER - DAYS WITH]      9 = BLOWING SNOW
                                                   X = TORNADO
MAX 32 OR BELOW:   0    0.01 INCH OR MORE:   4
MAX 90 OR ABOVE:   2    0.10 INCH OR MORE:   3
MIN 32 OR BELOW:   5    0.50 INCH OR MORE:   1
MIN  0 OR BELOW:   0    1.00 INCH OR MORE:   0

[HDD (BASE 65) ]
TOTAL THIS MO.   295    CLEAR  (SCALE 0-3)  18
DPTR FM NORMAL  -198    PTCLDY (SCALE 4-7)   4
TOTAL FM JUL 1  1841    CLOUDY (SCALE 8-10)  2
DPTR FM NORMAL  -618

[CDD (BASE 65) ]
TOTAL THIS MO.    13
DPTR FM NORMAL    13    [PRESSURE DATA]
TOTAL FM JAN 1    13    HIGHEST SLP M ON M
DPTR FM NORMAL    13    LOWEST  SLP 29.33 ON 23

[REMARKS]
