000
CXUS53 KLMK 270800
CF6FFT
PRELIMINARY LOCAL CLIMATOLOGICAL DATA (WS FORM: F-6)

                                          STATION:   FRANKFORT KY
                                          MONTH:     MAY
                                          YEAR:      2017
                                          LATITUDE:   38 10 N
                                          LONGITUDE:  84 54 W

  TEMPERATURE IN F:       :PCPN:    SNOW:  WIND      :SUNSHINE: SKY     :PK WND
================================================================================
1   2   3   4   5  6A  6B    7    8   9   10  11  12  13   14  15   16   17  18
                                     12Z  AVG MX 2MIN
DY MAX MIN AVG DEP HDD CDD  WTR  SNW DPTH SPD SPD DIR MIN PSBL S-S WX    SPD DR
================================================================================

 1  71  51  61   1   4   0 0.21    M    M 14.6 29 230   M    M   8 18     41 230
 2  72  49  61   1   4   0 0.01    M    M 12.7 29 220   M    M   3        36 230
 3  66  41  54  -6  11   0 0.00    M    M  6.4 17  70   M    M   1        23  70
 4  64  53  59  -2   6   0 0.39    M    M  6.9 21 170   M    M   8 1      27 200
 5  60  46  53  -8  12   0 0.64    M    M  9.8 20 320   M    M  10 18     27 350
 6  62  43  53  -8  12   0 0.03    M    M  6.7 17 320   M    M   4        24 320
 7  66  41  54  -7  11   0 0.00    M    M  7.2 17 300   M    M   1        26 320
 8  68  34  51 -11  14   0 0.02    M    M  2.0 12 310   M    M   3        16 320
 9  81  54  68   6   0   3 0.04    M    M  5.4 16 240   M    M   6        24 240
10  85  57  71   9   0   6 0.00    M    M  7.1 16 210   M    M   2 1      22 240
11  76  61  69   7   0   4 1.49    M    M  6.2 24 300   M    M   9 138    35 310
12  61  54  58  -5   7   0 0.27    M    M  4.8 12 360   M    M   9 18     15  10
13  75  48  62  -1   3   0 0.00    M    M  3.3 12  50   M    M   1 1      16  30
14  83  54  69   6   0   4 0.00    M    M  6.3 16 250   M    M   0        24 250
15  83  56  70   6   0   5 0.00    M    M  1.8 10 240   M    M   1        13 230
16  86  58  72   8   0   7 0.00    M    M  6.3 17 190   M    M   0        23 210
17  85  65  75  11   0  10 0.00    M    M 10.1 22 200   M    M   1        30 200
18  86  68  77  13   0  12 0.00    M    M 10.4 25 230   M    M   2        30 230
19  85  65  75  10   0  10 0.02    M    M  7.7 20 210   M    M   2 3      27 210
20  87  64  76  11   0  11 0.96    M    M  6.7 29 230   M    M   4 13     39 220
21  79  59  69   4   0   4 0.78    M    M  6.5 22 190   M    M   8 13     30 270
22  71  50  61  -5   4   0 0.00    M    M  3.9 13 320   M    M   0        17 310
23  76  53  65  -1   0   0 0.00    M    M  3.9 12 130   M    M   4 3      14 140
24  72  58  65  -1   0   0 0.13    M    M  6.1 15 230   M    M   8 1      21 230
25  66  55  61  -5   4   0 0.42    M    M  9.6 18 290   M    M   8 1      27 300
26  80  53  67   0   0   2 0.00    M    M  7.3 16 230   M    M   3 1      20 240
================================================================================
SM 1946 1390        92  78  5.41    M    179.7          M      106
================================================================================
AV 74.9 53.5                               6.9 FASTST   M    M   4    MAX(MPH)
                                 MISC ---->  # 29 230               # 41  230
================================================================================
NOTES:
# LAST OF SEVERAL OCCURRENCES

COLUMN 17 PEAK WIND IN M.P.H.

PRELIMINARY LOCAL CLIMATOLOGICAL DATA (WS FORM: F-6) , PAGE 2

                                          STATION:  FRANKFORT KY
                                          MONTH:    MAY
                                          YEAR:     2017
                                          LATITUDE:   38 10 N
                                          LONGITUDE:  84 54 W

[TEMPERATURE DATA]      [PRECIPITATION DATA]       SYMBOLS USED IN COLUMN 16

AVERAGE MONTHLY: 64.2   TOTAL FOR MONTH:   5.41    1 = FOG OR MIST
DPTR FM NORMAL:   1.0   DPTR FM NORMAL:    1.29    2 = FOG REDUCING VISIBILITY
HIGHEST:    87 ON 20    GRTST 24HR  1.49 ON 11-11      TO 1/4 MILE OR LESS
LOWEST:     34 ON  8                               3 = THUNDER
                        SNOW, ICE PELLETS, HAIL    4 = ICE PELLETS
                        TOTAL MONTH:    M          5 = HAIL
                        GRTST 24HR    M  ON   M    6 = FREEZING RAIN OR DRIZZLE
                        GRTST DEPTH:  M  ON   M    7 = DUSTSTORM OR SANDSTORM:
                                                       VSBY 1/2 MILE OR LESS
                                                   8 = SMOKE OR HAZE
[NO. OF DAYS WITH]      [WEATHER - DAYS WITH]      9 = BLOWING SNOW
                                                   X = TORNADO
MAX 32 OR BELOW:   0    0.01 INCH OR MORE:  14
MAX 90 OR ABOVE:   0    0.10 INCH OR MORE:   9
MIN 32 OR BELOW:   0    0.50 INCH OR MORE:   4
MIN  0 OR BELOW:   0    1.00 INCH OR MORE:   1

[HDD (BASE 65) ]
TOTAL THIS MO.    92    CLEAR  (SCALE 0-3)  14
DPTR FM NORMAL   -12    PTCLDY (SCALE 4-7)   9
TOTAL FM JUL 1  3531    CLOUDY (SCALE 8-10)  3
DPTR FM NORMAL -1151

[CDD (BASE 65) ]
TOTAL THIS MO.    78
DPTR FM NORMAL    20    [PRESSURE DATA]
TOTAL FM JAN 1   154    HIGHEST SLP M ON M
DPTR FM NORMAL    76    LOWEST  SLP 29.33 ON 24

[REMARKS]
