000
CXUS53 KFGF 010731
CF6FGF
PRELIMINARY LOCAL CLIMATOLOGICAL DATA (WS FORM: F-6)

                                          STATION:   GRAND FORKS UNIV. (NWS) ND
                                          MONTH:     AUGUST
                                          YEAR:      2014
                                          LATITUDE:   47 55 N
                                          LONGITUDE:  97  6 W

  TEMPERATURE IN F:       :PCPN:    SNOW:  WIND      :SUNSHINE: SKY     :PK WND
================================================================================
1   2   3   4   5  6A  6B    7    8   9   10  11  12  13   14  15   16   17  18
                                     12Z  AVG MX 2MIN
DY MAX MIN AVG DEP HDD CDD  WTR  SNW DPTH SPD SPD DIR MIN PSBL S-S WX    SPD DR
================================================================================

 1  81  61  71   1   0   6 0.00  0.0    0   M   M   M   M    M   M         M  M
 2  84  59  72   2   0   7 0.06  0.0    0   M   M   M   M    M   M 3       M  M
 3  77  59  68  -2   0   3 0.00  0.0    0   M   M   M   M    M   M         M  M
 4  78  53  66  -4   0   1 0.00  0.0    0   M   M   M   M    M   M         M  M
 5  80  55  68  -2   0   3 0.00  0.0    0   M   M   M   M    M   M         M  M
 6  81  59  70   0   0   5 0.00  0.0    0   M   M   M   M    M   M         M  M
 7  81  62  72   2   0   7 0.00  0.0    0   M   M   M   M    M   M         M  M
 8  82  62  72   2   0   7 0.00  0.0    0   M   M   M   M    M   M         M  M
 9  80  63  72   2   0   7    T  0.0    0   M   M   M   M    M   M         M  M
10  76  62  69  -1   0   4 0.00  0.0    0   M   M   M   M    M   M         M  M
11  75  55  65  -5   0   0 0.00  0.0    0   M   M   M   M    M   M         M  M
12  81  51  66  -3   0   1 0.00  0.0    0   M   M   M   M    M   M         M  M
13  80  56  68  -1   0   3 0.00  0.0    0   M   M   M   M    M   M         M  M
14  81  62  72   3   0   7 0.00  0.0    0   M   M   M   M    M   M         M  M
15  86  66  76   7   0  11 0.00  0.0    0   M   M   M   M    M   M         M  M
16  76  66  71   2   0   6 0.00  0.0    0   M   M   M   M    M   M         M  M
17  77  63  70   1   0   5 0.32  0.0    0   M   M   M   M    M   M         M  M
18  75  63  69   1   0   4 0.49  0.0    0   M   M   M   M    M   M         M  M
19  80  60  70   2   0   5 0.00  0.0    0   M   M   M   M    M   M         M  M
20  83  64  74   6   0   9 0.00  0.0    0   M   M   M   M    M   M         M  M
21  78  68  73   5   0   8 0.01  0.0    0   M   M   M   M    M   M         M  M
22  72  62  67  -1   0   2 0.01  0.0    0   M   M   M   M    M   M         M  M
23  75  59  67   0   0   2 0.39  0.0    0   M   M   M   M    M   M 1       M  M
24  80  60  70   3   0   5 1.83  0.0    0   M   M   M   M    M   M 1       M  M
25  62  49  56 -11   9   0    T  0.0    0   M   M   M   M    M   M         M  M
26  69  46  58  -8   7   0 0.00  0.0    0   M   M   M   M    M   M         M  M
27  73  49  61  -5   4   0 0.00  0.0    0   M   M   M   M    M   M         M  M
28  75  60  68   2   0   3 0.00  0.0    0   M   M   M   M    M   M         M  M
29  75  56  66   1   0   1    T  0.0    0   M   M   M   M    M   M         M  M
30  73  48  61  -4   4   0 0.00  0.0    0   M   M   M   M    M   M         M  M
31  74  56  65   0   0   0 0.13  0.0    0   M   M   M   M    M   M         M  M
================================================================================
SM 2400 1814        24 122  3.24     0.0     M          M        M
================================================================================
AV 77.4 58.5                                 M FASTST   M    M   4    MAX(MPH)
                                 MISC ---->     M   M                  M    M
================================================================================
NOTES:
# LAST OF SEVERAL OCCURRENCES

COLUMN 17 PEAK WIND IN M.P.H.

PRELIMINARY LOCAL CLIMATOLOGICAL DATA (WS FORM: F-6) , PAGE 2

                                          STATION:  GRAND FORKS UNIV. (NWS) ND
                                          MONTH:    AUGUST
                                          YEAR:     2014
                                          LATITUDE:   47 55 N
                                          LONGITUDE:  97  6 W

[TEMPERATURE DATA]      [PRECIPITATION DATA]       SYMBOLS USED IN COLUMN 16

AVERAGE MONTHLY: 68.0   TOTAL FOR MONTH:   3.24    1 = FOG OR MIST
DPTR FM NORMAL:  -0.3   DPTR FM NORMAL:    0.10    2 = FOG REDUCING VISIBILITY
HIGHEST:    86 ON 15    GRTST 24HR  1.83 ON 24-24      TO 1/4 MILE OR LESS
LOWEST:     46 ON 26                               3 = THUNDER
                        SNOW, ICE PELLETS, HAIL    4 = ICE PELLETS
                        TOTAL MONTH:   0.0 INCH    5 = HAIL
                        GRTST 24HR     0.0         6 = FREEZING RAIN OR DRIZZLE
                        GRTST DEPTH:   0           7 = DUSTSTORM OR SANDSTORM:
                                                       VSBY 1/2 MILE OR LESS
                                                   8 = SMOKE OR HAZE
[NO. OF DAYS WITH]      [WEATHER - DAYS WITH]      9 = BLOWING SNOW
                                                   X = TORNADO
MAX 32 OR BELOW:   0    0.01 INCH OR MORE:   8
MAX 90 OR ABOVE:   0    0.10 INCH OR MORE:   5
MIN 32 OR BELOW:   0    0.50 INCH OR MORE:   1
MIN  0 OR BELOW:   0    1.00 INCH OR MORE:   1

[HDD (BASE 65) ]
TOTAL THIS MO.    24    CLEAR  (SCALE 0-3)   0
DPTR FM NORMAL   -17    PTCLDY (SCALE 4-7)   0
TOTAL FM JUL 1    56    CLOUDY (SCALE 8-10)  0
DPTR FM NORMAL    -8

[CDD (BASE 65) ]
TOTAL THIS MO.   122
DPTR FM NORMAL   -22    [PRESSURE DATA]
TOTAL FM JAN 1   364    HIGHEST SLP M ON M
DPTR FM NORMAL   -68    LOWEST  SLP M ON M

[REMARKS]
PRELIMINARY*
#FINAL-08-14#
