000
CXUS53 KFGF 260915
CF6FGF
PRELIMINARY LOCAL CLIMATOLOGICAL DATA (WS FORM: F-6)

                                          STATION:   GRAND FORKS UNIV. (NWS) ND
                                          MONTH:     MARCH
                                          YEAR:      2017
                                          LATITUDE:   47 55 N
                                          LONGITUDE:  97  6 W

  TEMPERATURE IN F:       :PCPN:    SNOW:  WIND      :SUNSHINE: SKY     :PK WND
================================================================================
1   2   3   4   5  6A  6B    7    8   9   10  11  12  13   14  15   16   17  18
                                     12Z  AVG MX 2MIN
DY MAX MIN AVG DEP HDD CDD  WTR  SNW DPTH SPD SPD DIR MIN PSBL S-S WX    SPD DR
================================================================================

 1  23   7  15  -4  50   0    T  0.1    T   M   M   M   M    M   M         M  M
 2  12   2   7 -12  58   0 0.00  0.0    T   M   M   M   M    M   M         M  M
 3  33   4  19  -1  46   0    T    T    T   M   M   M   M    M   M         M  M
 4  43  23  33  13  32   0 0.00  0.0    T   M   M   M   M    M   M         M  M
 5  48  29  39  19  26   0 0.00  0.0    T   M   M   M   M    M   M         M  M
 6  55  17  36  15  29   0    T    T    0   M   M   M   M    M   M 1       M  M
 7  23  13  18  -3  47   0    T    T    0   M   M   M   M    M   M         M  M
 8  24  10  17  -5  48   0    T    T    0   M   M   M   M    M   M         M  M
 9  12  -4   4 -18  61   0 0.00  0.0    0   M   M   M   M    M   M         M  M
10   8  -6   1 -22  64   0 0.00  0.0    0   M   M   M   M    M   M         M  M
11  14  -1   7 -16  58   0 0.00  0.0    0   M   M   M   M    M   M         M  M
12  19   5  12 -12  53   0    T    T    0   M   M   M   M    M   M         M  M
13  22   0  11 -13  54   0 0.00  0.0    0   M   M   M   M    M   M         M  M
14  29   9  19  -6  46   0 0.00  0.0    0   M   M   M   M    M   M         M  M
15  37  13  25   0  40   0 0.00  0.0    0   M   M   M   M    M   M         M  M
16  40  26  33   7  32   0 0.24  0.0    0   M   M   M   M    M   M         M  M
17  37  24  31   5  34   0 0.01    T    0   M   M   M   M    M   M         M  M
18  34  16  25  -2  40   0 0.00  0.0    0   M   M   M   M    M   M         M  M
19  53  34  44  17  21   0 0.00  0.0    0   M   M   M   M    M   M         M  M
20  51  21  36   8  29   0 0.00  0.0    0   M   M   M   M    M   M         M  M
21  23  14  19  -9  46   0 0.00  0.0    0   M   M   M   M    M   M         M  M
22  34  13  24  -5  41   0    T    T    0   M   M   M   M    M   M         M  M
23  38  32  35   5  30   0 0.51  0.0    0   M   M   M   M    M   M 1       M  M
24  37  26  32   2  33   0 0.00  0.0    0   M   M   M   M    M   M         M  M
25  39  24  32   1  33   0 0.00  0.0    0   M   M   M   M    M   M 1       M  M
================================================================================
SM  788  351      1051   0  0.76     0.1     M          M        M
================================================================================
AV 31.5 14.0                                 M FASTST   M    M   4    MAX(MPH)
                                 MISC ---->     M   M                  M    M
================================================================================
NOTES:
# LAST OF SEVERAL OCCURRENCES

COLUMN 17 PEAK WIND IN M.P.H.

PRELIMINARY LOCAL CLIMATOLOGICAL DATA (WS FORM: F-6) , PAGE 2

                                          STATION:  GRAND FORKS UNIV. (NWS) ND
                                          MONTH:    MARCH
                                          YEAR:     2017
                                          LATITUDE:   47 55 N
                                          LONGITUDE:  97  6 W

[TEMPERATURE DATA]      [PRECIPITATION DATA]       SYMBOLS USED IN COLUMN 16

AVERAGE MONTHLY: 22.8   TOTAL FOR MONTH:   0.76    1 = FOG OR MIST
DPTR FM NORMAL:  -1.6   DPTR FM NORMAL:   -0.06    2 = FOG REDUCING VISIBILITY
HIGHEST:    55 ON  6    GRTST 24HR  0.51 ON 23-23      TO 1/4 MILE OR LESS
LOWEST:     -6 ON 10                               3 = THUNDER
                        SNOW, ICE PELLETS, HAIL    4 = ICE PELLETS
                        TOTAL MONTH:   0.1 INCH    5 = HAIL
                        GRTST 24HR   0.1 ON   M    6 = FREEZING RAIN OR DRIZZLE
                        GRTST DEPTH:   0           7 = DUSTSTORM OR SANDSTORM:
                                                       VSBY 1/2 MILE OR LESS
                                                   8 = SMOKE OR HAZE
[NO. OF DAYS WITH]      [WEATHER - DAYS WITH]      9 = BLOWING SNOW
                                                   X = TORNADO
MAX 32 OR BELOW:  11    0.01 INCH OR MORE:   3
MAX 90 OR ABOVE:   0    0.10 INCH OR MORE:   2
MIN 32 OR BELOW:  24    0.50 INCH OR MORE:   1
MIN  0 OR BELOW:   4    1.00 INCH OR MORE:   0

[HDD (BASE 65) ]
TOTAL THIS MO.  1051    CLEAR  (SCALE 0-3)   0
DPTR FM NORMAL    38    PTCLDY (SCALE 4-7)   0
TOTAL FM JUL 1  6999    CLOUDY (SCALE 8-10)  0
DPTR FM NORMAL  -974

[CDD (BASE 65) ]
TOTAL THIS MO.     0
DPTR FM NORMAL     0    [PRESSURE DATA]
TOTAL FM JAN 1     0    HIGHEST SLP M ON M
DPTR FM NORMAL     0    LOWEST  SLP M ON M

[REMARKS]
