000
CXUS53 KARX 250930
CF6FKA
PRELIMINARY LOCAL CLIMATOLOGICAL DATA (WS FORM: F-6)

                                          STATION:   PRESTON MN
                                          MONTH:     APRIL
                                          YEAR:      2017
                                          LATITUDE:   43 40 N
                                          LONGITUDE:  92 11 W

  TEMPERATURE IN F:       :PCPN:    SNOW:  WIND      :SUNSHINE: SKY     :PK WND
================================================================================
1   2   3   4   5  6A  6B    7    8   9   10  11  12  13   14  15   16   17  18
                                     12Z  AVG MX 2MIN
DY MAX MIN AVG DEP HDD CDD  WTR  SNW DPTH SPD SPD DIR MIN PSBL S-S WX    SPD DR
================================================================================

 1  61  36  49   M  16   0 0.00  0.0    0  3.5  9 220   M    M   0         M  M
 2  51  39  45   M  20   0 0.01  0.0    0  8.5 17 170   M    M   9 1      27 170
 3  46  43  45   M  20   0    M  0.0    0  6.6 12  30   M    M  10 12      M  M
 4  56  42  49   M  16   0    M  0.0    0  9.0 15  20   M    M   7 1      22  20
 5  49  40  45   M  20   0 0.00  0.0    0  7.7 12 340   M    M   4        16  10
 6  49  33  41   M  24   0 0.00  0.0    0 13.4 23 360   M    M   0        30 360
 7  55  30  43   M  22   0 0.00  0.0    0  6.1 12 190   M    M   0         M  M
 8  70  40  55   M  10   0 0.00  0.0    0 13.8 24 170   M    M   0        31 180
 9  71  52  62   M   3   0 0.26  0.0    0  8.6 15 170   M    M   5 3      22 260
10  60  33  47   M  18   0 0.14  0.0    0 10.7 15  30   M    M  10 1      23  30
11  46  32  39   M  26   0 0.00  0.0    0  6.6 10 290   M    M   7 1       M  M
12  58  33  46   M  19   0 0.15  0.0    0  7.1 14 150   M    M   7        18 190
13  56  42  49   M  16   0 0.02  0.0    0  9.2 15 140   M    M   9 1      21 140
14  62  45  54   M  11   0 0.35  0.0    0 10.8 16 160   M    M   8 138    22 160
15  67  56  62   M   3   0 0.11  0.0    0  9.9 16 240   M    M   6 3      28 240
16  62  47  55   M  10   0 0.00  0.0    0 14.6 24 290   M    M   1        31 290
17  61  48  55   M  10   0 0.00  0.0    0  6.2 12 330   M    M   3        20 340
18  64  44  54   M  11   0 0.02  0.0    0 13.6 24 200   M    M   4 1      32 190
19  52  43  48   M  17   0 0.63  0.0    0  9.9 23 110   M    M   9 3      29 110
20  49  39  44   M  21   0 0.01  0.0    0 13.1 21 300   M    M   9 13     30 310
21  56  34  45   M  20   0 0.00  0.0    0  7.6 13  40   M    M   0        20  40
22  63  41  52   M  13   0 0.00  0.0    0  4.8 10 330   M    M   0         M  M
23  69  45  57   M   8   0 0.00  0.0    0  9.0 14 280   M    M   0        21 280
24  69  46  58   M   7   0 0.00  0.0    0 13.7 27 160   M    M   2        37 160
================================================================================
SM 1402  983       361   0  1.70     0.0 224.0          M      110
================================================================================
AV 58.4 41.0                               9.3 FASTST   M    M   5    MAX(MPH)
                                 MISC ---->  # 27 160               # 37  160
================================================================================
NOTES:
# LAST OF SEVERAL OCCURRENCES

COLUMN 17 PEAK WIND IN M.P.H.

PRELIMINARY LOCAL CLIMATOLOGICAL DATA (WS FORM: F-6) , PAGE 2

                                          STATION:  PRESTON MN
                                          MONTH:    APRIL
                                          YEAR:     2017
                                          LATITUDE:   43 40 N
                                          LONGITUDE:  92 11 W

[TEMPERATURE DATA]      [PRECIPITATION DATA]       SYMBOLS USED IN COLUMN 16

AVERAGE MONTHLY: 49.7   TOTAL FOR MONTH:   1.70    1 = FOG OR MIST
DPTR FM NORMAL:     M   DPTR FM NORMAL:       M    2 = FOG REDUCING VISIBILITY
HIGHEST:    71 ON  9    GRTST 24HR  0.63 ON 19-19      TO 1/4 MILE OR LESS
LOWEST:     30 ON  7                               3 = THUNDER
                        SNOW, ICE PELLETS, HAIL    4 = ICE PELLETS
                        TOTAL MONTH:   0.0 INCH    5 = HAIL
                        GRTST 24HR     0.0         6 = FREEZING RAIN OR DRIZZLE
                        GRTST DEPTH:   0           7 = DUSTSTORM OR SANDSTORM:
                                                       VSBY 1/2 MILE OR LESS
                                                   8 = SMOKE OR HAZE
[NO. OF DAYS WITH]      [WEATHER - DAYS WITH]      9 = BLOWING SNOW
                                                   X = TORNADO
MAX 32 OR BELOW:   0    0.01 INCH OR MORE:  10
MAX 90 OR ABOVE:   0    0.10 INCH OR MORE:   6
MIN 32 OR BELOW:   2    0.50 INCH OR MORE:   1
MIN  0 OR BELOW:   0    1.00 INCH OR MORE:   0

[HDD (BASE 65) ]
TOTAL THIS MO.   361    CLEAR  (SCALE 0-3)   9
DPTR FM NORMAL     M    PTCLDY (SCALE 4-7)   9
TOTAL FM JUL 1  6320    CLOUDY (SCALE 8-10)  6
DPTR FM NORMAL     M

[CDD (BASE 65) ]
TOTAL THIS MO.     0
DPTR FM NORMAL     M    [PRESSURE DATA]
TOTAL FM JAN 1     0    HIGHEST SLP M ON M
DPTR FM NORMAL     M    LOWEST  SLP M ON M

[REMARKS]
