000
CXUS53 KARX 310930
CF6FKA
PRELIMINARY LOCAL CLIMATOLOGICAL DATA (WS FORM: F-6)

                                          STATION:   PRESTON MN
                                          MONTH:     JANUARY
                                          YEAR:      2015
                                          LATITUDE:   43 40 N
                                          LONGITUDE:  92 11 W

  TEMPERATURE IN F:       :PCPN:    SNOW:  WIND      :SUNSHINE: SKY     :PK WND
================================================================================
1   2   3   4   5  6A  6B    7    8   9   10  11  12  13   14  15   16   17  18
                                     12Z  AVG MX 2MIN
DY MAX MIN AVG DEP HDD CDD  WTR  SNW DPTH SPD SPD DIR MIN PSBL S-S WX    SPD DR
================================================================================

 1  27   7  17   M  48   0 0.00  0.0    1 12.2 20 270   M    M   7        24 270
 2  24   7  16   M  49   0 0.00  0.0    2  5.3 10 210   M    M   5         M  M
 3  29  17  23   M  42   0    M    M    2  6.0 15 350   M    M  10 1      25 350
 4  17  -8   5   M  60   0    M    M    3 17.5 23 350   M    M   5 8      32 350
 5   0 -14  -7   M  72   0    M    M    3  8.2 13 280   M    M   4         M  M
 6   4  -9  -2   M  67   0 0.00  0.0    5 12.2 22 320   M    M   2 9      29 320
 7  -1 -10  -5   M  70   0 0.00  0.0    5 14.2 20 320   M    M   1 8      25 320
 8  15 -10   3   M  62   0    M    M    5 19.2 31 310   M    M   7 18     41 310
 9   1  -5  -2   M  67   0 0.00  0.0    5 17.2 24 320   M    M   3 8      30 320
10  20  -9   6   M  59   0 0.00  0.0    5 10.5 20 190   M    M   4        28 190
11  19   3  11   M  54   0 0.00  0.0    4  6.1 12 350   M    M   3 1       M  M
12  11  -7   2   M  63   0 0.00  0.0    4  9.1 15 360   M    M   0        20 360
13  14 -13   1   M  64   0 0.00  0.0    4  5.9 15 190   M    M   1         M  M
14  22  12  17   M  48   0 0.00  0.0    4  8.3 17 210   M    M  10        21 200
15  31  19  25   M  40   0 0.00  0.0    4 10.5 15 300   M    M   4        21 300
16  34  14  24   M  41   0 0.00  0.0    4  7.0 13 140   M    M   5 12     16 140
17  37  27  32   M  33   0 0.00  0.0    3 14.5 23  30   M    M   5        36 300
18  34  25  30   M  35   0 0.00  0.0    3   M   M   M   M    M   0         M  M
19  33  18  26   M  39   0    M    M    3   M   M   M   M    M   5 1       M  M
20  31  28  30   M  35   0    M    M    1   M   M   M   M    M  10 12      M  M
21  30  23  27   M  38   0    M    M    2  7.1  9 340   M    M  10 1       M  M
22  26  22  24   M  41   0 0.00  0.0    2  7.9 14 210   M    M  10        23 210
23  32  21  27   M  38   0 0.00  0.0    2 13.8 20 210   M    M   4        27 210
24  36  26  31   M  34   0 0.00  0.0    2  6.9 13 290   M    M   5 1       M  M
25  33  23  28   M  37   0    M    M    1  7.2 15  50   M    M  10        21  40
26  38  23  31   M  34   0    M    M    1 10.4 14 190   M    M  10 1      18 310
27  35  26  31   M  34   0 0.00  0.0    M  6.1 12 160   M    M  10 1       M  M
28  33  23  28   M  37   0 0.00  0.0    M 11.9 18 160   M    M  10 1      24 160
29  32  14  23   M  42   0 0.00  0.0    0 16.4 23 330   M    M   9 1      31 330
30  24   7  16   M  49   0 0.00  0.0    0  7.0 15 200   M    M   0        17 190
================================================================================
SM  721  300      1432   0  0.00     0.0 278.6          M      169
================================================================================
AV 24.0 10.0                              10.3 FASTST   M    M   6    MAX(MPH)
                                 MISC ---->    31   M                 41    M
================================================================================
NOTES:
# LAST OF SEVERAL OCCURRENCES

COLUMN 17 PEAK WIND IN M.P.H.

PRELIMINARY LOCAL CLIMATOLOGICAL DATA (WS FORM: F-6) , PAGE 2

                                          STATION:  PRESTON MN
                                          MONTH:    JANUARY
                                          YEAR:     2015
                                          LATITUDE:   43 40 N
                                          LONGITUDE:  92 11 W

[TEMPERATURE DATA]      [PRECIPITATION DATA]       SYMBOLS USED IN COLUMN 16

AVERAGE MONTHLY: 17.0   TOTAL FOR MONTH:   0.00    1 = FOG OR MIST
DPTR FM NORMAL:     M   DPTR FM NORMAL:       M    2 = FOG REDUCING VISIBILITY
HIGHEST:    38 ON 26    GRTST 24HR  0.00 ON 30-30      TO 1/4 MILE OR LESS
LOWEST:    -14 ON  5                               3 = THUNDER
                        SNOW, ICE PELLETS, HAIL    4 = ICE PELLETS
                        TOTAL MONTH:   0.0 INCH    5 = HAIL
                        GRTST 24HR     0.0         6 = FREEZING RAIN OR DRIZZLE
                        GRTST DEPTH:   5 ON 10, 9  7 = DUSTSTORM OR SANDSTORM:
                                                       VSBY 1/2 MILE OR LESS
                                                   8 = SMOKE OR HAZE
[NO. OF DAYS WITH]      [WEATHER - DAYS WITH]      9 = BLOWING SNOW
                                                   X = TORNADO
MAX 32 OR BELOW:  21    0.01 INCH OR MORE:   0
MAX 90 OR ABOVE:   0    0.10 INCH OR MORE:   0
MIN 32 OR BELOW:  30    0.50 INCH OR MORE:   0
MIN  0 OR BELOW:   9    1.00 INCH OR MORE:   0

[HDD (BASE 65) ]
TOTAL THIS MO.  1432    CLEAR  (SCALE 0-3)   8
DPTR FM NORMAL     M    PTCLDY (SCALE 4-7)  12
TOTAL FM JUL 1  4680    CLOUDY (SCALE 8-10) 10
DPTR FM NORMAL     M

[CDD (BASE 65) ]
TOTAL THIS MO.     0
DPTR FM NORMAL     M    [PRESSURE DATA]
TOTAL FM JAN 1     0    HIGHEST SLP M ON M
DPTR FM NORMAL     M    LOWEST  SLP M ON M

[REMARKS]
