000
CXUS53 KARX 200930
CF6FKA
PRELIMINARY LOCAL CLIMATOLOGICAL DATA (WS FORM: F-6)

                                          STATION:   PRESTON MN
                                          MONTH:     AUGUST
                                          YEAR:      2014
                                          LATITUDE:   43 40 N
                                          LONGITUDE:  92 11 W

  TEMPERATURE IN F:       :PCPN:    SNOW:  WIND      :SUNSHINE: SKY     :PK WND
================================================================================
1   2   3   4   5  6A  6B    7    8   9   10  11  12  13   14  15   16   17  18
                                     12Z  AVG MX 2MIN
DY MAX MIN AVG DEP HDD CDD  WTR  SNW DPTH SPD SPD DIR MIN PSBL S-S WX    SPD DR
================================================================================

 1  79  59  69   M   0   4 0.00  0.0    0  3.0  7 280   M    M   1 3       M  M
 2  81  58  70   M   0   5 0.00  0.0    0  4.5  8 230   M    M   0         M  M
 3  82  60  71   M   0   6 0.00  0.0    0  3.6  8 240   M    M   0         M  M
 4  80  62  71   M   0   6 0.23  0.0    0  3.6 12  30   M    M   2 123    16 350
 5  74  61  68   M   0   3 0.00  0.0    0  1.6  6 360   M    M   7 128     M  M
 6  76  59  68   M   0   3 0.00  0.0    0  2.9  7  60   M    M   2 18      M  M
 7  78  57  68   M   0   3 0.00  0.0    0  6.4 12 110   M    M   2 18     18 120
 8  79  63  71   M   0   6 0.00  0.0    0  5.7 12  90   M    M   6         M  M
 9  78  57  68   M   0   3 0.00  0.0    0  4.7  8 130   M    M   1 1       M  M
10  79  57  68   M   0   3 0.00  0.0    0  2.9  6 190   M    M   1         M  M
11  70  57  64   M   1   0 0.04  0.0    0  9.0 20 320   M    M   8 1      27 320
12  73  55  64   M   1   0 0.00  0.0    0  9.9 18 360   M    M   3        24 340
13  79  57  68   M   0   3 0.00  0.0    0  7.4 14 310   M    M   2        20 320
14  75  54  65   M   0   0 0.00  0.0    0  3.3  7  80   M    M   2         M  M
15  77  57  67   M   0   2 0.00  0.0    0  6.9 10 200   M    M   1         M  M
16  78  60  69   M   0   4 0.00  0.0    0  3.3  8 200   M    M   7 12      M  M
17  78  64  71   M   0   6 0.00  0.0    0  5.7 10 150   M    M   7 12      M  M
18  84  64  74   M   0   9 0.11  0.0    0  7.4 12 160   M    M   5 13      M  M
19  77  62  70   M   0   5 0.00  0.0    0  7.1 13 290   M    M   4 1      17 320
================================================================================
SM 1477 1123         2  71  0.38     0.0  98.9          M       61
================================================================================
AV 77.7 59.1                               5.2 FASTST   M    M   3    MAX(MPH)
                                 MISC ---->    20   M               # 27  320
================================================================================
NOTES:
# LAST OF SEVERAL OCCURRENCES

COLUMN 17 PEAK WIND IN M.P.H.

PRELIMINARY LOCAL CLIMATOLOGICAL DATA (WS FORM: F-6) , PAGE 2

                                          STATION:  PRESTON MN
                                          MONTH:    AUGUST
                                          YEAR:     2014
                                          LATITUDE:   43 40 N
                                          LONGITUDE:  92 11 W

[TEMPERATURE DATA]      [PRECIPITATION DATA]       SYMBOLS USED IN COLUMN 16

AVERAGE MONTHLY: 68.4   TOTAL FOR MONTH:   0.38    1 = FOG OR MIST
DPTR FM NORMAL:     M   DPTR FM NORMAL:       M    2 = FOG REDUCING VISIBILITY
HIGHEST:    84 ON 18    GRTST 24HR  0.23 ON  4- 4      TO 1/4 MILE OR LESS
LOWEST:     54 ON 14                               3 = THUNDER
                        SNOW, ICE PELLETS, HAIL    4 = ICE PELLETS
                        TOTAL MONTH:   0.0 INCH    5 = HAIL
                        GRTST 24HR     0.0         6 = FREEZING RAIN OR DRIZZLE
                        GRTST DEPTH:   0           7 = DUSTSTORM OR SANDSTORM:
                                                       VSBY 1/2 MILE OR LESS
                                                   8 = SMOKE OR HAZE
[NO. OF DAYS WITH]      [WEATHER - DAYS WITH]      9 = BLOWING SNOW
                                                   X = TORNADO
MAX 32 OR BELOW:   0    0.01 INCH OR MORE:   3
MAX 90 OR ABOVE:   0    0.10 INCH OR MORE:   2
MIN 32 OR BELOW:   0    0.50 INCH OR MORE:   0
MIN  0 OR BELOW:   0    1.00 INCH OR MORE:   0

[HDD (BASE 65) ]
TOTAL THIS MO.     2    CLEAR  (SCALE 0-3)  12
DPTR FM NORMAL     M    PTCLDY (SCALE 4-7)   7
TOTAL FM JUL 1    28    CLOUDY (SCALE 8-10)  0
DPTR FM NORMAL     M

[CDD (BASE 65) ]
TOTAL THIS MO.    71
DPTR FM NORMAL     M    [PRESSURE DATA]
TOTAL FM JAN 1   322    HIGHEST SLP M ON M
DPTR FM NORMAL     M    LOWEST  SLP M ON M

[REMARKS]
