000
CXUS53 KMKX 300659
CF6FLD
PRELIMINARY LOCAL CLIMATOLOGICAL DATA (WS FORM: F-6)

                                          STATION:   FOND_DU_LAC WI
                                          MONTH:     APRIL
                                          YEAR:      2016
                                          LATITUDE:   43 46 N
                                          LONGITUDE:  88 29 W

  TEMPERATURE IN F:       :PCPN:    SNOW:  WIND      :SUNSHINE: SKY     :PK WND
================================================================================
1   2   3   4   5  6A  6B    7    8   9   10  11  12  13   14  15   16   17  18
                                     12Z  AVG MX 2MIN
DY MAX MIN AVG DEP HDD CDD  WTR  SNW DPTH SPD SPD DIR MIN PSBL S-S WX    SPD DR
================================================================================

 1  49  30  40  -1  25   0 0.01    M    M  8.7 25 310   M    M   4 1      31 310
 2  34  23  29 -12  36   0 0.12    M    M 13.0 32 320   M    M   6 12     40 310
 3  61  25  43   1  22   0    T    M    M 14.5 29  30   M    M   7        36  20
 4  34  26  30 -12  35   0 0.00    M    M 11.3 24  30   M    M   9        30  20
 5  42  24  33 -10  32   0 0.12    M    0 11.4 22 180   M    M   4 6      27 160
 6  46  34  40  -3  25   0 0.31    M    0  7.8 17 180   M    M  10 1      22 190
 7  39  32  36  -8  29   0 0.01    M    0 11.7 22 350   M    M  10 1      28 350
 8  36  23  30 -14  35   0 0.09    M    0 11.9 26  30   M    M   9 12     34  20
 9  34  18  26 -18  39   0    T    M    0 10.0 22 160   M    M   3        27 160
10  49  31  40  -5  25   0    T    M    0 14.2 25 170   M    M   8        32 180
11  45  32  39  -6  26   0 0.00  0.0    0 14.2 31 300   M    M   4        38 290
12  48  27  38  -8  27   0 0.00    M    M  6.7 18 150   M    M   2        23 160
13  43  33  38  -8  27   0 0.02    M    M 11.0 18 130   M    M  10 1      23 140
14  62  36  49   3  16   0 0.00    M    M  9.5 18 130   M    M   0        24 120
15  67  40  54   7  11   0 0.00  0.0    0 10.3 17 170   M    M   0        23 120
16  76  40  58  11   7   0 0.00  0.0    0  7.7 16 150   M    M   0        21 130
17  81  42  62  14   3   0 0.00  0.0    0  5.5 17 160   M    M   0        21 160
18  81  46  64  16   1   0 0.00  0.0    0  7.4 24  90   M    M   0        30 100
19  54  43  49   1  16   0    T    M    0  9.3 18  50   M    M   6        22  50
20  67  49  58   9   7   0 0.02    M    0 12.4 23 140   M    M   7        29 140
21  69  52  61  12   4   0 0.01  0.0    0  5.0 14  30   M    M   5 1      17  30
22  55  38  47  -2  18   0 0.00  0.0    0 12.2 20  20   M    M   6 1      25  30
23  62  34  48  -2  17   0 0.00  0.0    0  6.8 17 150   M    M   0        23 120
24  59  38  49  -1  16   0 0.13    M    0  7.8 18 130   M    M   5 1      23 130
25  73  42  58   8   7   0 0.03    M    0  9.6 22  10   M    M   5 13     27  20
26  48  38  43  -8  22   0 0.00  0.0    0 13.7 22  20   M    M   7 1      27  60
27  54  35  45  -6  20   0    T  0.0    0 14.4 31  70   M    M   2        37  50
28  44  39  42  -9  23   0 0.07  0.0    0 11.3 22  90   M    M   9 1      28  80
29  57  38  48  -4  17   0 0.01    M    M  6.9 16  30   M    M   6        20  20
================================================================================
SM 1569 1008       588   0  0.95     0.0 296.2          M      144
================================================================================
AV 54.1 34.8                              10.2 FASTST   M    M   5    MAX(MPH)
                                 MISC ---->  # 32 320               # 40  310
================================================================================
NOTES:
# LAST OF SEVERAL OCCURRENCES

COLUMN 17 PEAK WIND IN M.P.H.

PRELIMINARY LOCAL CLIMATOLOGICAL DATA (WS FORM: F-6) , PAGE 2

                                          STATION:  FOND_DU_LAC WI
                                          MONTH:    APRIL
                                          YEAR:     2016
                                          LATITUDE:   43 46 N
                                          LONGITUDE:  88 29 W

[TEMPERATURE DATA]      [PRECIPITATION DATA]       SYMBOLS USED IN COLUMN 16

AVERAGE MONTHLY: 44.4   TOTAL FOR MONTH:   0.95    1 = FOG OR MIST
DPTR FM NORMAL:  -2.2   DPTR FM NORMAL:   -1.76    2 = FOG REDUCING VISIBILITY
HIGHEST:    81 ON 18,17 GRTST 24HR  0.52 ON 31- 1      TO 1/4 MILE OR LESS
LOWEST:     18 ON  9                               3 = THUNDER
                        SNOW, ICE PELLETS, HAIL    4 = ICE PELLETS
                        TOTAL MONTH:   0.0 INCH    5 = HAIL
                        GRTST 24HR     0.0         6 = FREEZING RAIN OR DRIZZLE
                        GRTST DEPTH:   0           7 = DUSTSTORM OR SANDSTORM:
                                                       VSBY 1/2 MILE OR LESS
                                                   8 = SMOKE OR HAZE
[NO. OF DAYS WITH]      [WEATHER - DAYS WITH]      9 = BLOWING SNOW
                                                   X = TORNADO
MAX 32 OR BELOW:   0    0.01 INCH OR MORE:  13
MAX 90 OR ABOVE:   0    0.10 INCH OR MORE:   4
MIN 32 OR BELOW:  11    0.50 INCH OR MORE:   0
MIN  0 OR BELOW:   0    1.00 INCH OR MORE:   0

[HDD (BASE 65) ]
TOTAL THIS MO.   588    CLEAR  (SCALE 0-3)   8
DPTR FM NORMAL    54    PTCLDY (SCALE 4-7)  14
TOTAL FM JUL 1  6049    CLOUDY (SCALE 8-10)  7
DPTR FM NORMAL  -861

[CDD (BASE 65) ]
TOTAL THIS MO.     0
DPTR FM NORMAL     0    [PRESSURE DATA]
TOTAL FM JAN 1     0    HIGHEST SLP M ON M
DPTR FM NORMAL     0    LOWEST  SLP 29.45 ON  3

[REMARKS]
