000
CXUS53 KMKX 290650
CF6FLD
PRELIMINARY LOCAL CLIMATOLOGICAL DATA (WS FORM: F-6)

                                          STATION:   FOND_DU_LAC WI
                                          MONTH:     JUNE
                                          YEAR:      2015
                                          LATITUDE:   43 46 N
                                          LONGITUDE:  88 29 W

  TEMPERATURE IN F:       :PCPN:    SNOW:  WIND      :SUNSHINE: SKY     :PK WND
================================================================================
1   2   3   4   5  6A  6B    7    8   9   10  11  12  13   14  15   16   17  18
                                     12Z  AVG MX 2MIN
DY MAX MIN AVG DEP HDD CDD  WTR  SNW DPTH SPD SPD DIR MIN PSBL S-S WX    SPD DR
================================================================================

 1  66  40  53 -10  12   0 0.00  0.0    0  6.3 16  50   M    M   0        21  60
 2  71  39  55  -8  10   0 0.00  0.0    0  6.0 17 150   M    M   0        21 150
 3  77  49  63  -1   2   0 0.00  0.0    0 10.9 18 140   M    M   0        24 130
 4  79  61  70   6   0   5 0.01  0.0    0 10.0 18 290   M    M   6        23 290
 5  71  52  62  -2   3   0 0.00  0.0    0 10.0 21  20   M    M   5 1      25  20
 6  73  47  60  -5   5   0 0.00  0.0    0  8.6 17 150   M    M   1        23 150
 7  82  60  71   6   0   6 0.22  0.0    0 11.4 21 250   M    M   6 1      29 240
 8  80  59  70   5   0   5 0.03  0.0    0  8.1 37 330   M    M   2        47 330
 9  86  55  71   5   0   6 0.00  0.0    0  7.1 15 220   M    M   1 1      20 220
10  82  60  71   5   0   6 0.00  0.0    0 11.0 18 310   M    M   0        23 310
11  68  57  63  -3   2   0 1.62  0.0    0  8.0 17  60   M    M   7 13     23  80
12  71  57  64  -3   1   0 0.65  0.0    0 11.5 20  50   M    M   7 1      25  30
13  68  59  64  -3   1   0 0.04  0.0    0  6.1 15 150   M    M  10 1      18 160
14  82  64  73   6   0   8 0.11  0.0    0  2.5 10 290   M    M   6 1      14 300
15  81  63  72   4   0   7 0.13    M    M  6.9 25 340   M    M   5 1      34 330
16  74  57  66  -2   0   1 0.00    M    M  6.7 12 100   M    M   1 1       M  M
17  79  52  66  -2   0   1 0.00    M    M  4.9 13 130   M    M   0        16  40
18  81  57  69   1   0   4 0.00  0.0    0  9.9 22  30   M    M   5 1      26  20
19  73  51  62  -7   3   0 0.00  0.0    0  7.6 14  80   M    M   1        16  80
20  78  48  63  -6   2   0 0.00  0.0    0  7.3 28 150   M    M   2        38 150
21  84  62  73   4   0   8 0.00  0.0    0  6.2 17 300   M    M   3 18     24 290
22  84  60  72   2   0   7 0.71  0.0    0 10.9 35 190   M    M   1 13     48 190
23  78  57  68  -2   0   3 0.00  0.0    0  7.9 22 320   M    M   0        28 320
24  81  55  68  -2   0   3 0.00  0.0    0  4.4 10 160   M    M   1        16 260
25  80  60  70   0   0   5 0.00  0.0    0  4.5 17  20   M    M   5        21  90
26  75  59  67  -3   0   2 0.00    M    M  7.8 14  80   M    M   3 18     19  30
27  78  52  65  -6   0   0 0.00    M    M  4.7 14  40   M    M   0 1      17  40
28  76  51  64  -7   1   0    T    M    M  4.3 12 190   M    M   3        16 260
================================================================================
SM 2158 1543        42  77  3.52     0.0 211.5          M       81
================================================================================
AV 77.1 55.1                               7.6 FASTST   M    M   3    MAX(MPH)
                                 MISC ---->  # 37 330               # 48  190
================================================================================
NOTES:
# LAST OF SEVERAL OCCURRENCES

COLUMN 17 PEAK WIND IN M.P.H.

PRELIMINARY LOCAL CLIMATOLOGICAL DATA (WS FORM: F-6) , PAGE 2

                                          STATION:  FOND_DU_LAC WI
                                          MONTH:    JUNE
                                          YEAR:     2015
                                          LATITUDE:   43 46 N
                                          LONGITUDE:  88 29 W

[TEMPERATURE DATA]      [PRECIPITATION DATA]       SYMBOLS USED IN COLUMN 16

AVERAGE MONTHLY: 66.1   TOTAL FOR MONTH:   3.52    1 = FOG OR MIST
DPTR FM NORMAL:  -1.2   DPTR FM NORMAL:   -0.28    2 = FOG REDUCING VISIBILITY
HIGHEST:    86 ON  9    GRTST 24HR  2.27 ON 11-12      TO 1/4 MILE OR LESS
LOWEST:     39 ON  2                               3 = THUNDER
                        SNOW, ICE PELLETS, HAIL    4 = ICE PELLETS
                        TOTAL MONTH:   0.0 INCH    5 = HAIL
                        GRTST 24HR     0.0         6 = FREEZING RAIN OR DRIZZLE
                        GRTST DEPTH:   0           7 = DUSTSTORM OR SANDSTORM:
                                                       VSBY 1/2 MILE OR LESS
                                                   8 = SMOKE OR HAZE
[NO. OF DAYS WITH]      [WEATHER - DAYS WITH]      9 = BLOWING SNOW
                                                   X = TORNADO
MAX 32 OR BELOW:   0    0.01 INCH OR MORE:   9
MAX 90 OR ABOVE:   0    0.10 INCH OR MORE:   6
MIN 32 OR BELOW:   0    0.50 INCH OR MORE:   3
MIN  0 OR BELOW:   0    1.00 INCH OR MORE:   1

[HDD (BASE 65) ]
TOTAL THIS MO.    42    CLEAR  (SCALE 0-3)  17
DPTR FM NORMAL   -11    PTCLDY (SCALE 4-7)  10
TOTAL FM JUL 1  7601    CLOUDY (SCALE 8-10)  1
DPTR FM NORMAL   355

[CDD (BASE 65) ]
TOTAL THIS MO.    77
DPTR FM NORMAL   -36    [PRESSURE DATA]
TOTAL FM JAN 1   120    HIGHEST SLP M ON M
DPTR FM NORMAL   -24    LOWEST  SLP 29.59 ON M

[REMARKS]
