000
CXUS53 KMKX 230659
CF6FLD
PRELIMINARY LOCAL CLIMATOLOGICAL DATA (WS FORM: F-6)

                                          STATION:   FOND_DU_LAC WI
                                          MONTH:     AUGUST
                                          YEAR:      2015
                                          LATITUDE:   43 46 N
                                          LONGITUDE:  88 29 W

  TEMPERATURE IN F:       :PCPN:    SNOW:  WIND      :SUNSHINE: SKY     :PK WND
================================================================================
1   2   3   4   5  6A  6B    7    8   9   10  11  12  13   14  15   16   17  18
                                     12Z  AVG MX 2MIN
DY MAX MIN AVG DEP HDD CDD  WTR  SNW DPTH SPD SPD DIR MIN PSBL S-S WX    SPD DR
================================================================================

 1  84  59  72   1   0   7 0.00  0.0    0  8.1 17 270   M    M   1        24 300
 2  90  64  77   6   0  12 0.56  0.0    0 10.0 33 330   M    M   1 13     44 250
 3  80  58  69  -2   0   4 0.00  0.0    0 10.1 22 290   M    M   2        28 300
 4  80  56  68  -3   0   3 0.00  0.0    0  7.8 17 300   M    M   1        23 290
 5  78  54  66  -5   0   1 0.00  0.0    0  6.1 14 120   M    M   3        19 110
 6  81  57  69  -2   0   4 0.00  0.0    0  5.2 12 130   M    M   1        16  40
 7  69  64  67  -4   0   2 0.77  0.0    0  8.5 17 320   M    M   8 1      21 150
 8  76  63  70  -1   0   5 0.00  0.0    0  6.5 15  30   M    M   8        20  40
 9  80  60  70   0   0   5 0.00  0.0    0  2.6 10 150   M    M   8 1      12 150
10  82  64  73   3   0   8 0.14    M    M  6.3 16 350   M    M   5 1      21  10
11  81  59  70   0   0   5 0.00    M    M  5.8 16  30   M    M   2        20  30
12  80  54  67  -3   0   2 0.00  0.0    0  3.2 12 280   M    M   1 1      14 300
13  85  64  75   5   0  10 0.00  0.0    0  9.1 20 220   M    M   2        30 270
14  92  67  80  10   0  15 0.76  0.0    0  7.5 35  30   M    M   1 13     41  10
15  89  64  77   7   0  12 0.00  0.0    0  3.3 13 150   M    M   0 1      16 140
16  87  70  79   9   0  14 0.00  0.0    0  8.5 17 240   M    M   0        23 230
17  85  70  78   8   0  13 0.40  0.0    0  5.2 28 280   M    M   2 13     39 280
18  83  68  76   6   0  11 0.42  0.0    0  6.1 16 140   M    M   7 13     19 150
19  72  60  66  -4   0   1 0.11  0.0    0 11.6 22 240   M    M   9 1      33 230
20  66  54  60 -10   5   0 0.05    M    M  9.3 24 280   M    M   8 1      33 280
21  81  51  66  -3   0   1 0.00    M    M  7.6 16 220   M    M   2        23 190
22  81  60  71   2   0   6 0.00    M    M 11.1 23 180   M    M   0        30 170
================================================================================
SM 1782 1340         5 141  3.21     0.0 159.5          M       72
================================================================================
AV 81.0 60.9                               7.3 FASTST   M    M   3    MAX(MPH)
                                 MISC ---->  # 35  30               # 44  250
================================================================================
NOTES:
# LAST OF SEVERAL OCCURRENCES

COLUMN 17 PEAK WIND IN M.P.H.

PRELIMINARY LOCAL CLIMATOLOGICAL DATA (WS FORM: F-6) , PAGE 2

                                          STATION:  FOND_DU_LAC WI
                                          MONTH:    AUGUST
                                          YEAR:     2015
                                          LATITUDE:   43 46 N
                                          LONGITUDE:  88 29 W

[TEMPERATURE DATA]      [PRECIPITATION DATA]       SYMBOLS USED IN COLUMN 16

AVERAGE MONTHLY: 71.0   TOTAL FOR MONTH:   3.21    1 = FOG OR MIST
DPTR FM NORMAL:   0.7   DPTR FM NORMAL:    0.61    2 = FOG REDUCING VISIBILITY
HIGHEST:    92 ON 14    GRTST 24HR  0.77 ON  7- 7      TO 1/4 MILE OR LESS
LOWEST:     51 ON 21                               3 = THUNDER
                        SNOW, ICE PELLETS, HAIL    4 = ICE PELLETS
                        TOTAL MONTH:   0.0 INCH    5 = HAIL
                        GRTST 24HR     0.0         6 = FREEZING RAIN OR DRIZZLE
                        GRTST DEPTH:   0           7 = DUSTSTORM OR SANDSTORM:
                                                       VSBY 1/2 MILE OR LESS
                                                   8 = SMOKE OR HAZE
[NO. OF DAYS WITH]      [WEATHER - DAYS WITH]      9 = BLOWING SNOW
                                                   X = TORNADO
MAX 32 OR BELOW:   0    0.01 INCH OR MORE:   8
MAX 90 OR ABOVE:   2    0.10 INCH OR MORE:   7
MIN 32 OR BELOW:   0    0.50 INCH OR MORE:   3
MIN  0 OR BELOW:   0    1.00 INCH OR MORE:   0

[HDD (BASE 65) ]
TOTAL THIS MO.     5    CLEAR  (SCALE 0-3)  14
DPTR FM NORMAL    -4    PTCLDY (SCALE 4-7)   7
TOTAL FM JUL 1    29    CLOUDY (SCALE 8-10)  1
DPTR FM NORMAL    12

[CDD (BASE 65) ]
TOTAL THIS MO.   141
DPTR FM NORMAL    15    [PRESSURE DATA]
TOTAL FM JAN 1   443    HIGHEST SLP M ON M
DPTR FM NORMAL   -50    LOWEST  SLP 29.52 ON 19

[REMARKS]
