000
CXUS53 KMKX 190655
CF6FLD
PRELIMINARY LOCAL CLIMATOLOGICAL DATA (WS FORM: F-6)

                                          STATION:   FOND_DU_LAC WI
                                          MONTH:     SEPTEMBER
                                          YEAR:      2017
                                          LATITUDE:   43 46 N
                                          LONGITUDE:  88 29 W

  TEMPERATURE IN F:       :PCPN:    SNOW:  WIND      :SUNSHINE: SKY     :PK WND
================================================================================
1   2   3   4   5  6A  6B    7    8   9   10  11  12  13   14  15   16   17  18
                                     12Z  AVG MX 2MIN
DY MAX MIN AVG DEP HDD CDD  WTR  SNW DPTH SPD SPD DIR MIN PSBL S-S WX    SPD DR
================================================================================

 1  68  46  57 -10   8   0 0.00  0.0    0  5.7 14 100   M    M   1        19 130
 2  68  44  56 -11   9   0 0.30  0.0    0  4.1 14 200   M    M   4 1238   20 190
 3  79  53  66  -1   0   1 0.00  0.0    0  6.6 16 210   M    M   4 12     25 230
 4  74  55  65  -1   0   0 0.02  0.0    0 11.2 22 340   M    M   5 1      30 340
 5  63  48  56 -10   9   0 0.11    M    M 10.8 21 320   M    M   5        29 300
 6  65  44  55 -11  10   0 0.02    M    M  5.8 16  20   M    M   4        19  20
 7  63  49  56  -9   9   0 0.15    M    M  4.1 25 320   M    M   7        32 320
 8  67  47  57  -8   8   0 0.01    M    0  7.2 15  30   M    M   3        18  30
 9  70  43  57  -8   8   0    T    M    0  6.3 15 130   M    M   2        20 100
10  71  42  57  -7   8   0 0.00  0.0    0  5.6 15 140   M    M   0 1      19 140
11  73  44  59  -5   6   0 0.00  0.0    0  4.9 12 220   M    M   0 1      15 220
12  80  53  67   3   0   2 0.00  0.0    0  2.9  8  50   M    M   1 1      11  40
13  81  51  66   3   0   1 0.00  0.0    0  3.3 14 150   M    M   0 18     16 150
14  80  54  67   4   0   2 0.00  0.0    0  6.4 13 190   M    M   2 12     17 180
15  85  61  73  11   0   8 0.00  0.0    0  8.6 16 180   M    M   0        21 170
16  86  63  75  13   0  10 0.00  0.0    0  8.3 18 180   M    M   0        27 180
17  73  52  63   2   2   0    T  0.0    0  7.5 17 300   M    M   2        23 300
18  74  47  61   0   4   0 0.00    M    M  5.6 15  70   M    M   2 1      18  70
================================================================================
SM 1320  896        81  24  0.61     0.0 114.9          M       42
================================================================================
AV 73.3 49.8                               6.4 FASTST   M    M   2    MAX(MPH)
                                 MISC ---->  # 25 320               # 32  320
================================================================================
NOTES:
# LAST OF SEVERAL OCCURRENCES

COLUMN 17 PEAK WIND IN M.P.H.

PRELIMINARY LOCAL CLIMATOLOGICAL DATA (WS FORM: F-6) , PAGE 2

                                          STATION:  FOND_DU_LAC WI
                                          MONTH:    SEPTEMBER
                                          YEAR:     2017
                                          LATITUDE:   43 46 N
                                          LONGITUDE:  88 29 W

[TEMPERATURE DATA]      [PRECIPITATION DATA]       SYMBOLS USED IN COLUMN 16

AVERAGE MONTHLY: 61.6   TOTAL FOR MONTH:   0.61    1 = FOG OR MIST
DPTR FM NORMAL:  -2.8   DPTR FM NORMAL:   -1.47    2 = FOG REDUCING VISIBILITY
HIGHEST:    86 ON 16    GRTST 24HR  0.30 ON  2- 2      TO 1/4 MILE OR LESS
LOWEST:     42 ON 10                               3 = THUNDER
                        SNOW, ICE PELLETS, HAIL    4 = ICE PELLETS
                        TOTAL MONTH:   0.0 INCH    5 = HAIL
                        GRTST 24HR     0.0         6 = FREEZING RAIN OR DRIZZLE
                        GRTST DEPTH:   0           7 = DUSTSTORM OR SANDSTORM:
                                                       VSBY 1/2 MILE OR LESS
                                                   8 = SMOKE OR HAZE
[NO. OF DAYS WITH]      [WEATHER - DAYS WITH]      9 = BLOWING SNOW
                                                   X = TORNADO
MAX 32 OR BELOW:   0    0.01 INCH OR MORE:   6
MAX 90 OR ABOVE:   0    0.10 INCH OR MORE:   3
MIN 32 OR BELOW:   0    0.50 INCH OR MORE:   0
MIN  0 OR BELOW:   0    1.00 INCH OR MORE:   0

[HDD (BASE 65) ]
TOTAL THIS MO.    81    CLEAR  (SCALE 0-3)  12
DPTR FM NORMAL    24    PTCLDY (SCALE 4-7)   6
TOTAL FM JUL 1   118    CLOUDY (SCALE 8-10)  0
DPTR FM NORMAL    35

[CDD (BASE 65) ]
TOTAL THIS MO.    24
DPTR FM NORMAL   -21    [PRESSURE DATA]
TOTAL FM JAN 1   466    HIGHEST SLP M ON M
DPTR FM NORMAL  -110    LOWEST  SLP 29.65 ON  4

[REMARKS]
