000
CXUS53 KMKX 290648
CF6FLD
PRELIMINARY LOCAL CLIMATOLOGICAL DATA (WS FORM: F-6)

                                          STATION:   FOND_DU_LAC WI
                                          MONTH:     JANUARY
                                          YEAR:      2016
                                          LATITUDE:   43 46 N
                                          LONGITUDE:  88 29 W

  TEMPERATURE IN F:       :PCPN:    SNOW:  WIND      :SUNSHINE: SKY     :PK WND
================================================================================
1   2   3   4   5  6A  6B    7    8   9   10  11  12  13   14  15   16   17  18
                                     12Z  AVG MX 2MIN
DY MAX MIN AVG DEP HDD CDD  WTR  SNW DPTH SPD SPD DIR MIN PSBL S-S WX    SPD DR
================================================================================

 1  26  17  22   3  43   0    T    M    M 10.2 21 290   M    M   7        26 290
 2  31  16  24   5  41   0 0.00  0.0    0  9.2 18 220   M    M   1        29 220
 3  28  22  25   6  40   0    T    M    M  9.3 17 310   M    M  10        21 290
 4  26   4  15  -4  50   0 0.00  0.0    0  7.1 18  20   M    M   3        23  20
 5  30   8  19   0  46   0 0.00  0.0    0 12.4 22 210   M    M   0        29 210
 6  33  25  29  10  36   0 0.00  0.0    0 10.6 18 200   M    M   3        25 200
 7  37  32  35  16  30   0 0.13    M    0  6.9 12 200   M    M  10 1      15 190
 8  38  35  37  18  28   0 0.23    M    M  5.2 13 160   M    M   8 12     17 150
 9  36  20  28   9  37   0 0.02    M    M 11.6 23 330   M    M  10 1      30 330
10  20  -3   9  -9  56   0    T    M    M 16.5 25 340   M    M   5        32 340
11   9  -6   2 -16  63   0    T    M    0  6.0 16 270   M    M   4 1      22 280
12   9  -2   4 -14  61   0    T    M    0 14.6 25 290   M    M   3 189    33 300
13  19  -3   8 -10  57   0    T    M    0  6.9 15 220   M    M   6        20 230
14  33  17  25   7  40   0 0.00  0.0    0  5.1 13 120   M    M   6 18     16 130
15  33  24  29  11  36   0    T    M    0  9.6 20 330   M    M   8 126    24 340
16  24  -2  11  -7  54   0    T    M    0 12.4 22 290   M    M   2        28 300
17   2  -7  -2 -20  67   0 0.00    M    0 15.0 24 290   M    M   2        30 300
18   5  -8  -1 -19  66   0 0.00  0.0    M  9.3 18 270   M    M   0        25 280
19  13  -9   2 -17  63   0 0.00  0.0    M  3.0  9 250   M    M   1        12 270
20  20  10  15  -4  50   0    T    M    0  3.5  8 210   M    M  10        11 230
21  24  17  21   2  44   0    T    M    0  6.6 10 280   M    M  10        13 260
22  26  22  24   5  41   0    T    M    0  8.2 16  10   M    M  10        21  20
23  31  22  27   8  38   0 0.00  0.0    0  7.0 15 200   M    M   6        19 200
24  26  23  25   6  40   0 0.00  0.0    0  6.8 18 200   M    M   9        24 200
25  35  26  31  12  34   0 0.40    M    0  4.1 12 140   M    M   8 128    14 130
26  31  18  25   6  40   0 0.02    M    M 12.2 21 280   M    M  10 1      27 290
27  35  18  27   8  38   0 0.00    M    M 13.0 26 190   M    M   7        35 210
28  37  15  26   7  39   0    T    M    M 13.7 22 330   M    M  10 1      29 340
================================================================================
SM  717  351      1278   0  0.80     0.0 256.0          M      169
================================================================================
AV 25.6 12.5                               9.1 FASTST   M    M   6    MAX(MPH)
                                 MISC ---->  # 26 190               # 35  210
================================================================================
NOTES:
# LAST OF SEVERAL OCCURRENCES

COLUMN 17 PEAK WIND IN M.P.H.

PRELIMINARY LOCAL CLIMATOLOGICAL DATA (WS FORM: F-6) , PAGE 2

                                          STATION:  FOND_DU_LAC WI
                                          MONTH:    JANUARY
                                          YEAR:     2016
                                          LATITUDE:   43 46 N
                                          LONGITUDE:  88 29 W

[TEMPERATURE DATA]      [PRECIPITATION DATA]       SYMBOLS USED IN COLUMN 16

AVERAGE MONTHLY: 19.1   TOTAL FOR MONTH:   0.80    1 = FOG OR MIST
DPTR FM NORMAL:   0.4   DPTR FM NORMAL:   -0.09    2 = FOG REDUCING VISIBILITY
HIGHEST:    38 ON  8    GRTST 24HR  0.42 ON 25-26      TO 1/4 MILE OR LESS
LOWEST:     -9 ON 19                               3 = THUNDER
                        SNOW, ICE PELLETS, HAIL    4 = ICE PELLETS
                        TOTAL MONTH:   0.0 INCH    5 = HAIL
                        GRTST 24HR     0.0         6 = FREEZING RAIN OR DRIZZLE
                        GRTST DEPTH:   0           7 = DUSTSTORM OR SANDSTORM:
                                                       VSBY 1/2 MILE OR LESS
                                                   8 = SMOKE OR HAZE
[NO. OF DAYS WITH]      [WEATHER - DAYS WITH]      9 = BLOWING SNOW
                                                   X = TORNADO
MAX 32 OR BELOW:  19    0.01 INCH OR MORE:   5
MAX 90 OR ABOVE:   0    0.10 INCH OR MORE:   3
MIN 32 OR BELOW:  27    0.50 INCH OR MORE:   0
MIN  0 OR BELOW:   8    1.00 INCH OR MORE:   0

[HDD (BASE 65) ]
TOTAL THIS MO.  1278    CLEAR  (SCALE 0-3)   9
DPTR FM NORMAL   -15    PTCLDY (SCALE 4-7)   9
TOTAL FM JUL 1  3402    CLOUDY (SCALE 8-10) 10
DPTR FM NORMAL  -698

[CDD (BASE 65) ]
TOTAL THIS MO.     0
DPTR FM NORMAL     0    [PRESSURE DATA]
TOTAL FM JAN 1     0    HIGHEST SLP M ON M
DPTR FM NORMAL     0    LOWEST  SLP 29.36 ON 15

[REMARKS]
