000
CXUS52 KILM 261000
CF6FLO
PRELIMINARY LOCAL CLIMATOLOGICAL DATA (WS FORM: F-6)

                                          STATION:   FLORENCE SC
                                          MONTH:     MAY
                                          YEAR:      2016
                                          LATITUDE:   34 10 N
                                          LONGITUDE:  79 43 W

  TEMPERATURE IN F:       :PCPN:    SNOW:  WIND      :SUNSHINE: SKY     :PK WND
================================================================================
1   2   3   4   5  6A  6B    7    8   9   10  11  12  13   14  15   16   17  18
                                     12Z  AVG MX 2MIN
DY MAX MIN AVG DEP HDD CDD  WTR  SNW DPTH SPD SPD DIR MIN PSBL S-S WX    SPD DR
================================================================================

 1  75  65  70   3   0   5 0.61    M    M  7.3 18  10   M    M   7 1      22  10
 2  87  66  77  10   0  12 0.07    M    M  8.5 18 170   M    M   5 1      24 210
 3  85  66  76   8   0  11 0.65    M    M  7.6 17 250   M    M   5 13     21 250
 4  78  64  71   3   0   6 0.00    M    M  6.7 15 260   M    M   5        20 260
 5  68  51  60  -8   5   0 0.26    M    M  8.7 20 270   M    M   6 3      37 270
 6  73  50  62  -6   3   0    T    M    M  7.1 17 350   M    M   7 1      23 330
 7  80  51  66  -3   0   1 0.00    M    M  9.1 20 260   M    M   0        25 270
 8  91  62  77   8   0  12 0.00    M    M  7.2 16 270   M    M   0        23 260
 9  91  63  77   8   0  12 0.00    M    M  5.6 17 230   M    M   1        21 240
10  80  65  73   3   0   8 0.00    M    M  6.4 16 210   M    M   0        23 220
11  88  64  76   6   0  11 0.00    M    M  7.3 16 250   M    M   1 1      22 250
12  90  66  78   8   0  13 1.03    M    M  5.8 26 330   M    M   1 13     32 350
13  83  67  75   5   0  10 0.39    M    M  3.8 12  30   M    M   6 13     15 260
14  86  61  74   4   0   9 0.00    M    M  7.6 18 250   M    M   0 1      28 240
15  73  55  64  -7   1   0 0.00    M    M  6.9 17 360   M    M   0        23  10
16  77  52  65  -6   0   0 0.00    M    M  7.3 15  50   M    M   2        21  90
17  79  62  71   0   0   6 2.00    M    M  5.3 14 150   M    M   5 12     17 160
18  73  64  69  -3   0   4 0.00    M    M  8.5 14  50   M    M  10 1      17  20
19  67  62  65  -7   0   0 0.94    M    M  8.5 15  70   M    M  10 1      18  70
20  68  60  64  -8   1   0 0.02    M    M  8.7 13  70   M    M  10 1       M  M
21  81  67  74   2   0   9 0.30    M    M  4.5 21 200   M    M   8 13     27 210
22  78  57  68  -5   0   3    T    M    M  7.3 29 360   M    M   6 3      42 360
23  74  55  65  -8   0   0 0.00    M    M  7.0 16 350   M    M   3        23  10
24  83  51  67  -6   0   2 0.00    M    M  4.2 14 250   M    M   1        17 240
25  89  59  74   1   0   9 0.00    M    M  3.8 10 230   M    M   1        14 230
================================================================================
SM 1997 1505        10 143  6.27    M    170.7          M      100
================================================================================
AV 79.9 60.2                               6.8 FASTST   M    M   4    MAX(MPH)
                                 MISC ---->  # 29 360               # 42  360
================================================================================
NOTES:
# LAST OF SEVERAL OCCURRENCES

COLUMN 17 PEAK WIND IN M.P.H.

PRELIMINARY LOCAL CLIMATOLOGICAL DATA (WS FORM: F-6) , PAGE 2

                                          STATION:  FLORENCE SC
                                          MONTH:    MAY
                                          YEAR:     2016
                                          LATITUDE:   34 10 N
                                          LONGITUDE:  79 43 W

[TEMPERATURE DATA]      [PRECIPITATION DATA]       SYMBOLS USED IN COLUMN 16

AVERAGE MONTHLY: 70.0   TOTAL FOR MONTH:   6.27    1 = FOG OR MIST
DPTR FM NORMAL:  -0.2   DPTR FM NORMAL:    3.77    2 = FOG REDUCING VISIBILITY
HIGHEST:    91 ON  9, 8 GRTST 24HR  2.00 ON 17-17      TO 1/4 MILE OR LESS
LOWEST:     50 ON  6                               3 = THUNDER
                        SNOW, ICE PELLETS, HAIL    4 = ICE PELLETS
                        TOTAL MONTH:    M          5 = HAIL
                        GRTST 24HR    M  ON   M    6 = FREEZING RAIN OR DRIZZLE
                        GRTST DEPTH:  M  ON   M    7 = DUSTSTORM OR SANDSTORM:
                                                       VSBY 1/2 MILE OR LESS
                                                   8 = SMOKE OR HAZE
[NO. OF DAYS WITH]      [WEATHER - DAYS WITH]      9 = BLOWING SNOW
                                                   X = TORNADO
MAX 32 OR BELOW:   0    0.01 INCH OR MORE:  10
MAX 90 OR ABOVE:   3    0.10 INCH OR MORE:   8
MIN 32 OR BELOW:   0    0.50 INCH OR MORE:   5
MIN  0 OR BELOW:   0    1.00 INCH OR MORE:   2

[HDD (BASE 65) ]
TOTAL THIS MO.    10    CLEAR  (SCALE 0-3)  12
DPTR FM NORMAL   -12    PTCLDY (SCALE 4-7)   9
TOTAL FM JUL 1  1948    CLOUDY (SCALE 8-10)  4
DPTR FM NORMAL  -574

[CDD (BASE 65) ]
TOTAL THIS MO.   143
DPTR FM NORMAL   -10    [PRESSURE DATA]
TOTAL FM JAN 1   275    HIGHEST SLP  0.00 ON  5
DPTR FM NORMAL    26    LOWEST  SLP  0.00 ON  5

[REMARKS]
