000
CXUS52 KILM 291000
CF6FLO
PRELIMINARY LOCAL CLIMATOLOGICAL DATA (WS FORM: F-6)

                                          STATION:   FLORENCE SC
                                          MONTH:     JULY
                                          YEAR:      2014
                                          LATITUDE:   34 10 N
                                          LONGITUDE:  79 43 W

  TEMPERATURE IN F:       :PCPN:    SNOW:  WIND      :SUNSHINE: SKY     :PK WND
================================================================================
1   2   3   4   5  6A  6B    7    8   9   10  11  12  13   14  15   16   17  18
                                     12Z  AVG MX 2MIN
DY MAX MIN AVG DEP HDD CDD  WTR  SNW DPTH SPD SPD DIR MIN PSBL S-S WX    SPD DR
================================================================================

 1  95  71  83   2   0  18 0.00    M    M  5.9 14 190   M    M   4        19 220
 2  97  73  85   4   0  20 0.00    M    M  7.5 17 160   M    M   3        22 160
 3  88  75  82   1   0  17 0.02    M    M  8.8 18 360   M    M   2 1      24  10
 4  93  73  83   2   0  18 0.00    M    M  6.3 13 340   M    M   3        19 350
 5  88  67  78  -3   0  13 0.00    M    M  9.5 21  80   M    M   3        25  50
 6  88  66  77  -4   0  12 0.00    M    M  6.7 14 160   M    M   0        20 170
 7  95  68  82   1   0  17 0.00    M    M  6.9 15 210   M    M   2 12     20 220
 8  99  74  87   6   0  22 0.00    M    M 10.6 18 260   M    M   1        24 260
 9 100  77  89   8   0  24 0.02    M    M  7.7 23 200   M    M   2 3      28 200
10  96  70  83   2   0  18 1.99    M    M  8.3 33 240   M    M   3 138    41 240
11  85  70  78  -3   0  13 0.00    M    M  2.9  8 140   M    M   5        11 140
12  93  71  82   1   0  17 0.00    M    M  4.0 13 130   M    M   3 1      16 120
13  93  71  82   1   0  17 0.00    M    M  5.2 16 190   M    M   3        20 180
14  96  73  85   4   0  20 0.00    M    M  9.2 15 160   M    M   1        21 170
15  94  72  83   2   0  18 0.77    M    M  7.6 36 220   M    M   4 138    48 220
16  85  70  78  -3   0  13    T    M    M  5.6 15 350   M    M   6 1      20 110
17  89  68  79  -2   0  14 0.00    M    M  5.3 12 100   M    M   0 1      16 100
18  89  67  78  -3   0  13 0.00    M    M  5.3 14  70   M    M   1 1      27  80
19  87  69  78  -3   0  13    T    M    M  3.7 10  50   M    M   5        12  60
20  85  72  79  -2   0  14 0.67    M    M  4.1 17 170   M    M   7 1      18 170
21  86  73  80  -1   0  15 1.45    M    M  5.7 23 300   M    M   7 138    29 290
22  88  73  81   0   0  16 0.01    M    M  5.2 10  60   M    M   6 12     12  50
23  93  73  83   2   0  18 0.00    M    M  5.5 15 160   M    M   3 12     19 160
24  94  74  84   3   0  19 0.67    M    M  8.3 26 320   M    M   3 13     33 320
25  84  72  78  -3   0  13 0.00    M    M  5.1 10 140   M    M   6 18     14 160
26  92  70  81   0   0  16 0.00    M    M  2.4  9 210   M    M   4 128    12 210
27  94  76  85   4   0  20 0.04    M    M  7.7 13 200   M    M   1 1      17 240
28  83  76  80  -1   0  15 0.00    M    M  9.2 20 260   M    M   1        25 260
================================================================================
SM 2549 2004         0 463  5.64    M    180.2          M       89
================================================================================
AV 91.0 71.6                               6.4 FASTST   M    M   3    MAX(MPH)
                                 MISC ---->  # 36 220               # 48  220
================================================================================
NOTES:
# LAST OF SEVERAL OCCURRENCES

COLUMN 17 PEAK WIND IN M.P.H.

PRELIMINARY LOCAL CLIMATOLOGICAL DATA (WS FORM: F-6) , PAGE 2

                                          STATION:  FLORENCE SC
                                          MONTH:    JULY
                                          YEAR:     2014
                                          LATITUDE:   34 10 N
                                          LONGITUDE:  79 43 W

[TEMPERATURE DATA]      [PRECIPITATION DATA]       SYMBOLS USED IN COLUMN 16

AVERAGE MONTHLY: 81.3   TOTAL FOR MONTH:   5.64    1 = FOG OR MIST
DPTR FM NORMAL:   0.3   DPTR FM NORMAL:    0.93    2 = FOG REDUCING VISIBILITY
HIGHEST:   100 ON  9    GRTST 24HR  1.99 ON 10-10      TO 1/4 MILE OR LESS
LOWEST:     66 ON  6                               3 = THUNDER
                        SNOW, ICE PELLETS, HAIL    4 = ICE PELLETS
                        TOTAL MONTH:    M          5 = HAIL
                        GRTST 24HR    M  ON   M    6 = FREEZING RAIN OR DRIZZLE
                        GRTST DEPTH:  M  ON   M    7 = DUSTSTORM OR SANDSTORM:
                                                       VSBY 1/2 MILE OR LESS
                                                   8 = SMOKE OR HAZE
[NO. OF DAYS WITH]      [WEATHER - DAYS WITH]      9 = BLOWING SNOW
                                                   X = TORNADO
MAX 32 OR BELOW:   0    0.01 INCH OR MORE:   9
MAX 90 OR ABOVE:  15    0.10 INCH OR MORE:   5
MIN 32 OR BELOW:   0    0.50 INCH OR MORE:   5
MIN  0 OR BELOW:   0    1.00 INCH OR MORE:   2

[HDD (BASE 65) ]
TOTAL THIS MO.     0    CLEAR  (SCALE 0-3)  17
DPTR FM NORMAL     0    PTCLDY (SCALE 4-7)  11
TOTAL FM JUL 1     0    CLOUDY (SCALE 8-10)  0
DPTR FM NORMAL     0

[CDD (BASE 65) ]
TOTAL THIS MO.   463
DPTR FM NORMAL    15    [PRESSURE DATA]
TOTAL FM JAN 1  1327    HIGHEST SLP M ON M
DPTR FM NORMAL   175    LOWEST  SLP 29.52 ON  3

[REMARKS]
