000
CXUS54 KLZK 301130
CF6FLP
PRELIMINARY LOCAL CLIMATOLOGICAL DATA (WS FORM: F-6)

                                          STATION:   Flippin
                                          MONTH:     SEPTEMBER
                                          YEAR:      2016
                                          LATITUDE:   36 17 N
                                          LONGITUDE:  92 28 W

  TEMPERATURE IN F:       :PCPN:    SNOW:  WIND      :SUNSHINE: SKY     :PK WND
================================================================================
1   2   3   4   5  6A  6B    7    8   9   10  11  12  13   14  15   16   17  18
                                     12Z  AVG MX 2MIN
DY MAX MIN AVG DEP HDD CDD  WTR  SNW DPTH SPD SPD DIR MIN PSBL S-S WX    SPD DR
================================================================================

 1  82  66  74   M   0   9 0.00  0.0    0  4.2  8  40   M    M   5         M  M
 2  81  61  71   M   0   6 0.00  0.0    0  4.4 10  50   M    M   3        16  50
 3  82  55  69   M   0   4 0.00  0.0    0  1.3  8  90   M    M   3         M  M
 4  86  55  71   M   0   6 0.00  0.0    0  1.7  6 140   M    M   0         M  M
 5  91  64  78   M   0  13 0.00  0.0    0  2.7  9 210   M    M   1         M  M
 6  93  73  83   M   0  18 0.00  0.0    0  3.7  8 240   M    M   2         M  M
 7  93  72  83   M   0  18 0.00  0.0    0  4.1  8 190   M    M   0         M  M
 8  93  72  83   M   0  18 0.00  0.0    0  3.6  9 230   M    M   2 3       M  M
 9  91  73  82   M   0  17 0.00  0.0    0  4.2 13 210   M    M   1        23 210
10  79  61  70   M   0   5 0.04  0.0    0  6.7 12 320   M    M   3        17 310
11  82  52  67   M   0   2 0.00  0.0    0  1.5  7 110   M    M   0         M  M
12  84  54  69   M   0   4 0.00  0.0    0  2.2  7 190   M    M   0         M  M
13  90  63  77   M   0  12 0.00  0.0    0  1.6  6 120   M    M   1         M  M
14  86  68  77   M   0  12 0.00  0.0    0  0.5  6 120   M    M   2         M  M
15  90  70  80   M   0  15 0.01  0.0    0  1.6  8 310   M    M   2 3       M  M
16  90  68  79   M   0  14 1.38  0.0    0  3.2 13 330   M    M   5 3      20 150
17  82  66  74   M   0   9 0.00  0.0    0  2.8  8 230   M    M   5         M  M
18  82  64  73   M   0   8 0.00  0.0    0  2.3  8  70   M    M   2         M  M
19  90  61  76   M   0  11 0.00  0.0    0  1.2  6 120   M    M   3         M  M
20  90  64  77   M   0  12 0.00  0.0    0  1.5  6 130   M    M   3         M  M
21  88  64  76   M   0  11 0.00  0.0    0  1.3  5 100   M    M   3         M  M
22  90  61  76   M   0  11 0.00  0.0    0  0.7  6 130   M    M   2         M  M
23  90  61  76   M   0  11 0.00  0.0    0  1.0  5 130   M    M   1         M  M
24  90  64  77   M   0  12 0.00  0.0    0  2.3  9 120   M    M   2         M  M
25  91  66  79   M   0  14 0.00  0.0    0  3.6 12 340   M    M   2        18 320
26  77  52  65   M   0   0 0.12  0.0    0  5.3 12  10   M    M   4        18 330
27  81  46  64   M   1   0 0.00  0.0    0  1.5  8 270   M    M   0         M  M
28  82  52  67   M   0   2 0.00  0.0    0  6.1 13 320   M    M   0        21 320
29  75  50  63   M   2   0 0.00  0.0    0  6.2 16 320   M    M   0        21 320
================================================================================
SM 2501 1798         3 274  1.55     0.0  83.0          M       57
================================================================================
AV 86.2 62.0                               2.9 FASTST   M    M   2    MAX(MPH)
                                 MISC ---->    16   M               # 23  210
================================================================================
NOTES:
# LAST OF SEVERAL OCCURRENCES

COLUMN 17 PEAK WIND IN M.P.H.

PRELIMINARY LOCAL CLIMATOLOGICAL DATA (WS FORM: F-6) , PAGE 2

                                          STATION:  Flippin
                                          MONTH:    SEPTEMBER
                                          YEAR:     2016
                                          LATITUDE:   36 17 N
                                          LONGITUDE:  92 28 W

[TEMPERATURE DATA]      [PRECIPITATION DATA]       SYMBOLS USED IN COLUMN 16

AVERAGE MONTHLY: 74.1   TOTAL FOR MONTH:   1.55    1 = FOG OR MIST
DPTR FM NORMAL:     M   DPTR FM NORMAL:       M    2 = FOG REDUCING VISIBILITY
HIGHEST:    93 ON  8, 7 GRTST 24HR  1.38 ON 16-16      TO 1/4 MILE OR LESS
LOWEST:     46 ON 27                               3 = THUNDER
                        SNOW, ICE PELLETS, HAIL    4 = ICE PELLETS
                        TOTAL MONTH:   0.0 INCH    5 = HAIL
                        GRTST 24HR     0.0         6 = FREEZING RAIN OR DRIZZLE
                        GRTST DEPTH:   0           7 = DUSTSTORM OR SANDSTORM:
                                                       VSBY 1/2 MILE OR LESS
                                                   8 = SMOKE OR HAZE
[NO. OF DAYS WITH]      [WEATHER - DAYS WITH]      9 = BLOWING SNOW
                                                   X = TORNADO
MAX 32 OR BELOW:   0    0.01 INCH OR MORE:   4
MAX 90 OR ABOVE:  14    0.10 INCH OR MORE:   2
MIN 32 OR BELOW:   0    0.50 INCH OR MORE:   1
MIN  0 OR BELOW:   0    1.00 INCH OR MORE:   1

[HDD (BASE 65) ]
TOTAL THIS MO.     3    CLEAR  (SCALE 0-3)  24
DPTR FM NORMAL     M    PTCLDY (SCALE 4-7)   5
TOTAL FM JUL 1     3    CLOUDY (SCALE 8-10)  0
DPTR FM NORMAL     M

[CDD (BASE 65) ]
TOTAL THIS MO.   274
DPTR FM NORMAL     M    [PRESSURE DATA]
TOTAL FM JAN 1  1625    HIGHEST SLP M ON M
DPTR FM NORMAL     M    LOWEST  SLP M ON M

[REMARKS]
