000
CXUS55 KTBW 241000
CF6FMY
PRELIMINARY LOCAL CLIMATOLOGICAL DATA (WS FORM: F-6)

                                          STATION:   Fort Myers
                                          MONTH:     FEBRUARY
                                          YEAR:      2017
                                          LATITUDE:   26 34 N
                                          LONGITUDE:  81 52 W

  TEMPERATURE IN F:       :PCPN:    SNOW:  WIND      :SUNSHINE: SKY     :PK WND
================================================================================
1   2   3   4   5  6A  6B    7    8   9   10  11  12  13   14  15   16   17  18
                                     12Z  AVG MX 2MIN
DY MAX MIN AVG DEP HDD CDD  WTR  SNW DPTH SPD SPD DIR MIN PSBL S-S WX    SPD DR
================================================================================

 1  80  50  65   0   0   0 0.00  0.0    0  3.7 13 280   M    M   0        20 100
 2  82  56  69   4   0   4 0.00  0.0    0  3.5 13 280   M    M   1 18     16 290
 3  84  57  71   6   0   6 0.00  0.0    0  4.7 15 320   M    M   1 1      22 310
 4  83  59  71   6   0   6 0.00  0.0    0  6.4 15  30   M    M   0        19  20
 5  80  59  70   4   0   5 0.00  0.0    0  4.8 13 320   M    M   2 12     14 260
 6  85  61  73   7   0   8 0.01  0.0    0  7.4 14 110   M    M   3 1      18 110
 7  85  64  75   9   0  10 0.00  0.0    0  7.6 16 220   M    M   2        21 220
 8  83  66  75   9   0  10 0.00  0.0    0  7.4 17 250   M    M   3 1      22 250
 9  84  63  74   8   0   9    T  0.0    0  9.4 21 310   M    M   2 18     28 320
10  81  54  68   2   0   3 0.00  0.0    0 10.7 17  60   M    M   0        22  50
11  83  54  69   3   0   4 0.00  0.0    0  3.3 14 280   M    M   0        16 280
12  82  55  69   3   0   4 0.00  0.0    0  3.8 14 270   M    M   0        17 270
13  82  59  71   5   0   6 0.00  0.0    0  5.7 14 280   M    M   4 1      18 280
14  83  64  74   8   0   9 0.00  0.0    0  4.3 15 260   M    M   5 18     18 260
15  84  62  73   6   0   8 0.06  0.0    0 10.2 24 230   M    M   3 128    33 220
16  74  57  66  -1   0   1 0.00  0.0    0 11.5 21 310   M    M   5 8      26 310
17  79  49  64  -3   1   0 0.00  0.0    0  4.4 10 250   M    M   0 8      14 270
18  83  57  70   3   0   5 0.03  0.0    0  6.5 15 200   M    M   2 1      21 200
19  85  66  76   9   0  11 0.00  0.0    0  6.8 14 310   M    M   2 1      19 300
20  87  60  74   7   0   9 0.00  0.0    0  4.3 13 260   M    M   1 1      16 100
21  81  66  74   7   0   9 0.00  0.0    0  5.8 15 150   M    M   4        21 160
22  76  67  72   5   0   7 0.62  0.0    0  7.9 14 170   M    M   5 1      21 170
23  75  59  67  -1   0   2    T  0.0    0  5.6 15 280   M    M   5 1      17 270
================================================================================
SM 1881 1364         1 136  0.72     0.0 145.7          M       50
================================================================================
AV 81.8 59.3                               6.3 FASTST   M    M   2    MAX(MPH)
                                 MISC ---->  # 24 230               # 33  220
================================================================================
NOTES:
# LAST OF SEVERAL OCCURRENCES

COLUMN 17 PEAK WIND IN M.P.H.

PRELIMINARY LOCAL CLIMATOLOGICAL DATA (WS FORM: F-6) , PAGE 2

                                          STATION:  Fort Myers
                                          MONTH:    FEBRUARY
                                          YEAR:     2017
                                          LATITUDE:   26 34 N
                                          LONGITUDE:  81 52 W

[TEMPERATURE DATA]      [PRECIPITATION DATA]       SYMBOLS USED IN COLUMN 16

AVERAGE MONTHLY: 70.5   TOTAL FOR MONTH:   0.72    1 = FOG OR MIST
DPTR FM NORMAL:   4.3   DPTR FM NORMAL:   -1.00    2 = FOG REDUCING VISIBILITY
HIGHEST:    87 ON 20    GRTST 24HR  0.62 ON 22-22      TO 1/4 MILE OR LESS
LOWEST:     49 ON 17                               3 = THUNDER
                        SNOW, ICE PELLETS, HAIL    4 = ICE PELLETS
                        TOTAL MONTH:   0.0 INCH    5 = HAIL
                        GRTST 24HR     0.0         6 = FREEZING RAIN OR DRIZZLE
                        GRTST DEPTH:   0           7 = DUSTSTORM OR SANDSTORM:
                                                       VSBY 1/2 MILE OR LESS
                                                   8 = SMOKE OR HAZE
[NO. OF DAYS WITH]      [WEATHER - DAYS WITH]      9 = BLOWING SNOW
                                                   X = TORNADO
MAX 32 OR BELOW:   0    0.01 INCH OR MORE:   4
MAX 90 OR ABOVE:   0    0.10 INCH OR MORE:   1
MIN 32 OR BELOW:   0    0.50 INCH OR MORE:   1
MIN  0 OR BELOW:   0    1.00 INCH OR MORE:   0

[HDD (BASE 65) ]
TOTAL THIS MO.     1    CLEAR  (SCALE 0-3)  15
DPTR FM NORMAL   -51    PTCLDY (SCALE 4-7)   8
TOTAL FM JUL 1    65    CLOUDY (SCALE 8-10)  0
DPTR FM NORMAL  -188

[CDD (BASE 65) ]
TOTAL THIS MO.   136
DPTR FM NORMAL    54    [PRESSURE DATA]
TOTAL FM JAN 1   289    HIGHEST SLP M ON M
DPTR FM NORMAL   124    LOWEST  SLP 29.60 ON 23

[REMARKS]
