000
CXUS55 KTBW 241000
CF6FMY
PRELIMINARY LOCAL CLIMATOLOGICAL DATA (WS FORM: F-6)

                                          STATION:   Fort Myers
                                          MONTH:     MAY
                                          YEAR:      2015
                                          LATITUDE:   26 34 N
                                          LONGITUDE:  81 52 W

  TEMPERATURE IN F:       :PCPN:    SNOW:  WIND      :SUNSHINE: SKY     :PK WND
================================================================================
1   2   3   4   5  6A  6B    7    8   9   10  11  12  13   14  15   16   17  18
                                     12Z  AVG MX 2MIN
DY MAX MIN AVG DEP HDD CDD  WTR  SNW DPTH SPD SPD DIR MIN PSBL S-S WX    SPD DR
================================================================================

 1  84  61  73  -3   0   8 0.00  0.0    0  8.7 18 280   M    M   0        24 280
 2  84  64  74  -2   0   9 0.00  0.0    0  7.8 16  60   M    M   1        20  70
 3  86  62  74  -3   0   9 0.00  0.0    0  9.8 18  80   M    M   2        26  80
 4  85  63  74  -3   0   9 0.00  0.0    0 11.4 23  60   M    M   2        33  80
 5  84  67  76  -1   0  11 0.00  0.0    0  9.3 24  40   M    M   3 3      29  40
 6  90  68  79   2   0  14 0.00  0.0    0  6.1 18 270   M    M   3        22 290
 7  89  68  79   2   0  14 0.00  0.0    0  7.3 16 270   M    M   1        21 250
 8  90  66  78   0   0  13 0.00  0.0    0  6.6 17 260   M    M   0        23 300
 9  91  66  79   1   0  14 0.00  0.0    0  6.1 15 260   M    M   0        20 260
10  91  67  79   1   0  14    T  0.0    0  4.7 37 250   M    M   1 3      54 260
11  94  68  81   3   0  16 0.20  0.0    0  5.6 16 110   M    M   1 38     22 100
12  92  70  81   3   0  16 0.20  0.0    0  4.6 24 150   M    M   3 13     33 160
13  95  70  83   4   0  18    T  0.0    0  5.3 18 180   M    M   2        23 180
14  94  72  83   4   0  18 0.00  0.0    0  8.1 16  90   M    M   2        21  80
15  95  71  83   4   0  18 0.01  0.0    0  8.0 17 100   M    M   2 3      24 140
16  94  72  83   4   0  18 0.02  0.0    0  7.5 16 110   M    M   3 3      23 110
17  93  72  83   4   0  18 0.00  0.0    0  7.3 21 120   M    M   2 3      24 100
18  92  71  82   2   0  17 0.00  0.0    0  6.9 15 110   M    M   2        20  70
19  93  70  82   2   0  17 0.61  0.0    0  5.5 18  20   M    M   4 138    23  20
20  93  71  82   2   0  17 0.01  0.0    0  7.2 20 320   M    M   3 3      25 330
21  91  74  83   3   0  18 0.00  0.0    0  7.9 16 280   M    M   1        21 290
22  95  72  84   4   0  19 0.23  0.0    0  5.8 22  50   M    M   2 13     28  70
23  90  71  81   1   0  16 0.01  0.0    0  6.1 26  60   M    M   1 3      39  40
================================================================================
SM 2085 1576         0 341  1.29     0.0 163.6          M       41
================================================================================
AV 90.7 68.5                               7.1 FASTST   M    M   2    MAX(MPH)
                                 MISC ---->  # 37 250               # 54  260
================================================================================
NOTES:
# LAST OF SEVERAL OCCURRENCES

COLUMN 17 PEAK WIND IN M.P.H.

PRELIMINARY LOCAL CLIMATOLOGICAL DATA (WS FORM: F-6) , PAGE 2

                                          STATION:  Fort Myers
                                          MONTH:    MAY
                                          YEAR:     2015
                                          LATITUDE:   26 34 N
                                          LONGITUDE:  81 52 W

[TEMPERATURE DATA]      [PRECIPITATION DATA]       SYMBOLS USED IN COLUMN 16

AVERAGE MONTHLY: 79.6   TOTAL FOR MONTH:   1.29    1 = FOG OR MIST
DPTR FM NORMAL:   1.2   DPTR FM NORMAL:   -0.29    2 = FOG REDUCING VISIBILITY
HIGHEST:    95 ON 22,15 GRTST 24HR  0.61 ON 19-19      TO 1/4 MILE OR LESS
LOWEST:     61 ON  1                               3 = THUNDER
                        SNOW, ICE PELLETS, HAIL    4 = ICE PELLETS
                        TOTAL MONTH:   0.0 INCH    5 = HAIL
                        GRTST 24HR     0.0         6 = FREEZING RAIN OR DRIZZLE
                        GRTST DEPTH:   0           7 = DUSTSTORM OR SANDSTORM:
                                                       VSBY 1/2 MILE OR LESS
                                                   8 = SMOKE OR HAZE
[NO. OF DAYS WITH]      [WEATHER - DAYS WITH]      9 = BLOWING SNOW
                                                   X = TORNADO
MAX 32 OR BELOW:   0    0.01 INCH OR MORE:   8
MAX 90 OR ABOVE:  17    0.10 INCH OR MORE:   4
MIN 32 OR BELOW:   0    0.50 INCH OR MORE:   1
MIN  0 OR BELOW:   0    1.00 INCH OR MORE:   0

[HDD (BASE 65) ]
TOTAL THIS MO.     0    CLEAR  (SCALE 0-3)  20
DPTR FM NORMAL     0    PTCLDY (SCALE 4-7)   3
TOTAL FM JUL 1   231    CLOUDY (SCALE 8-10)  0
DPTR FM NORMAL   -56

[CDD (BASE 65) ]
TOTAL THIS MO.   341
DPTR FM NORMAL    34    [PRESSURE DATA]
TOTAL FM JAN 1  1216    HIGHEST SLP M ON M
DPTR FM NORMAL   279    LOWEST  SLP 29.87 ON  1

[REMARKS]
