000
CXUS53 KOAX 271000
CF6FNB
PRELIMINARY LOCAL CLIMATOLOGICAL DATA (WS FORM: F-6)

                                          STATION:   FALLS CITY, NEBRASKA
                                          MONTH:     AUGUST
                                          YEAR:      2015
                                          LATITUDE:   40  4 N
                                          LONGITUDE:  95 35 W

  TEMPERATURE IN F:       :PCPN:    SNOW:  WIND      :SUNSHINE: SKY     :PK WND
================================================================================
1   2   3   4   5  6A  6B    7    8   9   10  11  12  13   14  15   16   17  18
                                     12Z  AVG MX 2MIN
DY MAX MIN AVG DEP HDD CDD  WTR  SNW DPTH SPD SPD DIR MIN PSBL S-S WX    SPD DR
================================================================================

 1  88  69  79   2   0  14 0.00    M    M  4.6 14 140   M    M   0        19 340
 2  91  71  81   4   0  16    T    M    M  9.6 18 250   M    M   0        25 230
 3  83  69  76  -1   0  11 0.00    M    M  6.3 14  90   M    M   3 3      17  90
 4  82  69  76  -1   0  11    T    M    M  7.4 18 200   M    M   2 3      27 180
 5  84  67  76  -1   0  11 0.00    M    M  5.5 13 120   M    M   3 1      17 110
 6  81  63  72  -5   0   7    T    M    M  5.0 17 160   M    M   5 128    24 170
 7  90  67  79   2   0  14 0.00    M    M  2.9  9 310   M    M   3 12     12 350
 8  86  68  77   0   0  12 0.30    M    M 10.4 36 360   M    M   3 3      53 350
 9  89  71  80   4   0  15    T    M    M  5.1 24  80   M    M   4 3      31  90
10  83  67  75  -1   0  10 0.00    M    M  6.9 17  40   M    M   3 1      25  40
11  84  61  73  -3   0   8 0.00    M    M  3.9 10  10   M    M   0        14 340
12  85  60  73  -3   0   8 0.00    M    M  2.9  9 100   M    M   1 1      12 190
13  87  59  73  -3   0   8 0.00    M    M  5.6 14 200   M    M   0        19 200
14  87  66  77   1   0  12 0.00    M    M  5.1 12 120   M    M   0        15 110
15  88  62  75  -1   0  10 0.00    M    M  6.9 16 160   M    M   0        22 170
16  89  62  76   0   0  11 0.00    M    M  8.3 18 170   M    M   0 1      23 170
17  79  66  73  -3   0   8 0.01    M    M  4.6 12  80   M    M   3 1      15  80
18  79  58  69  -6   0   4    T    M    M  8.8 17 300   M    M   5 1      23 230
19  74  53  64 -11   1   0 0.00    M    M 11.2 23 290   M    M   2        30 320
20  85  50  68  -7   0   3 0.00    M    M  6.2 17 200   M    M   1        23 160
21  84  60  72  -3   0   7 0.00    M    M 12.7 22 150   M    M   2        27 150
22  88  68  78   3   0  13    T    M    M 11.5 23 160   M    M   3 3      30 150
23  75  51  63 -11   2   0 0.00    M    M  9.1 18 320   M    M   1        24 330
24  83  46  65  -9   0   0 0.00    M    M  4.0 14 270   M    M   0        19 280
25  82  52  67  -7   0   2 0.00    M    M  2.4  7  70   M    M   1 8      10  90
26  82  56  69  -5   0   4    T    M    M  5.6 20 160   M    M   1        25 160
================================================================================
SM 2188 1611         3 219  0.31    M    172.5          M       46
================================================================================
AV 84.2 62.0                               6.6 FASTST   M    M   2    MAX(MPH)
                                 MISC ---->  # 36 360               # 53  350
================================================================================
NOTES:
# LAST OF SEVERAL OCCURRENCES

COLUMN 17 PEAK WIND IN M.P.H.

PRELIMINARY LOCAL CLIMATOLOGICAL DATA (WS FORM: F-6) , PAGE 2

                                          STATION:  FALLS CITY, NEBRASKA
                                          MONTH:    AUGUST
                                          YEAR:     2015
                                          LATITUDE:   40  4 N
                                          LONGITUDE:  95 35 W

[TEMPERATURE DATA]      [PRECIPITATION DATA]       SYMBOLS USED IN COLUMN 16

AVERAGE MONTHLY: 73.1   TOTAL FOR MONTH:   0.31    1 = FOG OR MIST
DPTR FM NORMAL:  -2.8   DPTR FM NORMAL:   -3.13    2 = FOG REDUCING VISIBILITY
HIGHEST:    91 ON  2    GRTST 24HR  0.30 ON  8- 8      TO 1/4 MILE OR LESS
LOWEST:     46 ON 24                               3 = THUNDER
                        SNOW, ICE PELLETS, HAIL    4 = ICE PELLETS
                        TOTAL MONTH:    M          5 = HAIL
                        GRTST 24HR    M  ON   M    6 = FREEZING RAIN OR DRIZZLE
                        GRTST DEPTH:  M  ON   M    7 = DUSTSTORM OR SANDSTORM:
                                                       VSBY 1/2 MILE OR LESS
                                                   8 = SMOKE OR HAZE
[NO. OF DAYS WITH]      [WEATHER - DAYS WITH]      9 = BLOWING SNOW
                                                   X = TORNADO
MAX 32 OR BELOW:   0    0.01 INCH OR MORE:   2
MAX 90 OR ABOVE:   2    0.10 INCH OR MORE:   1
MIN 32 OR BELOW:   0    0.50 INCH OR MORE:   0
MIN  0 OR BELOW:   0    1.00 INCH OR MORE:   0

[HDD (BASE 65) ]
TOTAL THIS MO.     3    CLEAR  (SCALE 0-3)  21
DPTR FM NORMAL     3    PTCLDY (SCALE 4-7)   5
TOTAL FM JUL 1     3    CLOUDY (SCALE 8-10)  0
DPTR FM NORMAL     2

[CDD (BASE 65) ]
TOTAL THIS MO.   219
DPTR FM NORMAL   -64    [PRESSURE DATA]
TOTAL FM JAN 1   923    HIGHEST SLP M ON M
DPTR FM NORMAL  -116    LOWEST  SLP 29.69 ON 18

[REMARKS]
