000
CXUS53 KDTX 210800
CF6FNT
PRELIMINARY LOCAL CLIMATOLOGICAL DATA (WS FORM: F-6)

                                          STATION:   FLINT MI
                                          MONTH:     SEPTEMBER
                                          YEAR:      2014
                                          LATITUDE:   42 58 N
                                          LONGITUDE:  83 44 W

  TEMPERATURE IN F:       :PCPN:    SNOW:  WIND      :SUNSHINE: SKY     :PK WND
================================================================================
1   2   3   4   5  6A  6B    7    8   9   10  11  12  13   14  15   16   17  18
                                     12Z  AVG MX 2MIN
DY MAX MIN AVG DEP HDD CDD  WTR  SNW DPTH SPD SPD DIR MIN PSBL S-S WX    SPD DR
================================================================================

 1  85  68  77  11   0  12 0.68  0.0    0  8.1 24 270   M    M   3 138    32 280
 2  81  59  70   4   0   5 0.00  0.0    0  6.5 17 310   M    M   3        22 280
 3  83  56  70   4   0   5 0.00  0.0    0  3.5 12 240   M    M   1 18     14 210
 4  84  63  74   9   0   9 0.00  0.0    0  7.4 16 320   M    M   1        23 250
 5  93  70  82  17   0  17 0.34  0.0    0 10.8 24 280   M    M   4 3      31 290
 6  76  56  66   1   0   1 0.08  0.0    0  6.7 15 290   M    M   4 1      22 330
 7  77  50  64   0   1   0 0.00  0.0    0  2.8  9 240   M    M   0 1      12 240
 8  78  52  65   1   0   0 0.00  0.0    0  4.2 13 130   M    M   0 1      17 170
 9  81  59  70   6   0   5 0.00  0.0    0  4.5 13 180   M    M   1 8      16 210
10  77  64  71   8   0   6 0.32  0.0    0 12.5 31 290   M    M   8 1      39 290
11  64  51  58  -5   7   0    T  0.0    0 12.7 26 290   M    M  10 18     32 280
12  60  52  56  -7   9   0 0.03  0.0    0  6.0 12  60   M    M  10 18     14  80
13  59  40  50 -12  15   0 0.53  0.0    0  7.8 18 310   M    M   8 18     24 310
14  63  41  52 -10  13   0 0.00  0.0    0  3.3 13 240   M    M   7 1      22 220
15  67  43  55  -7  10   0 0.12  0.0    0  4.7 12 360   M    M   6 1      14 210
16  67  44  56  -5   9   0 0.00  0.0    0  5.8 15 290   M    M   6 12     17 250
17  69  39  54  -7  11   0 0.00  0.0    0  3.1 13 250   M    M   2 1      17 300
18  63  44  54  -6  11   0 0.00  0.0    0  4.8 14  30   M    M   4 1      17  40
19  69  37  53  -7  12   0 0.00  0.0    0  4.9 13 170   M    M   0 1      16 170
20  80  57  69  10   0   4 0.49  0.0    0 12.0 22 240   M    M   5 3      29 200
================================================================================
SM 1476 1045        98  64  2.59     0.0 132.1          M       83
================================================================================
AV 73.8 52.2                               6.6 FASTST   M    M   4    MAX(MPH)
                                 MISC ---->  # 31 290               # 39  290
================================================================================
NOTES:
# LAST OF SEVERAL OCCURRENCES

COLUMN 17 PEAK WIND IN M.P.H.

PRELIMINARY LOCAL CLIMATOLOGICAL DATA (WS FORM: F-6) , PAGE 2

                                          STATION:  FLINT MI
                                          MONTH:    SEPTEMBER
                                          YEAR:     2014
                                          LATITUDE:   42 58 N
                                          LONGITUDE:  83 44 W

[TEMPERATURE DATA]      [PRECIPITATION DATA]       SYMBOLS USED IN COLUMN 16

AVERAGE MONTHLY: 63.0   TOTAL FOR MONTH:   2.59    1 = FOG OR MIST
DPTR FM NORMAL:  -0.0   DPTR FM NORMAL:    0.07    2 = FOG REDUCING VISIBILITY
HIGHEST:    93 ON  5    GRTST 24HR  0.68 ON  1- 1      TO 1/4 MILE OR LESS
LOWEST:     37 ON 19                               3 = THUNDER
                        SNOW, ICE PELLETS, HAIL    4 = ICE PELLETS
                        TOTAL MONTH:   0.0 INCH    5 = HAIL
                        GRTST 24HR     0.0         6 = FREEZING RAIN OR DRIZZLE
                        GRTST DEPTH:   0           7 = DUSTSTORM OR SANDSTORM:
                                                       VSBY 1/2 MILE OR LESS
                                                   8 = SMOKE OR HAZE
[NO. OF DAYS WITH]      [WEATHER - DAYS WITH]      9 = BLOWING SNOW
                                                   X = TORNADO
MAX 32 OR BELOW:   0    0.01 INCH OR MORE:   8
MAX 90 OR ABOVE:   1    0.10 INCH OR MORE:   6
MIN 32 OR BELOW:   0    0.50 INCH OR MORE:   2
MIN  0 OR BELOW:   0    1.00 INCH OR MORE:   0

[HDD (BASE 65) ]
TOTAL THIS MO.    98    CLEAR  (SCALE 0-3)   9
DPTR FM NORMAL    19    PTCLDY (SCALE 4-7)   9
TOTAL FM JUL 1   122    CLOUDY (SCALE 8-10)  2
DPTR FM NORMAL    -1

[CDD (BASE 65) ]
TOTAL THIS MO.    64
DPTR FM NORMAL    25    [PRESSURE DATA]
TOTAL FM JAN 1   596    HIGHEST SLP M ON M
DPTR FM NORMAL    80    LOWEST  SLP 29.53 ON 10

[REMARKS]
