000
CXUS52 KMLB 170628
CF6FPR
PRELIMINARY LOCAL CLIMATOLOGICAL DATA (WS FORM: F-6)

                                          STATION:   FORT PIERCE
                                          MONTH:     JANUARY
                                          YEAR:      2017
                                          LATITUDE:   27 30 N
                                          LONGITUDE:  80 22 W

  TEMPERATURE IN F:       :PCPN:    SNOW:  WIND      :SUNSHINE: SKY     :PK WND
================================================================================
1   2   3   4   5  6A  6B    7    8   9   10  11  12  13   14  15   16   17  18
                                     12Z  AVG MX 2MIN
DY MAX MIN AVG DEP HDD CDD  WTR  SNW DPTH SPD SPD DIR MIN PSBL S-S WX    SPD DR
================================================================================

 1  82  53  68   6   0   3 0.00  0.0    0  5.8 20 140   M    M   3 1      23 130
 2  84  60  72  10   0   7    T  0.0    0  8.3 22 130   M    M   4 1      26 130
 3  86  62  74  12   0   9 0.00  0.0    0  5.6 20 240   M    M   3 12     25 220
 4  84  54  69   7   0   4 0.14  0.0    0  6.9 30 290   M    M   5 18     44 260
 5  78  53  66   4   0   1 0.00  0.0    0  4.0 15 290   M    M   0 1      20 240
 6  80  49  65   3   0   0 0.00  0.0    0  4.6 15 120   M    M   0 12     21 160
 7  81  45  63   1   2   0 0.02  0.0    0 12.4 30 270   M    M   7        38 290
 8  62  42  52 -10  13   0 0.00  0.0    0 12.7 20 350   M    M   2        29 350
 9  69  42  56  -6   9   0    T  0.0    0  6.7 16  60   M    M   3        23  30
10  68  45  57  -5   8   0 0.31  0.0    0  4.4 20 110   M    M   7 1      24 120
11  76  56  66   5   0   1    T  0.0    0  6.9 20 110   M    M   6 8      23 130
12  78  54  66   5   0   1 0.01  0.0    0  7.4 17 100   M    M   2 1      21 100
13  80  60  70   9   0   5 0.03  0.0    0  7.4 18 110   M    M   7 1      22  70
14  78  60  69   8   0   4 0.01  0.0    0  8.1 20 110   M    M   7 1      26  90
15  79  57  68   7   0   3 0.01  0.0    0  4.1 14 120   M    M   6        19 100
16  78  57  68   7   0   3    T  0.0    0  8.0 18 130   M    M   2        23 110
================================================================================
SM 1243  849        32  41  0.53     0.0 113.3          M       64
================================================================================
AV 77.7 53.1                               7.1 FASTST   M    M   4    MAX(MPH)
                                 MISC ---->  # 30 290               # 44  260
================================================================================
NOTES:
# LAST OF SEVERAL OCCURRENCES

COLUMN 17 PEAK WIND IN M.P.H.

PRELIMINARY LOCAL CLIMATOLOGICAL DATA (WS FORM: F-6) , PAGE 2

                                          STATION:  FORT PIERCE
                                          MONTH:    JANUARY
                                          YEAR:     2017
                                          LATITUDE:   27 30 N
                                          LONGITUDE:  80 22 W

[TEMPERATURE DATA]      [PRECIPITATION DATA]       SYMBOLS USED IN COLUMN 16

AVERAGE MONTHLY: 65.4   TOTAL FOR MONTH:   0.53    1 = FOG OR MIST
DPTR FM NORMAL:   3.8   DPTR FM NORMAL:   -0.61    2 = FOG REDUCING VISIBILITY
HIGHEST:    86 ON  3    GRTST 24HR  0.31 ON 10-10      TO 1/4 MILE OR LESS
LOWEST:     42 ON  9, 8                            3 = THUNDER
                        SNOW, ICE PELLETS, HAIL    4 = ICE PELLETS
                        TOTAL MONTH:   0.0 INCH    5 = HAIL
                        GRTST 24HR     0.0         6 = FREEZING RAIN OR DRIZZLE
                        GRTST DEPTH:   0           7 = DUSTSTORM OR SANDSTORM:
                                                       VSBY 1/2 MILE OR LESS
                                                   8 = SMOKE OR HAZE
[NO. OF DAYS WITH]      [WEATHER - DAYS WITH]      9 = BLOWING SNOW
                                                   X = TORNADO
MAX 32 OR BELOW:   0    0.01 INCH OR MORE:   7
MAX 90 OR ABOVE:   0    0.10 INCH OR MORE:   2
MIN 32 OR BELOW:   0    0.50 INCH OR MORE:   0
MIN  0 OR BELOW:   0    1.00 INCH OR MORE:   0

[HDD (BASE 65) ]
TOTAL THIS MO.    32    CLEAR  (SCALE 0-3)   6
DPTR FM NORMAL   -48    PTCLDY (SCALE 4-7)  10
TOTAL FM JUL 1    66    CLOUDY (SCALE 8-10)  0
DPTR FM NORMAL  -137

[CDD (BASE 65) ]
TOTAL THIS MO.    41
DPTR FM NORMAL     9    [PRESSURE DATA]
TOTAL FM JAN 1    41    HIGHEST SLP M ON M
DPTR FM NORMAL     9    LOWEST  SLP 29.81 ON  4

[REMARKS]
