000
CXUS52 KMLB 280638
CF6FPR
PRELIMINARY LOCAL CLIMATOLOGICAL DATA (WS FORM: F-6)

                                          STATION:   FORT PIERCE
                                          MONTH:     MAY
                                          YEAR:      2015
                                          LATITUDE:   27 30 N
                                          LONGITUDE:  80 22 W

  TEMPERATURE IN F:       :PCPN:    SNOW:  WIND      :SUNSHINE: SKY     :PK WND
================================================================================
1   2   3   4   5  6A  6B    7    8   9   10  11  12  13   14  15   16   17  18
                                     12Z  AVG MX 2MIN
DY MAX MIN AVG DEP HDD CDD  WTR  SNW DPTH SPD SPD DIR MIN PSBL S-S WX    SPD DR
================================================================================

 1  83  58  71  -3   0   6 0.00  0.0    0  6.5 15 350   M    M   2 1      22 280
 2  81  68  75   1   0  10 0.00  0.0    0  7.9 14  70   M    M   1        20 350
 3  82  61  72  -2   0   7 0.00  0.0    0  8.5 18 100   M    M   3        24 100
 4  81  70  76   2   0  11    T  0.0    0 12.7 20  90   M    M   4        29 100
 5  79  72  76   2   0  11 0.13  0.0    0  9.6 20  90   M    M   7 18     27 100
 6  81  65  73  -1   0   8 0.49  0.0    0  5.5 18  30   M    M   4 1      30  20
 7  84  63  74   0   0   9 0.00  0.0    0  5.3 13 290   M    M   1 12     17 270
 8  87  62  75   0   0  10 0.00  0.0    0  5.6 14  90   M    M   0 1      15 100
 9  88  64  76   1   0  11 0.00  0.0    0  6.5 18 130   M    M   1 1      21 130
10  87  66  77   2   0  12 0.00  0.0    0  6.9 21 110   M    M   1 1      24 120
11  87  67  77   2   0  12 0.00  0.0    0  8.9 20 110   M    M   1 1      25 120
12  87  71  79   4   0  14 0.02  0.0    0  9.9 18 110   M    M   1        24 120
13  86  68  77   1   0  12 0.00  0.0    0  7.3 16 100   M    M   1 12     22 100
14  86  69  78   2   0  13 0.00  0.0    0  8.1 15 110   M    M   2 1      19 100
15  85  76  81   5   0  16 0.03  0.0    0 12.0 21  90   M    M   5        27 100
16  86  74  80   4   0  15    T  0.0    0 10.9 20 100   M    M   5        24 100
17  86  75  81   5   0  16    T  0.0    0 12.5 20 110   M    M   4        24 110
18  85  65  75  -1   0  10 0.00  0.0    0  6.1 15 110   M    M   2        23  90
19  85  63  74  -3   0   9 0.00  0.0    0  4.8 15 140   M    M   1 18     21 120
20  89  65  77   0   0  12 0.00  0.0    0  6.6 20 120   M    M   1 1      22 120
21  91  68  80   3   0  15 0.00  0.0    0  6.3 16 150   M    M   1 1      21 120
22  88  71  80   3   0  15 0.00  0.0    0  7.1 14  90   M    M   1        19  70
23  88  69  79   2   0  14 0.00  0.0    0  7.9 15  80   M    M   3 1      20  80
24  87  78  83   5   0  18 0.21  0.0    0 11.7 20 100   M    M   4        26 110
25  88  75  82   4   0  17 0.46  0.0    0 11.5 21 100   M    M   6 1      25 100
26  87  75  81   3   0  16 0.20  0.0    0 12.1 21 110   M    M   4 1      26 120
27  86  76  81   3   0  16 0.00  0.0    0 12.4 22 100   M    M   3        26 100
================================================================================
SM 2310 1854         0 335  1.54     0.0 231.1          M       69
================================================================================
AV 85.6 68.7                               8.6 FASTST   M    M   3    MAX(MPH)
                                 MISC ---->  # 22 100               # 30   20
================================================================================
NOTES:
# LAST OF SEVERAL OCCURRENCES

COLUMN 17 PEAK WIND IN M.P.H.

PRELIMINARY LOCAL CLIMATOLOGICAL DATA (WS FORM: F-6) , PAGE 2

                                          STATION:  FORT PIERCE
                                          MONTH:    MAY
                                          YEAR:     2015
                                          LATITUDE:   27 30 N
                                          LONGITUDE:  80 22 W

[TEMPERATURE DATA]      [PRECIPITATION DATA]       SYMBOLS USED IN COLUMN 16

AVERAGE MONTHLY: 77.1   TOTAL FOR MONTH:   1.54    1 = FOG OR MIST
DPTR FM NORMAL:   1.3   DPTR FM NORMAL:   -1.51    2 = FOG REDUCING VISIBILITY
HIGHEST:    91 ON 21    GRTST 24HR  0.63 ON 25-26      TO 1/4 MILE OR LESS
LOWEST:     58 ON  1                               3 = THUNDER
                        SNOW, ICE PELLETS, HAIL    4 = ICE PELLETS
                        TOTAL MONTH:   0.0 INCH    5 = HAIL
                        GRTST 24HR     0.0         6 = FREEZING RAIN OR DRIZZLE
                        GRTST DEPTH:   0           7 = DUSTSTORM OR SANDSTORM:
                                                       VSBY 1/2 MILE OR LESS
                                                   8 = SMOKE OR HAZE
[NO. OF DAYS WITH]      [WEATHER - DAYS WITH]      9 = BLOWING SNOW
                                                   X = TORNADO
MAX 32 OR BELOW:   0    0.01 INCH OR MORE:   7
MAX 90 OR ABOVE:   1    0.10 INCH OR MORE:   5
MIN 32 OR BELOW:   0    0.50 INCH OR MORE:   0
MIN  0 OR BELOW:   0    1.00 INCH OR MORE:   0

[HDD (BASE 65) ]
TOTAL THIS MO.     0    CLEAR  (SCALE 0-3)  18
DPTR FM NORMAL     0    PTCLDY (SCALE 4-7)   9
TOTAL FM JUL 1   385    CLOUDY (SCALE 8-10)  0
DPTR FM NORMAL   -56

[CDD (BASE 65) ]
TOTAL THIS MO.   335
DPTR FM NORMAL    46    [PRESSURE DATA]
TOTAL FM JAN 1  1035    HIGHEST SLP M ON M
DPTR FM NORMAL   303    LOWEST  SLP 29.86 ON  1

[REMARKS]
