000
CXUS55 KFSD 011055
CF6FSD

PRELIMINARY LOCAL CLIMATOLOGICAL DATA (WS FORM: F-6)

                                          STATION:   SIOUX FALLS
                                          MONTH:     AUGUST
                                          YEAR:      2015
                                          LATITUDE:   43 34 N
                                          LONGITUDE:  96 44 W

  TEMPERATURE IN F:       :PCPN:    SNOW:  WIND      :SUNSHINE: SKY     :PK WND
================================================================================
1   2   3   4   5  6A  6B    7    8   9   10  11  12  13   14  15   16   17  18
                                     12Z  AVG MX 2MIN
DY MAX MIN AVG DEP HDD CDD  WTR  SNW DPTH SPD SPD DIR MIN PSBL S-S WX    SPD DR
================================================================================

 1  84  62  73   0   0   8 0.00  0.0    0  7.9 22 200   M    M   3        27 200
 2  86  61  74   1   0   9 0.00  0.0    0  8.2 17 350   M    M   2 3      22 350
 3  82  56  69  -4   0   4 0.00  0.0    0  3.5 10 290   M    M   3        14 300
 4  79  58  69  -3   0   4 0.00  0.0    0  6.9 14 130   M    M   8        17 110
 5  80  60  70  -2   0   5 0.00  0.0    0  9.1 15 170   M    M   6        19 140
 6  83  69  76   4   0  11 0.17  0.0    0 11.0 23 190   M    M   6 13     28 180
 7  90  61  76   4   0  11 0.00  0.0    0  4.7 14 320   M    M   4 1      18 280
 8  85  70  78   6   0  13    T  0.0    0  8.7 17 180   M    M   6        22 190
 9  88  62  75   3   0  10 0.02  0.0    0  5.5 24 350   M    M   7 13     31 340
10  83  61  72   0   0   7 0.00  0.0    0  6.0 14 360   M    M   3        21 350
11  87  57  72   0   0   7 0.00  0.0    0  3.1 10 340   M    M   1        15  30
12  89  60  75   3   0  10 0.00  0.0    0  9.7 21 180   M    M   1        26 200
13  83  70  77   6   0  12    T  0.0    0  8.6 16 200   M    M   7        22 200
14  91  68  80   9   0  15 0.00  0.0    0  7.9 16 170   M    M   1 3      19 170
15  91  70  81  10   0  16 0.00  0.0    0 14.8 25 180   M    M   2        35 170
16  79  63  71   0   0   6 1.61  0.0    0  9.2 20  90   M    M   8 13     28 200
17  69  59  64  -7   1   0 0.92  0.0    0 10.7 25  40   M    M   9 13     29  50
18  68  52  60 -11   5   0 0.99  0.0    0 16.0 37 320   M    M  10 138    47 320
19  71  51  61 -10   4   0 0.20  0.0    0 16.4 33 330   M    M   7 1      44 320
20  79  48  64  -6   1   0 0.00  0.0    0  5.8 16 150   M    M   2        21 150
21  81  62  72   2   0   7 0.00  0.0    0 14.6 26 180   M    M   2        31 170
22  81  56  69  -1   0   4    T  0.0    0 16.0 30 190   M    M   7        42 180
23  70  50  60 -10   5   0 0.00  0.0    0 14.1 26 320   M    M   2        34 300
24  71  44  58 -11   7   0 0.00  0.0    0  7.9 17 330   M    M   1        23 340
25  74  43  59 -10   6   0 0.00  0.0    0  2.1  8  40   M    M   5 1      11  10
26  77  49  63  -6   2   0 0.01  0.0    0  8.0 22 150   M    M   6        27 310
27  78  64  71   2   0   6 2.60  0.0    0  9.6 30 150   M    M   8 13     36 150
28  72  56  64  -4   1   0 0.05  0.0    0 10.3 22  90   M    M   9 1      26  90
29  75  51  63  -5   2   0 0.00  0.0    0  5.5 14 160   M    M   4 1      18 170
30  76  62  69   1   0   4 0.00  0.0    0 11.6 18 160   M    M   8 1      23 170
31  83  64  74   6   0   9 0.00  0.0    0 13.0 22 190   M    M   3 1      28 200
================================================================================
SM 2485 1819        34 178  6.57     0.0 286.4          M      151
================================================================================
AV 80.2 58.7                               9.2 FASTST   M    M   5    MAX(MPH)
                                 MISC ---->  # 37 320               # 47  320
================================================================================
NOTES:
# LAST OF SEVERAL OCCURRENCES
-COLUMN 17 PEAK WIND IN M.P.H.
-PRECIPITATION AMOUNTS IN COLUMNS 7,8, AND 9 ARE THE OFFICIAL PRECIPITATION
 AMOUNTS FOR SIOUX FALLS, SD.
-SNOW DEPTH IN COLUMN 9 IS RECORDED AT 6 AM CST (12Z).

PRELIMINARY LOCAL CLIMATOLOGICAL DATA (WS FORM: F-6) , PAGE 2

                                          STATION:  SIOUX FALLS
                                          MONTH:    AUGUST
                                          YEAR:     2015
                                          LATITUDE:   43 34 N
                                          LONGITUDE:  96 44 W

[TEMPERATURE DATA]      [PRECIPITATION DATA]       SYMBOLS USED IN COLUMN 16

AVERAGE MONTHLY: 69.4   TOTAL FOR MONTH:   6.57    1 = FOG OR MIST
DPTR FM NORMAL:  -1.3   DPTR FM NORMAL:    3.52    2 = FOG REDUCING VISIBILITY
HIGHEST:    91 ON 15,14 GRTST 24HR  2.62 ON 27-28      TO 1/4 MILE OR LESS
LOWEST:     43 ON 25                               3 = THUNDER
                        SNOW, ICE PELLETS, HAIL    4 = ICE PELLETS
                        TOTAL MONTH:   0.0 INCH    5 = HAIL
                        GRTST 24HR     0.0         6 = FREEZING RAIN OR DRIZZLE
                        GRTST DEPTH:   0           7 = DUSTSTORM OR SANDSTORM:
                                                       VSBY 1/2 MILE OR LESS
                                                   8 = SMOKE OR HAZE
[NO. OF DAYS WITH]      [WEATHER - DAYS WITH]      9 = BLOWING SNOW
                                                   X = TORNADO
MAX 32 OR BELOW:   0    0.01 INCH OR MORE:   9
MAX 90 OR ABOVE:   3    0.10 INCH OR MORE:   6
MIN 32 OR BELOW:   0    0.50 INCH OR MORE:   4
MIN  0 OR BELOW:   0    1.00 INCH OR MORE:   2

[HDD (BASE 65) ]
TOTAL THIS MO.    34    CLEAR  (SCALE 0-3)  12
DPTR FM NORMAL    11    PTCLDY (SCALE 4-7)  15
TOTAL FM JUL 1    40    CLOUDY (SCALE 8-10)  4
DPTR FM NORMAL     9

[CDD (BASE 65) ]
TOTAL THIS MO.   178
DPTR FM NORMAL   -20    [PRESSURE DATA]
TOTAL FM JAN 1   575    HIGHEST SLP 30.22 ON 26
DPTR FM NORMAL   -50    LOWEST  SLP 29.53 ON 18

[REMARKS]
RECORD DAILY MAXIMUM RAINFALL WAS ESTABLISHED ON THE 16TH WITH 1.61 INCHES.
THE PREVIOUS RECORD WAS 1.25 INCHES SET IN 1910.

RECORD DAILY MAXIMUM RAINFALL WAS ESTABLISHED ON THE 27TH WITH 2.60 INCHES.
THE PREVIOUS RECORD WAS 1.22 INCHES SET IN 1952.

#FINAL-08-15#
