000
CXUS55 KFSD 240905
CF6FSD
PRELIMINARY LOCAL CLIMATOLOGICAL DATA (WS FORM: F-6)

                                          STATION:   SIOUX FALLS
                                          MONTH:     APRIL
                                          YEAR:      2014
                                          LATITUDE:   43 34 N
                                          LONGITUDE:  96 44 W

  TEMPERATURE IN F:       :PCPN:    SNOW:  WIND      :SUNSHINE: SKY     :PK WND
================================================================================
1   2   3   4   5  6A  6B    7    8   9   10  11  12  13   14  15   16   17  18
                                     12Z  AVG MX 2MIN
DY MAX MIN AVG DEP HDD CDD  WTR  SNW DPTH SPD SPD DIR MIN PSBL S-S WX    SPD DR
================================================================================

 1  34  14  24 -16  41   0    T    T    0 13.4 37 320   M    M   7        46 310
 2  47  21  34  -6  31   0    T    T    0 13.8 23  70   M    M   8 4      30  80
 3  36  30  33  -8  32   0 0.22  2.6    0 12.7 22 350   M    M  10 124    28 340
 4  41  23  32  -9  33   0    T    T    3 13.4 28 340   M    M   8 16     33 340
 5  58  25  42   0  23   0 0.00  0.0    T 15.3 28 170   M    M   3        36 180
 6  68  31  50   8  15   0    T  0.0    0  6.1 21 190   M    M   4 138    25 170
 7  60  34  47   4  18   0    T  0.0    0 10.5 29 340   M    M   4        37 350
 8  56  33  45   2  20   0 0.00  0.0    0 11.7 23 330   M    M   3        31 320
 9  81  38  60  16   5   0 0.00  0.0    0 11.3 32 360   M    M   6        39 350
10  65  42  54  10  11   0 0.00  0.0    0 10.6 25 320   M    M   6        36 310
11  72  38  55  11  10   0 0.00  0.0    0  8.4 24 120   M    M   6        31 110
12  74  48  61  16   4   0    T  0.0    0 10.6 21 120   M    M   6        29 140
13  48  27  38  -7  27   0    T    T    0 22.6 33 360   M    M   9        44 360
14  41  19  30 -16  35   0    T    T    0 13.6 30 360   M    M   5        36 350
15  48  11  30 -16  35   0 0.00  0.0    0 11.0 26 160   M    M   4        35 150
16  48  28  38  -9  27   0 0.23  0.8    0 17.0 29 360   M    M   9 14     36 120
17  46  19  33 -14  32   0 0.00  0.0    1  8.4 21 350   M    M   6        26  70
18  66  32  49   1  16   0 0.00  0.0    0 19.2 32 170   M    M   8 8      44 140
19  71  53  62  14   3   0 0.00  0.0    0 12.3 28 180   M    M   7        35 180
20  80  44  62  14   3   0 0.00  0.0    0  7.7 20 120   M    M   5        25  90
21  69  36  53   4  12   0    T  0.0    0 16.1 30 340   M    M   2        41 320
22  66  29  48  -1  17   0    T  0.0    0  8.3 21 130   M    M   4        28 200
23  65  47  56   6   9   0    T  0.0    0 21.8 36 140   M    M   8        46 130
================================================================================
SM 1340  722       459   0  0.45     3.4 295.8          M      138
================================================================================
AV 58.3 31.4                              12.9 FASTST   M    M   6    MAX(MPH)
                                 MISC ---->  # 37 320               # 46  310
================================================================================
NOTES:
# LAST OF SEVERAL OCCURRENCES

COLUMN 17 PEAK WIND IN M.P.H.

PRELIMINARY LOCAL CLIMATOLOGICAL DATA (WS FORM: F-6) , PAGE 2

                                          STATION:  SIOUX FALLS
                                          MONTH:    APRIL
                                          YEAR:     2014
                                          LATITUDE:   43 34 N
                                          LONGITUDE:  96 44 W

[TEMPERATURE DATA]      [PRECIPITATION DATA]       SYMBOLS USED IN COLUMN 16

AVERAGE MONTHLY: 44.8   TOTAL FOR MONTH:   0.45    1 = FOG OR MIST
DPTR FM NORMAL:  -0.0   DPTR FM NORMAL:   -1.82    2 = FOG REDUCING VISIBILITY
HIGHEST:    81 ON  9    GRTST 24HR  0.23 ON 16-16      TO 1/4 MILE OR LESS
LOWEST:     11 ON 15                               3 = THUNDER
                        SNOW, ICE PELLETS, HAIL    4 = ICE PELLETS
                        TOTAL MONTH:   3.4 INCHES  5 = HAIL
                        GRTST 24HR   2.6 ON   M    6 = FREEZING RAIN OR DRIZZLE
                        GRTST DEPTH:   3 ON  4     7 = DUSTSTORM OR SANDSTORM:
                                                       VSBY 1/2 MILE OR LESS
                                                   8 = SMOKE OR HAZE
[NO. OF DAYS WITH]      [WEATHER - DAYS WITH]      9 = BLOWING SNOW
                                                   X = TORNADO
MAX 32 OR BELOW:   0    0.01 INCH OR MORE:   2
MAX 90 OR ABOVE:   0    0.10 INCH OR MORE:   2
MIN 32 OR BELOW:  13    0.50 INCH OR MORE:   0
MIN  0 OR BELOW:   0    1.00 INCH OR MORE:   0

[HDD (BASE 65) ]
TOTAL THIS MO.   459    CLEAR  (SCALE 0-3)   3
DPTR FM NORMAL    -5    PTCLDY (SCALE 4-7)  17
TOTAL FM JUL 1  7907    CLOUDY (SCALE 8-10)  3
DPTR FM NORMAL   598

[CDD (BASE 65) ]
TOTAL THIS MO.     0
DPTR FM NORMAL     0    [PRESSURE DATA]
TOTAL FM JAN 1     0    HIGHEST SLP M ON M
DPTR FM NORMAL     0    LOWEST  SLP 29.51 ON 23

[REMARKS]
