000
CXUS54 KTSA 011038
CF6FSM
PRELIMINARY LOCAL CLIMATOLOGICAL DATA (WS FORM: F-6)

                                          STATION:   FORT SMITH ARKANSAS
                                          MONTH:     FEBRUARY
                                          YEAR:      2015
                                          LATITUDE:   35 19 N
                                          LONGITUDE:  94 22 W

  TEMPERATURE IN F:       :PCPN:    SNOW:  WIND      :SUNSHINE: SKY     :PK WND
================================================================================
1   2   3   4   5  6A  6B    7    8   9   10  11  12  13   14  15   16   17  18
                                     12Z  AVG MX 2MIN
DY MAX MIN AVG DEP HDD CDD  WTR  SNW DPTH SPD SPD DIR MIN PSBL S-S WX    SPD DR
================================================================================

 1  48  23  36  -5  29   0 0.64  0.0    0 14.4 30 300   M    M   9 1      36 290
 2  36  19  28 -13  37   0 0.00  0.0    0  7.1 23 320   M    M   4        36 330
 3  57  21  39  -2  26   0 0.00  0.0    0  3.9 12 210   M    M   0        14 210
 4  61  31  46   4  19   0 0.02  0.0    0  7.5 22 360   M    M   4 18     26 360
 5  42  27  35  -7  30   0 0.00  0.0    0  6.4 18  10   M    M   3 1      24  20
 6  59  30  45   3  20   0 0.00  0.0    0  5.3 14 210   M    M   3        19 240
 7  73  32  53  11  12   0 0.00  0.0    0  5.2 22 190   M    M   1 18     28 190
 8  72  38  55  13  10   0 0.00  0.0    0  5.4 15 280   M    M   0 1      18 250
 9  66  40  53  10  12   0 0.00  0.0    0  8.2 15 350   M    M   0        18 300
10  59  33  46   3  19   0 0.00  0.0    0 10.2 16  80   M    M   0 18     21  80
11  66  36  51   8  14   0 0.00  0.0    0  8.3 23 340   M    M   0        29 340
12  48  31  40  -3  25   0 0.00  0.0    0  7.3 17 360   M    M   1        22 350
13  54  30  42  -2  23   0 0.00  0.0    0  5.4 12  50   M    M   0        14  70
14  73  28  51   7  14   0 0.00  0.0    0  7.8 20  70   M    M   0 18     24  30
15  47  27  37  -7  28   0 0.03  0.0    0 16.6 24  80   M    M   4 6      30 100
16  29  19  24 -20  41   0 0.50  0.3    0  8.2 20 350   M    M   9 168    25 330
17  41  17  29 -16  36   0 0.05    T    0  6.3 21 310   M    M   2 18     32 300
18  41  20  31 -14  34   0 0.00  0.0    0 10.3 22 310   M    M   2        31 310
19  41  23  32 -13  33   0 0.00  0.0    0  8.6 21  80   M    M   4        24  80
20  34  26  30 -16  35   0    T  0.0    0 16.0 21  80   M    M   9 1      26  70
21  57  32  45  -1  20   0 0.50  0.0    0  8.3 22  20   M    M   5 13     25  30
22  43  30  37  -9  28   0 0.12  2.0    0  8.9 21  20   M    M   6 12     25  20
23  30  23  27 -20  38   0 0.09  2.0    2  8.0 17  10   M    M  10 18     21  20
24  37  24  31 -16  34   0 0.00  0.0    1  6.8 14 240   M    M   6        16 250
25  45  26  36 -11  29   0 0.00  0.0    0  1.3  8 190   M    M   1 18     10 180
26  36  24  30 -18  35   0 0.00  0.0    0 12.0 21 330   M    M   4        27 310
27  25  18  22 -26  43   0 0.09    M    0  8.0 17  60   M    M   6 18     20  60
28  32  23  28 -20  37   0 0.36    M    0  9.3 17  80   M    M  10 168    19  80
================================================================================
SM 1352  751       761   0  2.40     4.3 231.0          M      103
================================================================================
AV 48.3 26.8                               8.3 FASTST   M    M   4    MAX(MPH)
                                 MISC ---->  # 30 300               # 36  290
================================================================================
NOTES:
# LAST OF SEVERAL OCCURRENCES

COLUMN 17 PEAK WIND IN M.P.H.

PRELIMINARY LOCAL CLIMATOLOGICAL DATA (WS FORM: F-6) , PAGE 2

                                          STATION:  FORT SMITH ARKANSAS
                                          MONTH:    FEBRUARY
                                          YEAR:     2015
                                          LATITUDE:   35 19 N
                                          LONGITUDE:  94 22 W

[TEMPERATURE DATA]      [PRECIPITATION DATA]       SYMBOLS USED IN COLUMN 16

AVERAGE MONTHLY: 37.6   TOTAL FOR MONTH:   2.40    1 = FOG OR MIST
DPTR FM NORMAL:  -6.6   DPTR FM NORMAL:   -0.36    2 = FOG REDUCING VISIBILITY
HIGHEST:    73 ON 14, 7 GRTST 24HR  0.70 ON 31- 1      TO 1/4 MILE OR LESS
LOWEST:     17 ON 17                               3 = THUNDER
                        SNOW, ICE PELLETS, HAIL    4 = ICE PELLETS
                        TOTAL MONTH:   4.3 INCHES  5 = HAIL
                        GRTST 24HR   2.0 ON 23-23  6 = FREEZING RAIN OR DRIZZLE
                        GRTST DEPTH:   2 ON 23     7 = DUSTSTORM OR SANDSTORM:
                                                       VSBY 1/2 MILE OR LESS
                                                   8 = SMOKE OR HAZE
[NO. OF DAYS WITH]      [WEATHER - DAYS WITH]      9 = BLOWING SNOW
                                                   X = TORNADO
MAX 32 OR BELOW:   4    0.01 INCH OR MORE:  10
MAX 90 OR ABOVE:   0    0.10 INCH OR MORE:   5
MIN 32 OR BELOW:  24    0.50 INCH OR MORE:   3
MIN  0 OR BELOW:   0    1.00 INCH OR MORE:   0

[HDD (BASE 65) ]
TOTAL THIS MO.   761    CLEAR  (SCALE 0-3)  14
DPTR FM NORMAL   179    PTCLDY (SCALE 4-7)   9
TOTAL FM JUL 1  2814    CLOUDY (SCALE 8-10)  5
DPTR FM NORMAL   141

[CDD (BASE 65) ]
TOTAL THIS MO.     0
DPTR FM NORMAL    -1    [PRESSURE DATA]
TOTAL FM JAN 1     0    HIGHEST SLP 30.68 ON 23
DPTR FM NORMAL    -1    LOWEST  SLP 29.76 ON 21

[REMARKS]
#FINAL-02-15#
