000
CXUS54 KMAF 171100
CF6FST
PRELIMINARY LOCAL CLIMATOLOGICAL DATA (WS FORM: F-6)

                                          STATION:   Fort Stockton
                                          MONTH:     SEPTEMBER
                                          YEAR:      2014
                                          LATITUDE:   30 55 N
                                          LONGITUDE: 102 55 W

  TEMPERATURE IN F:       :PCPN:    SNOW:  WIND      :SUNSHINE: SKY     :PK WND
================================================================================
1   2   3   4   5  6A  6B    7    8   9   10  11  12  13   14  15   16   17  18
                                     12Z  AVG MX 2MIN
DY MAX MIN AVG DEP HDD CDD  WTR  SNW DPTH SPD SPD DIR MIN PSBL S-S WX    SPD DR
================================================================================

 1 104  75  90  11   0  25 0.00  0.0    0 13.5 22 150   M    M   0        30 160
 2 101  75  88   9   0  23 0.00  0.0    0 14.7 26 140   M    M   0 3      34 140
 3  90  73  82   3   0  17 0.00  0.0    0 18.0 31 140   M    M   0        41 150
 4  89  70  80   1   0  15 0.00  0.0    0 17.7 28 150   M    M   2        36 150
 5  85  70  78   0   0  13 0.00  0.0    0 15.5 26 120   M    M   3        32 130
 6  77  65  71  -7   0   6 0.68  0.0    0  9.8 21  40   M    M   9 13     26  30
 7  78  64  71  -7   0   6 0.06  0.0    0  6.6 13 330   M    M   9 13     16  70
 8  89  65  77  -1   0  12 0.00  0.0    0  5.9 17 150   M    M   3 3      21 140
 9  96  67  82   4   0  17 0.00  0.0    0  9.2 17 220   M    M   1        22 220
10  98  71  85   8   0  20 0.00  0.0    0  9.4 18 290   M    M   0        26 270
11  91  65  78   1   0  13 1.36  0.0    0  8.4 35 100   M    M   4 13     40 100
12  75  54  65 -12   0   0 0.04  0.0    0 12.2 26  50   M    M   9 1      36  60
13  55  50  53 -24  12   0 0.08  0.0    0  7.3 16  30   M    M  10 1      20  30
14  67  54  61 -15   4   0 0.07  0.0    0  8.2 16 120   M    M  10 1      21 120
15  80  63  72  -4   0   7    T  0.0    0  7.3 14 140   M    M   4        17 160
16  83  65  74  -2   0   9 0.00  0.0    0  7.3 16 120   M    M   2 1      20 150
================================================================================
SM 1358 1046        16 183  2.29     0.0 171.0          M       66
================================================================================
AV 84.9 65.4                              10.7 FASTST   M    M   4    MAX(MPH)
                                 MISC ---->  # 35 100               # 41  150
================================================================================
NOTES:
# LAST OF SEVERAL OCCURRENCES

COLUMN 17 PEAK WIND IN M.P.H.

PRELIMINARY LOCAL CLIMATOLOGICAL DATA (WS FORM: F-6) , PAGE 2

                                          STATION:  Fort Stockton
                                          MONTH:    SEPTEMBER
                                          YEAR:     2014
                                          LATITUDE:   30 55 N
                                          LONGITUDE: 102 55 W

[TEMPERATURE DATA]      [PRECIPITATION DATA]       SYMBOLS USED IN COLUMN 16

AVERAGE MONTHLY: 75.1   TOTAL FOR MONTH:   2.29    1 = FOG OR MIST
DPTR FM NORMAL:  -2.5   DPTR FM NORMAL:    1.22    2 = FOG REDUCING VISIBILITY
HIGHEST:   104 ON  1    GRTST 24HR  1.36 ON 11-11      TO 1/4 MILE OR LESS
LOWEST:     50 ON 13                               3 = THUNDER
                        SNOW, ICE PELLETS, HAIL    4 = ICE PELLETS
                        TOTAL MONTH:   0.0 INCH    5 = HAIL
                        GRTST 24HR     0.0         6 = FREEZING RAIN OR DRIZZLE
                        GRTST DEPTH:   0           7 = DUSTSTORM OR SANDSTORM:
                                                       VSBY 1/2 MILE OR LESS
                                                   8 = SMOKE OR HAZE
[NO. OF DAYS WITH]      [WEATHER - DAYS WITH]      9 = BLOWING SNOW
                                                   X = TORNADO
MAX 32 OR BELOW:   0    0.01 INCH OR MORE:   6
MAX 90 OR ABOVE:   6    0.10 INCH OR MORE:   2
MIN 32 OR BELOW:   0    0.50 INCH OR MORE:   2
MIN  0 OR BELOW:   0    1.00 INCH OR MORE:   1

[HDD (BASE 65) ]
TOTAL THIS MO.    16    CLEAR  (SCALE 0-3)   8
DPTR FM NORMAL    16    PTCLDY (SCALE 4-7)   3
TOTAL FM JUL 1    16    CLOUDY (SCALE 8-10)  5
DPTR FM NORMAL    16

[CDD (BASE 65) ]
TOTAL THIS MO.   183
DPTR FM NORMAL   -20    [PRESSURE DATA]
TOTAL FM JAN 1  2413    HIGHEST SLP M ON M
DPTR FM NORMAL   150    LOWEST  SLP 29.67 ON  1

[REMARKS]
