000
CXUS54 KMAF 231100
CF6FST
PRELIMINARY LOCAL CLIMATOLOGICAL DATA (WS FORM: F-6)

                                          STATION:   Fort Stockton
                                          MONTH:     APRIL
                                          YEAR:      2014
                                          LATITUDE:   30 55 N
                                          LONGITUDE: 102 55 W

  TEMPERATURE IN F:       :PCPN:    SNOW:  WIND      :SUNSHINE: SKY     :PK WND
================================================================================
1   2   3   4   5  6A  6B    7    8   9   10  11  12  13   14  15   16   17  18
                                     12Z  AVG MX 2MIN
DY MAX MIN AVG DEP HDD CDD  WTR  SNW DPTH SPD SPD DIR MIN PSBL S-S WX    SPD DR
================================================================================

 1  92  52  72   8   0   7 0.00  0.0    0  9.1 21 220   M    M   0        27 190
 2  91  56  74  10   0   9 0.00  0.0    0 10.6 24 220   M    M   0        30 230
 3  79  55  67   3   0   2 0.00  0.0    0 16.1 30 320   M    M   0        36 310
 4  69  39  54 -11  11   0 0.00  0.0    0  9.4 20 120   M    M   0        24 120
 5  76  53  65   0   0   0 0.00  0.0    0 20.2 33 140   M    M   1        41 150
 6  75  48  62  -3   3   0 0.00  0.0    0 12.0 38 270   M    M   1 8      48 270
 7  69  47  58  -8   7   0 0.00  0.0    0 12.8 45 330   M    M   2        54 320
 8  77  40  59  -7   6   0 0.00  0.0    0  4.8 13 220   M    M   0        14 150
 9  91  50  71   5   0   6 0.00  0.0    0 10.9 18 210   M    M   0        25 170
10  93  51  72   6   0   7 0.00  0.0    0 12.6 24 220   M    M   0        29 230
11  91  60  76   9   0  11 0.00  0.0    0  9.6 17 220   M    M   0        20 220
12  90  63  77  10   0  12 0.00  0.0    0 11.5 21 250   M    M   1        26 220
13  88  63  76   9   0  11 0.00  0.0    0 11.6 29 300   M    M   0 8      38 280
14  64  40  52 -15  13   0 0.00  0.0    0 15.8 29  20   M    M   3 8      43 350
15  70  33  52 -16  13   0 0.00  0.0    0 12.3 23 150   M    M   0        30 160
16  88  46  67  -1   0   2 0.00  0.0    0 14.9 31 120   M    M   0        39 120
17  78  52  65  -3   0   0 0.00  0.0    0 13.8 24 300   M    M   0        31 300
18  76  54  65  -3   0   0 0.00  0.0    0 14.4 24 150   M    M   3        34 150
19  79  59  69   0   0   4 0.60  0.0    0 16.7 35 120   M    M   2 13     42 110
20  82  56  69   0   0   4    T  0.0    0  7.4 16 160   M    M   4        20 170
21  89  57  73   4   0   8 0.00  0.0    0  7.2 15  20   M    M   0        19  10
22  86  60  73   4   0   8 0.00  0.0    0 11.9 20 150   M    M   0 18     30 120
================================================================================
SM 1793 1134        53  91  0.60     0.0 265.6          M       17
================================================================================
AV 81.5 51.5                              12.1 FASTST   M    M   1    MAX(MPH)
                                 MISC ---->  # 45 330               # 54  320
================================================================================
NOTES:
# LAST OF SEVERAL OCCURRENCES

COLUMN 17 PEAK WIND IN M.P.H.

PRELIMINARY LOCAL CLIMATOLOGICAL DATA (WS FORM: F-6) , PAGE 2

                                          STATION:  Fort Stockton
                                          MONTH:    APRIL
                                          YEAR:     2014
                                          LATITUDE:   30 55 N
                                          LONGITUDE: 102 55 W

[TEMPERATURE DATA]      [PRECIPITATION DATA]       SYMBOLS USED IN COLUMN 16

AVERAGE MONTHLY: 66.5   TOTAL FOR MONTH:   0.60    1 = FOG OR MIST
DPTR FM NORMAL:  -0.2   DPTR FM NORMAL:   -0.03    2 = FOG REDUCING VISIBILITY
HIGHEST:    93 ON 10    GRTST 24HR  0.60 ON 19-19      TO 1/4 MILE OR LESS
LOWEST:     33 ON 15                               3 = THUNDER
                        SNOW, ICE PELLETS, HAIL    4 = ICE PELLETS
                        TOTAL MONTH:   0.0 INCH    5 = HAIL
                        GRTST 24HR     0.0         6 = FREEZING RAIN OR DRIZZLE
                        GRTST DEPTH:   0           7 = DUSTSTORM OR SANDSTORM:
                                                       VSBY 1/2 MILE OR LESS
                                                   8 = SMOKE OR HAZE
[NO. OF DAYS WITH]      [WEATHER - DAYS WITH]      9 = BLOWING SNOW
                                                   X = TORNADO
MAX 32 OR BELOW:   0    0.01 INCH OR MORE:   1
MAX 90 OR ABOVE:   6    0.10 INCH OR MORE:   1
MIN 32 OR BELOW:   0    0.50 INCH OR MORE:   1
MIN  0 OR BELOW:   0    1.00 INCH OR MORE:   0

[HDD (BASE 65) ]
TOTAL THIS MO.    53    CLEAR  (SCALE 0-3)  20
DPTR FM NORMAL    -6    PTCLDY (SCALE 4-7)   2
TOTAL FM JUL 1  1925    CLOUDY (SCALE 8-10)  0
DPTR FM NORMAL     0

[CDD (BASE 65) ]
TOTAL THIS MO.    91
DPTR FM NORMAL    -5    [PRESSURE DATA]
TOTAL FM JAN 1   149    HIGHEST SLP M ON M
DPTR FM NORMAL     4    LOWEST  SLP 29.54 ON 13

[REMARKS]
