000
CXUS54 KFWD 240730
CF6FTW
PRELIMINARY LOCAL CLIMATOLOGICAL DATA (WS FORM: F-6)

                                          STATION:   FORT WORTH MEACHAM
                                          MONTH:     MAY
                                          YEAR:      2016
                                          LATITUDE:   32 49 N
                                          LONGITUDE:  97 21 W

  TEMPERATURE IN F:       :PCPN:    SNOW:  WIND      :SUNSHINE: SKY     :PK WND
================================================================================
1   2   3   4   5  6A  6B    7    8   9   10  11  12  13   14  15   16   17  18
                                     12Z  AVG MX 2MIN
DY MAX MIN AVG DEP HDD CDD  WTR  SNW DPTH SPD SPD DIR MIN PSBL S-S WX    SPD DR
================================================================================

 1  75  57  66  -3   0   1 0.00  0.0    0 13.5 23 360   M    M   1        27  10
 2  68  53  61  -8   4   0 0.77  0.0    0 10.7 22 310   M    M   7 13     30 320
 3  75  49  62  -8   3   0    T  0.0    0  4.4 20 320   M    M   0 1      24 320
 4  82  55  69  -1   0   4 0.00  0.0    0  7.4 20 290   M    M   0        24 280
 5  84  57  71   1   0   6 0.00  0.0    0  4.1 12  30   M    M   0        18 360
 6  85  56  71   1   0   6 0.00  0.0    0  4.7 13 170   M    M   0        16 170
 7  85  60  73   2   0   8 0.00  0.0    0 12.8 25 150   M    M   0        31 150
 8  76  69  73   2   0   8 0.21  0.0    0 16.3 28 140   M    M   8 13     35 180
 9  91  67  79   8   0  14 0.06  0.0    0 15.3 26 210   M    M   3 13     33 210
10  95  64  80   8   0  15 0.07  0.0    0 14.4 44 210   M    M   0 138    55 230
11  90  65  78   6   0  13    M  0.0    0 12.3 38 280   M    M   2 13     47 280
12  82  68  75   3   0  10 0.01  0.0    0  9.6 24 120   M    M   1        28 120
13  85  62  74   1   0   9 0.00  0.0    0  7.6 15 120   M    M   0        20 150
14  74  60  67  -6   0   2 0.11  0.0    0 11.7 23  10   M    M   2 3      30  20
15  76  60  68  -5   0   3 0.00  0.0    0  8.9 16 110   M    M   8        20 100
16  80  65  73  -1   0   8    T  0.0    0 13.0 24 160   M    M  10        31 160
17  83  63  73  -1   0   8 0.03  0.0    0 12.8 26  20   M    M   7 1      36  20
18  65  56  61 -13   4   0 0.12  0.0    0 10.6 21  10   M    M  10 1      26 360
19  69  59  64 -10   1   0 0.42  0.0    0  6.9 24 100   M    M   9 13     29 110
20  82  61  72  -3   0   7 0.00  0.0    0  5.0 10 140   M    M   5 18     17 210
21  85  64  75   0   0  10 0.00  0.0    0  8.1 15 140   M    M   4        18 140
22  88  71  80   5   0  15    T  0.0    0 10.8 21 120   M    M   7        24 130
23  83  68  76   0   0  11    T  0.0    0 13.2 23 160   M    M   7 13     27 160
================================================================================
SM 1858 1409        12 158  1.80     0.0 234.1          M       91
================================================================================
AV 80.8 61.3                              10.2 FASTST   M    M   4    MAX(MPH)
                                 MISC ---->  # 44 210               # 55  230
================================================================================
NOTES:
# LAST OF SEVERAL OCCURRENCES

COLUMN 17 PEAK WIND IN M.P.H.

PRELIMINARY LOCAL CLIMATOLOGICAL DATA (WS FORM: F-6) , PAGE 2

                                          STATION:  FORT WORTH MEACHAM
                                          MONTH:    MAY
                                          YEAR:     2016
                                          LATITUDE:   32 49 N
                                          LONGITUDE:  97 21 W

[TEMPERATURE DATA]      [PRECIPITATION DATA]       SYMBOLS USED IN COLUMN 16

AVERAGE MONTHLY: 71.0   TOTAL FOR MONTH:   1.80    1 = FOG OR MIST
DPTR FM NORMAL:  -1.3   DPTR FM NORMAL:   -1.23    2 = FOG REDUCING VISIBILITY
HIGHEST:    95 ON 10    GRTST 24HR  0.77 ON  2- 2      TO 1/4 MILE OR LESS
LOWEST:     49 ON  3                               3 = THUNDER
                        SNOW, ICE PELLETS, HAIL    4 = ICE PELLETS
                        TOTAL MONTH:   0.0 INCH    5 = HAIL
                        GRTST 24HR     0.0         6 = FREEZING RAIN OR DRIZZLE
                        GRTST DEPTH:   0           7 = DUSTSTORM OR SANDSTORM:
                                                       VSBY 1/2 MILE OR LESS
                                                   8 = SMOKE OR HAZE
[NO. OF DAYS WITH]      [WEATHER - DAYS WITH]      9 = BLOWING SNOW
                                                   X = TORNADO
MAX 32 OR BELOW:   0    0.01 INCH OR MORE:   9
MAX 90 OR ABOVE:   3    0.10 INCH OR MORE:   5
MIN 32 OR BELOW:   0    0.50 INCH OR MORE:   1
MIN  0 OR BELOW:   0    1.00 INCH OR MORE:   0

[HDD (BASE 65) ]
TOTAL THIS MO.    12    CLEAR  (SCALE 0-3)  12
DPTR FM NORMAL     4    PTCLDY (SCALE 4-7)   8
TOTAL FM JUL 1  1537    CLOUDY (SCALE 8-10)  3
DPTR FM NORMAL  -834

[CDD (BASE 65) ]
TOTAL THIS MO.   158
DPTR FM NORMAL   -20    [PRESSURE DATA]
TOTAL FM JAN 1   324    HIGHEST SLP M ON M
DPTR FM NORMAL    21    LOWEST  SLP 29.57 ON  9

[REMARKS]
