000
CXUS52 KFFC 301110
CF6FTY
PRELIMINARY LOCAL CLIMATOLOGICAL DATA (WS FORM: F-6)

                                          STATION:   FULTON COUNTY AIRPORT
                                          MONTH:     AUGUST
                                          YEAR:      2015
                                          LATITUDE:   33 46 N
                                          LONGITUDE:  84 31 W

  TEMPERATURE IN F:       :PCPN:    SNOW:  WIND      :SUNSHINE: SKY     :PK WND
================================================================================
1   2   3   4   5  6A  6B    7    8   9   10  11  12  13   14  15   16   17  18
                                     12Z  AVG MX 2MIN
DY MAX MIN AVG DEP HDD CDD  WTR  SNW DPTH SPD SPD DIR MIN PSBL S-S WX    SPD DR
================================================================================

 1  91  69  80   0   0  15 0.00  0.0    M  3.5 16  60   M    M   4        20  40
 2  94  65  80   0   0  15 0.00  0.0    M  4.0 13  80   M    M   1        16 100
 3  94  70  82   2   0  17 0.00  0.0    M  1.6  8 290   M    M   3        11 290
 4  96  68  82   2   0  17 0.00  0.0    M  3.2 12 170   M    M   0        15 150
 5  96  73  85   5   0  20    T  0.0    M  4.9 21 180   M    M   0 3      26 180
 6  87  73  80   0   0  15 0.51    M    M  6.9 21 200   M    M   7 138    26 200
 7  88  72  80   0   0  15 0.00    M    M  6.4 18 280   M    M   5 1      26 320
 8  93  68  81   1   0  16 0.00    M    M  2.7  8 140   M    M   2        11 140
 9  92  70  81   1   0  16 0.01    M    M  3.6 18 270   M    M   2        23 290
10  93  72  83   3   0  18 0.60    M    M  4.4 21 230   M    M   2 138    28 220
11  91  72  82   3   0  17 0.02    M    M  5.2 15 340   M    M   4 1      19 340
12  89  70  80   1   0  15 0.00    M    M  5.7 16 300   M    M   1        22 300
13  89  66  78  -1   0  13 0.34    M    M  3.9 16  20   M    M   4 138    22  40
14  90  70  80   1   0  15 0.00    M    M  4.9 16 150   M    M   2 1      22 150
15  90  67  79   0   0  14 0.00    M    M  2.6 12 150   M    M   2        15  60
16  91  69  80   1   0  15 0.04    M    M  3.9 14 150   M    M   2        21 150
17  88  72  80   1   0  15 0.09    M    M  4.6 23 230   M    M   4 13     36 230
18  88  72  80   1   0  15 1.42    M    M  5.0 22 220   M    M   8 13     28 220
19  86  71  79   0   0  14 0.89  0.0    0  4.6 20 160   M    M   5 138    24 170
20  87  73  80   1   0  15 0.21    M    M  4.4 17 230   M    M   5 13     23 230
21  89  73  81   2   0  16    T  0.0    M  2.9 12 330   M    M   1        14 350
22  89  72  81   3   0  16    T  0.0    M  1.8 10 280   M    M   2 3      13 190
23  85  70  78   0   0  13 0.91    M    M  3.3 15 240   M    M   3 13     21 230
24  90  71  81   3   0  16 0.00  0.0    M  4.9 14 310   M    M   1        19 290
25  83  63  73  -5   0   8 0.00  0.0    M  7.1 16 330   M    M   0        22 300
26  86  60  73  -5   0   8 0.00  0.0    M  3.8 13  70   M    M   1        17 340
27  86  63  75  -3   0  10 0.00  0.0    0  4.9 17  70   M    M   2        22  80
28  84  66  75  -3   0  10 0.00  0.0    0  5.3 16  70   M    M   5        20  60
29  83  69  76  -1   0  11    T  0.0    0  4.1 14  80   M    M   5        19  90
================================================================================
SM 2588 2009         0 420  5.04     0.0 124.1          M       83
================================================================================
AV 89.2 69.3                               4.3 FASTST   M    M   3    MAX(MPH)
                                 MISC ---->  # 23 230               # 36  230
================================================================================
NOTES:
# LAST OF SEVERAL OCCURRENCES

COLUMN 17 PEAK WIND IN M.P.H.

PRELIMINARY LOCAL CLIMATOLOGICAL DATA (WS FORM: F-6) , PAGE 2

                                          STATION:  FULTON COUNTY AIRPORT
                                          MONTH:    AUGUST
                                          YEAR:     2015
                                          LATITUDE:   33 46 N
                                          LONGITUDE:  84 31 W

[TEMPERATURE DATA]      [PRECIPITATION DATA]       SYMBOLS USED IN COLUMN 16

AVERAGE MONTHLY: 79.3   TOTAL FOR MONTH:   5.04    1 = FOG OR MIST
DPTR FM NORMAL:   0.2   DPTR FM NORMAL:    0.53    2 = FOG REDUCING VISIBILITY
HIGHEST:    96 ON  5, 4 GRTST 24HR  1.42 ON 18-18      TO 1/4 MILE OR LESS
LOWEST:     60 ON 26                               3 = THUNDER
                        SNOW, ICE PELLETS, HAIL    4 = ICE PELLETS
                        TOTAL MONTH:   0.0 INCH    5 = HAIL
                        GRTST 24HR     0.0         6 = FREEZING RAIN OR DRIZZLE
                        GRTST DEPTH:   0           7 = DUSTSTORM OR SANDSTORM:
                                                       VSBY 1/2 MILE OR LESS
                                                   8 = SMOKE OR HAZE
[NO. OF DAYS WITH]      [WEATHER - DAYS WITH]      9 = BLOWING SNOW
                                                   X = TORNADO
MAX 32 OR BELOW:   0    0.01 INCH OR MORE:  11
MAX 90 OR ABOVE:  13    0.10 INCH OR MORE:   7
MIN 32 OR BELOW:   0    0.50 INCH OR MORE:   5
MIN  0 OR BELOW:   0    1.00 INCH OR MORE:   1

[HDD (BASE 65) ]
TOTAL THIS MO.     0    CLEAR  (SCALE 0-3)  17
DPTR FM NORMAL     0    PTCLDY (SCALE 4-7)  12
TOTAL FM JUL 1     0    CLOUDY (SCALE 8-10)  0
DPTR FM NORMAL     0

[CDD (BASE 65) ]
TOTAL THIS MO.   420
DPTR FM NORMAL    16    [PRESSURE DATA]
TOTAL FM JAN 1  1630    HIGHEST SLP M ON M
DPTR FM NORMAL   217    LOWEST  SLP 29.77 ON  7

[REMARKS]
