000
CXUS52 KFFC 281110
CF6FTY
PRELIMINARY LOCAL CLIMATOLOGICAL DATA (WS FORM: F-6)

                                          STATION:   FULTON COUNTY AIRPORT
                                          MONTH:     JULY
                                          YEAR:      2017
                                          LATITUDE:   33 46 N
                                          LONGITUDE:  84 31 W

  TEMPERATURE IN F:       :PCPN:    SNOW:  WIND      :SUNSHINE: SKY     :PK WND
================================================================================
1   2   3   4   5  6A  6B    7    8   9   10  11  12  13   14  15   16   17  18
                                     12Z  AVG MX 2MIN
DY MAX MIN AVG DEP HDD CDD  WTR  SNW DPTH SPD SPD DIR MIN PSBL S-S WX    SPD DR
================================================================================

 1  88  71  80   1   0  15 0.21  0.0    0  5.2 16  30   M    M   7 13     22  30
 2  90  70  80   1   0  15 0.04  0.0    0  4.1 13 310   M    M   4 13     16 270
 3  89  71  80   1   0  15 0.13  0.0    0  5.8 15 280   M    M   5 1      20 280
 4  90  69  80   1   0  15 0.25  0.0    0  3.5 21 290   M    M   3 13     28 290
 5  92  69  81   2   0  16 0.00  0.0    0  3.7 25 300   M    M   2 123    33 300
 6  92  70  81   1   0  16 0.04  0.0    0  3.5 26 270   M    M   1 13     37 280
 7  90  71  81   1   0  16 0.59  0.0    0  5.5 17 240   M    M   3 138    27 240
 8  90  71  81   1   0  16    T  0.0    0  5.4 14 260   M    M   2 3      21 270
 9  90  68  79  -1   0  14 0.00  0.0    0  2.7 10 320   M    M   1        13 320
10  90  69  80   0   0  15 0.00  0.0    0  2.7 16  80   M    M   2        20 100
11  87  72  80   0   0  15 0.11  0.0    0  3.7 20 270   M    M   1 13     24 220
12  90  70  80   0   0  15 0.00  0.0    0  3.2 10 170   M    M   2        14 200
13  92  72  82   2   0  17 0.70  0.0    0  2.0 15 130   M    M   2 3      20 140
14  93  74  84   4   0  19 0.00  0.0    0  4.7 16 320   M    M   1 13     21 320
15  88  71  80   0   0  15 0.02  0.0    0  2.7 25 320   M    M   1 3      33 330
16  87  72  80   0   0  15 0.07  0.0    0  3.2  9 190   M    M   3 1      13 200
17  88  68  78  -2   0  13 0.83  0.0    0  4.2 20  60   M    M   4 13     24  50
18  91  68  80   0   0  15    T  0.0    0  2.5 12 280   M    M   3 3      14 290
19  92  71  82   2   0  17 0.00  0.0    0  3.1 13 310   M    M   2        16 310
20  92  71  82   2   0  17    T  0.0    0  3.6 16 320   M    M   1 1      21 360
21  95  73  84   4   0  19 0.00  0.0    0  2.5 13 160   M    M   2 1      17 170
22  91  74  83   3   0  18 0.00  0.0    0  4.1 22 310   M    M   1 3      27 320
23  92  74  83   3   0  18    T  0.0    0  4.3 13 250   M    M   2        19 260
24  90  75  83   3   0  18 0.36  0.0    0  5.0 18  60   M    M   4 13     25  60
25  92  72  82   2   0  17    T  0.0    0  2.7 16 110   M    M   2 3      22 110
26  94  71  83   3   0  18 0.00  0.0    0  3.6 16 140   M    M   1        23 140
27  92  71  82   2   0  17    T  0.0    0  3.5 21 340   M    M   3 3      27 320
================================================================================
SM 2447 1918         0 436  3.35     0.0 100.7          M       65
================================================================================
AV 90.6 71.0                               3.7 FASTST   M    M   2    MAX(MPH)
                                 MISC ---->  # 26 270               # 37  280
================================================================================
NOTES:
# LAST OF SEVERAL OCCURRENCES

COLUMN 17 PEAK WIND IN M.P.H.

PRELIMINARY LOCAL CLIMATOLOGICAL DATA (WS FORM: F-6) , PAGE 2

                                          STATION:  FULTON COUNTY AIRPORT
                                          MONTH:    JULY
                                          YEAR:     2017
                                          LATITUDE:   33 46 N
                                          LONGITUDE:  84 31 W

[TEMPERATURE DATA]      [PRECIPITATION DATA]       SYMBOLS USED IN COLUMN 16

AVERAGE MONTHLY: 80.8   TOTAL FOR MONTH:   3.35    1 = FOG OR MIST
DPTR FM NORMAL:   1.0   DPTR FM NORMAL:   -1.26    2 = FOG REDUCING VISIBILITY
HIGHEST:    95 ON 21    GRTST 24HR  0.83 ON 17-17      TO 1/4 MILE OR LESS
LOWEST:     68 ON 18,17                            3 = THUNDER
                        SNOW, ICE PELLETS, HAIL    4 = ICE PELLETS
                        TOTAL MONTH:   0.0 INCH    5 = HAIL
                        GRTST 24HR     0.0         6 = FREEZING RAIN OR DRIZZLE
                        GRTST DEPTH:   0           7 = DUSTSTORM OR SANDSTORM:
                                                       VSBY 1/2 MILE OR LESS
                                                   8 = SMOKE OR HAZE
[NO. OF DAYS WITH]      [WEATHER - DAYS WITH]      9 = BLOWING SNOW
                                                   X = TORNADO
MAX 32 OR BELOW:   0    0.01 INCH OR MORE:  12
MAX 90 OR ABOVE:  21    0.10 INCH OR MORE:   8
MIN 32 OR BELOW:   0    0.50 INCH OR MORE:   3
MIN  0 OR BELOW:   0    1.00 INCH OR MORE:   0

[HDD (BASE 65) ]
TOTAL THIS MO.     0    CLEAR  (SCALE 0-3)  22
DPTR FM NORMAL     0    PTCLDY (SCALE 4-7)   5
TOTAL FM JUL 1     0    CLOUDY (SCALE 8-10)  0
DPTR FM NORMAL     0

[CDD (BASE 65) ]
TOTAL THIS MO.   436
DPTR FM NORMAL    37    [PRESSURE DATA]
TOTAL FM JAN 1  1114    HIGHEST SLP M ON M
DPTR FM NORMAL   165    LOWEST  SLP 29.82 ON 23

[REMARKS]
