000
CXUS52 KFFC 161110
CF6FTY
PRELIMINARY LOCAL CLIMATOLOGICAL DATA (WS FORM: F-6)

                                          STATION:   FULTON COUNTY AIRPORT
                                          MONTH:     SEPTEMBER
                                          YEAR:      2014
                                          LATITUDE:   33 46 N
                                          LONGITUDE:  84 31 W

  TEMPERATURE IN F:       :PCPN:    SNOW:  WIND      :SUNSHINE: SKY     :PK WND
================================================================================
1   2   3   4   5  6A  6B    7    8   9   10  11  12  13   14  15   16   17  18
                                     12Z  AVG MX 2MIN
DY MAX MIN AVG DEP HDD CDD  WTR  SNW DPTH SPD SPD DIR MIN PSBL S-S WX    SPD DR
================================================================================

 1  91  70  81   4   0  16 0.00    M    M  2.3 12 230   M    M   1        16 230
 2  90  70  80   3   0  15    T    M    M  2.3 16 320   M    M   2 3      22 320
 3  93  71  82   6   0  17 0.75    M    M  4.1 16 310   M    M   3 13     20 320
 4  83  72  78   2   0  13 0.57  0.0    M  3.5 18  70   M    M   4 138    25  90
 5  90  69  80   4   0  15 0.00  0.0    M  2.6 10 110   M    M   2 1      20 120
 6  91  70  81   5   0  16 0.02  0.0    M  2.4 16 320   M    M   2 13     22 330
 7  90  70  80   5   0  15 0.01  0.0    M  2.7 16 110   M    M   2 13     22  90
 8  85  71  78   3   0  13 0.29  0.0    M  4.9 12  90   M    M   6 138    14  70
 9  84  67  76   1   0  11 0.00    M    M  5.1 13  60   M    M   6        16  70
10  86  72  79   4   0  14 0.00    M    M  5.5 13 160   M    M   6        15 140
11  90  69  80   6   0  15 0.01    M    M  3.6 12 240   M    M   2 13     16 180
12  90  73  82   8   0  17 0.39    M    M  3.3 21 160   M    M   4 13     28 140
13  85  68  77   3   0  12 0.00  0.0    M  5.3 15 310   M    M   4 1      17 320
14  75  66  71  -3   0   6    T  0.0    M  4.6 13  80   M    M   8 1      15  60
15  80  66  73   0   0   8    T  0.0    M  2.4  8  80   M    M   8 18     11  40
================================================================================
SM 1303 1044         0 203  2.04     0.0  54.6          M       60
================================================================================
AV 86.9 69.6                               3.6 FASTST   M    M   4    MAX(MPH)
                                 MISC ---->  # 21 160               # 28  140
================================================================================
NOTES:
# LAST OF SEVERAL OCCURRENCES

COLUMN 17 PEAK WIND IN M.P.H.

PRELIMINARY LOCAL CLIMATOLOGICAL DATA (WS FORM: F-6) , PAGE 2

                                          STATION:  FULTON COUNTY AIRPORT
                                          MONTH:    SEPTEMBER
                                          YEAR:     2014
                                          LATITUDE:   33 46 N
                                          LONGITUDE:  84 31 W

[TEMPERATURE DATA]      [PRECIPITATION DATA]       SYMBOLS USED IN COLUMN 16

AVERAGE MONTHLY: 78.2   TOTAL FOR MONTH:   2.04    1 = FOG OR MIST
DPTR FM NORMAL:   3.1   DPTR FM NORMAL:    0.14    2 = FOG REDUCING VISIBILITY
HIGHEST:    93 ON  3    GRTST 24HR  1.32 ON  3- 4      TO 1/4 MILE OR LESS
LOWEST:     66 ON 15,14                            3 = THUNDER
                        SNOW, ICE PELLETS, HAIL    4 = ICE PELLETS
                        TOTAL MONTH:   0.0 INCH    5 = HAIL
                        GRTST 24HR     0.0         6 = FREEZING RAIN OR DRIZZLE
                        GRTST DEPTH:  M  ON   M    7 = DUSTSTORM OR SANDSTORM:
                                                       VSBY 1/2 MILE OR LESS
                                                   8 = SMOKE OR HAZE
[NO. OF DAYS WITH]      [WEATHER - DAYS WITH]      9 = BLOWING SNOW
                                                   X = TORNADO
MAX 32 OR BELOW:   0    0.01 INCH OR MORE:   7
MAX 90 OR ABOVE:   8    0.10 INCH OR MORE:   4
MIN 32 OR BELOW:   0    0.50 INCH OR MORE:   2
MIN  0 OR BELOW:   0    1.00 INCH OR MORE:   0

[HDD (BASE 65) ]
TOTAL THIS MO.     0    CLEAR  (SCALE 0-3)   7
DPTR FM NORMAL     0    PTCLDY (SCALE 4-7)   7
TOTAL FM JUL 1     0    CLOUDY (SCALE 8-10)  1
DPTR FM NORMAL     0

[CDD (BASE 65) ]
TOTAL THIS MO.   203
DPTR FM NORMAL    51    [PRESSURE DATA]
TOTAL FM JAN 1  1597    HIGHEST SLP M ON M
DPTR FM NORMAL     8    LOWEST  SLP 29.92 ON  7

[REMARKS]
