000
CXUS52 KFFC 271110
CF6FTY
PRELIMINARY LOCAL CLIMATOLOGICAL DATA (WS FORM: F-6)

                                          STATION:   FULTON COUNTY AIRPORT
                                          MONTH:     MARCH
                                          YEAR:      2015
                                          LATITUDE:   33 46 N
                                          LONGITUDE:  84 31 W

  TEMPERATURE IN F:       :PCPN:    SNOW:  WIND      :SUNSHINE: SKY     :PK WND
================================================================================
1   2   3   4   5  6A  6B    7    8   9   10  11  12  13   14  15   16   17  18
                                     12Z  AVG MX 2MIN
DY MAX MIN AVG DEP HDD CDD  WTR  SNW DPTH SPD SPD DIR MIN PSBL S-S WX    SPD DR
================================================================================

 1  47  37  42  -8  23   0 0.06    M    M  4.7 15  70   M    M  10 18     20  60
 2  61  45  53   3  12   0    T    M    M  3.1 13 300   M    M   8 12     16 300
 3  53  49  51   1  14   0 0.24    M    M  4.4 12  60   M    M  10 1      13  60
 4  77  49  63  13   2   0 0.03    M    M  7.0 17 200   M    M   8 1      25 180
 5  67  29  48  -3  17   0 0.25    M    M  9.7 23 320   M    M   9 1      32 310
 6  49  27  38 -13  27   0    T    M    M  6.0 15 340   M    M   6 8      23 350
 7  63  28  46  -5  19   0 0.00  0.0    M  1.6 12 270   M    M   0        14 260
 8  71  30  51  -1  14   0    T  0.0    M  2.7 12 240   M    M   2        17 340
 9  66  50  58   6   7   0    T  0.0    M  2.2 12 340   M    M   8        15 340
10  79  54  67  15   0   2 0.02  0.0    M  3.5 14 180   M    M  10        19 170
11  72  55  64  12   1   0 0.01  0.0    M  3.2 13 310   M    M   6 1      17 230
12  67  53  60   7   5   0    T    M    M  8.4 21  70   M    M   9 12     28  70
13  58  46  52  -1  13   0 0.10    M    M 12.0 23  70   M    M  10 1      30  80
14  70  47  59   6   6   0 0.17    M    M  5.1 13 230   M    M   9 128    19 240
15  77  51  64  11   1   0 0.00    M    M  5.8 14 320   M    M   1 1      17 300
16  82  40  61   7   4   0 0.00    M    M  2.9 14 290   M    M   0        16 320
17  80  47  64  10   1   0 0.00    M    M  6.5 21 300   M    M   1        27 290
18  74  53  64  10   1   0 0.00    M    M  4.1 12 120   M    M   2        15 150
19  66  48  57   2   8   0 0.36  0.0    M  7.5 15  70   M    M  10 1      20  80
20  67  47  57   2   8   0    T  0.0    M  3.7 10 320   M    M   9 18     15 310
21  72  53  63   8   2   0 0.01  0.0    M  4.5 14 340   M    M   7        18 350
22  59  54  57   2   8   0 0.68    M    M  4.4 12  80   M    M  10 1      15  70
23  68  50  59   3   6   0 0.01  0.0    M  6.0 20  70   M    M   8        23  70
24  73  43  58   2   7   0 0.00    M    M  3.2 14 160   M    M   1 1      18 140
25  73  52  63   7   2   0 0.01    M    M  3.0 10 140   M    M   9 1      15 180
26  73  55  64   8   1   0 0.01    M    M  6.3 21 310   M    M   6        26 320
================================================================================
SM 1764 1192       209   2  1.96     0.0 131.5          M      169
================================================================================
AV 67.8 45.8                               5.1 FASTST   M    M   7    MAX(MPH)
                                 MISC ---->  # 23 320               # 32  310
================================================================================
NOTES:
# LAST OF SEVERAL OCCURRENCES

COLUMN 17 PEAK WIND IN M.P.H.

PRELIMINARY LOCAL CLIMATOLOGICAL DATA (WS FORM: F-6) , PAGE 2

                                          STATION:  FULTON COUNTY AIRPORT
                                          MONTH:    MARCH
                                          YEAR:     2015
                                          LATITUDE:   33 46 N
                                          LONGITUDE:  84 31 W

[TEMPERATURE DATA]      [PRECIPITATION DATA]       SYMBOLS USED IN COLUMN 16

AVERAGE MONTHLY: 56.8   TOTAL FOR MONTH:   1.96    1 = FOG OR MIST
DPTR FM NORMAL:   3.8   DPTR FM NORMAL:   -2.17    2 = FOG REDUCING VISIBILITY
HIGHEST:    82 ON 16    GRTST 24HR  0.68 ON 22-22      TO 1/4 MILE OR LESS
LOWEST:     27 ON  6                               3 = THUNDER
                        SNOW, ICE PELLETS, HAIL    4 = ICE PELLETS
                        TOTAL MONTH:   0.0 INCH    5 = HAIL
                        GRTST 24HR     0.0         6 = FREEZING RAIN OR DRIZZLE
                        GRTST DEPTH:  M  ON   M    7 = DUSTSTORM OR SANDSTORM:
                                                       VSBY 1/2 MILE OR LESS
                                                   8 = SMOKE OR HAZE
[NO. OF DAYS WITH]      [WEATHER - DAYS WITH]      9 = BLOWING SNOW
                                                   X = TORNADO
MAX 32 OR BELOW:   0    0.01 INCH OR MORE:  14
MAX 90 OR ABOVE:   0    0.10 INCH OR MORE:   6
MIN 32 OR BELOW:   4    0.50 INCH OR MORE:   1
MIN  0 OR BELOW:   0    1.00 INCH OR MORE:   0

[HDD (BASE 65) ]
TOTAL THIS MO.   209    CLEAR  (SCALE 0-3)   7
DPTR FM NORMAL  -108    PTCLDY (SCALE 4-7)   7
TOTAL FM JUL 1  2797    CLOUDY (SCALE 8-10) 12
DPTR FM NORMAL   140

[CDD (BASE 65) ]
TOTAL THIS MO.     2
DPTR FM NORMAL     2    [PRESSURE DATA]
TOTAL FM JAN 1     2    HIGHEST SLP M ON M
DPTR FM NORMAL     2    LOWEST  SLP 29.73 ON 26

[REMARKS]
