000
CXUS51 KCAR 280600
CF6FVE
PRELIMINARY LOCAL CLIMATOLOGICAL DATA (WS FORM: F-6)

                                          STATION:   FRENCHVILLE ME
                                          MONTH:     MARCH
                                          YEAR:      2017
                                          LATITUDE:   47 16 N
                                          LONGITUDE:  68 19 W

  TEMPERATURE IN F:       :PCPN:    SNOW:  WIND      :SUNSHINE: SKY     :PK WND
================================================================================
1   2   3   4   5  6A  6B    7    8   9   10  11  12  13   14  15   16   17  18
                                     12Z  AVG MX 2MIN
DY MAX MIN AVG DEP HDD CDD  WTR  SNW DPTH SPD SPD DIR MIN PSBL S-S WX    SPD DR
================================================================================

 1  37  30  34  16  31   0 0.50    M    M  8.3 16 160   M    M  10 126    22 160
 2  36  10  23   5  42   0 0.04    M    M 15.7 32 320   M    M   9 1268   40 310
 3  13  -2   6 -13  59   0 0.00    M    M 17.5 26 290   M    M   1        36 300
 4   3  -6  -1 -20  66   0    T    M    M 20.2 40 330   M    M   7 8      53 320
 5  13  -2   6 -13  59   0 0.00    M    M 22.8 37 330   M    M   0        48 320
 6  27   3  15  -5  50   0 0.00    M    M  9.5 21 320   M    M   0        26 320
 7  30   9  20   0  45   0 0.13    M    M 11.6 20 160   M    M   7 126    25 150
 8  36  30  33  13  32   0 0.31    M    M  8.5 18 150   M    M   8 126    26 150
 9  32  10  21   0  44   0 0.02    M    M 15.6 33 270   M    M   7 18     45 270
10  13  -3   5 -16  60   0 0.00    M    M 15.2 23 300   M    M   0        35 300
11  -3 -14  -8 -30  73   0    T    M    M 19.7 30 280   M    M   8 8      40 290
12  15  -5   5 -17  60   0    T    M    M 16.0 24 290   M    M   7 8      32 300
13  20   6  13  -9  52   0    T    M    M 10.0 20 320   M    M   4 8      27 310
14  21   5  13  -9  52   0 0.18    M    M 10.6 36  60   M    M   7        53  30
15  31  20  26   3  39   0 0.03    M    M 14.0 33  50   M    M  10 18     50  40
16  24  14  19  -4  46   0    T    M    M 13.9 24 300   M    M  10 18     32 290
17  22  12  17  -7  48   0    T    M    M  9.5 17 320   M    M  10        22 350
18  36  13  25   1  40   0 0.00    M    M  3.5 13 340   M    M   3        17 330
19  40  15  28   4  37   0 0.00    M    M  3.7 10 350   M    M   0        12 350
20  43  19  31   6  34   0 0.00    M    M  3.3 13 130   M    M   1        14 320
21  42  28  35  10  30   0 0.00    M    M  8.2 22 330   M    M   4        28 340
22  30   5  18  -8  47   0    T    M    M 20.0 37 330   M    M   5 9      47 330
23  19   1  10 -16  55   0 0.00    M    M 17.0 28 330   M    M   0        37 330
24  30   7  19  -7  46   0    T    M    M  8.7 20 190   M    M   7        28 200
25  30  15  23  -4  42   0    T    M    M 15.1 28 340   M    M   3        34 330
26  30   8  19  -8  46   0 0.00    M    M  8.7 18 340   M    M   0        25 360
27  23  20  22  -6  43   0 0.16    M    M 11.1 17 110   M    M   9 18     23 160
================================================================================
SM  693  248      1278   0  1.37    M    337.9          M      137
================================================================================
AV 25.7  9.2                              12.5 FASTST   M    M   5    MAX(MPH)
                                 MISC ---->  # 40 330               # 53  320
================================================================================
NOTES:
# LAST OF SEVERAL OCCURRENCES

COLUMN 17 PEAK WIND IN M.P.H.

PRELIMINARY LOCAL CLIMATOLOGICAL DATA (WS FORM: F-6) , PAGE 2

                                          STATION:  FRENCHVILLE ME
                                          MONTH:    MARCH
                                          YEAR:     2017
                                          LATITUDE:   47 16 N
                                          LONGITUDE:  68 19 W

[TEMPERATURE DATA]      [PRECIPITATION DATA]       SYMBOLS USED IN COLUMN 16

AVERAGE MONTHLY: 17.4   TOTAL FOR MONTH:   1.37    1 = FOG OR MIST
DPTR FM NORMAL:  -5.2   DPTR FM NORMAL:    0.18    2 = FOG REDUCING VISIBILITY
HIGHEST:    43 ON 20    GRTST 24HR  0.50 ON  1- 1      TO 1/4 MILE OR LESS
LOWEST:    -14 ON 11                               3 = THUNDER
                        SNOW, ICE PELLETS, HAIL    4 = ICE PELLETS
                        TOTAL MONTH:    M          5 = HAIL
                        GRTST 24HR    M  ON   M    6 = FREEZING RAIN OR DRIZZLE
                        GRTST DEPTH:  M  ON   M    7 = DUSTSTORM OR SANDSTORM:
                                                       VSBY 1/2 MILE OR LESS
                                                   8 = SMOKE OR HAZE
[NO. OF DAYS WITH]      [WEATHER - DAYS WITH]      9 = BLOWING SNOW
                                                   X = TORNADO
MAX 32 OR BELOW:  20    0.01 INCH OR MORE:   8
MAX 90 OR ABOVE:   0    0.10 INCH OR MORE:   5
MIN 32 OR BELOW:  27    0.50 INCH OR MORE:   1
MIN  0 OR BELOW:   6    1.00 INCH OR MORE:   0

[HDD (BASE 65) ]
TOTAL THIS MO.  1278    CLEAR  (SCALE 0-3)   9
DPTR FM NORMAL   132    PTCLDY (SCALE 4-7)  12
TOTAL FM JUL 1  7462    CLOUDY (SCALE 8-10)  6
DPTR FM NORMAL  -684

[CDD (BASE 65) ]
TOTAL THIS MO.     0
DPTR FM NORMAL     0    [PRESSURE DATA]
TOTAL FM JAN 1     0    HIGHEST SLP M ON M
DPTR FM NORMAL     0    LOWEST  SLP 29.08 ON  2

[REMARKS]
