000
CXUS51 KCAR 010600
CF6FVE
PRELIMINARY LOCAL CLIMATOLOGICAL DATA (WS FORM: F-6)

                                          STATION:   FRENCHVILLE ME
                                          MONTH:     JUNE
                                          YEAR:      2015
                                          LATITUDE:   47 16 N
                                          LONGITUDE:  68 19 W

  TEMPERATURE IN F:       :PCPN:    SNOW:  WIND      :SUNSHINE: SKY     :PK WND
================================================================================
1   2   3   4   5  6A  6B    7    8   9   10  11  12  13   14  15   16   17  18
                                     12Z  AVG MX 2MIN
DY MAX MIN AVG DEP HDD CDD  WTR  SNW DPTH SPD SPD DIR MIN PSBL S-S WX    SPD DR
================================================================================

 1  60  40  50  -5  15   0 0.00    M    M  6.0 12 150   M    M   1        17 150
 2  47  38  43 -13  22   0 0.28    M    M  6.5 18 160   M    M   8 1      24 160
 3  53  37  45 -11  20   0 0.01    M    M  5.0 13  50   M    M   8 1      18  40
 4  66  41  54  -2  11   0 0.00    M    M  6.4 16 150   M    M   5 12     20 160
 5  65  46  56   0   9   0 0.12    M    M  7.8 15 230   M    M   6 1      20 230
 6  60  44  52  -5  13   0 0.05    M    M 13.7 26 330   M    M   2 1      36 340
 7  67  38  53  -4  12   0 0.00    M    M  6.3 13 150   M    M   0        17 100
 8  55  47  51  -6  14   0 0.71    M    M 13.8 24 160   M    M   6 12     34 180
 9  59  53  56  -2   9   0 0.36    M    M  6.3 13 170   M    M   9 12     17 150
10  67  56  62   4   3   0 0.19    M    M  6.7 21 280   M    M   8 123    25 280
11  68  54  61   3   4   0 0.55    M    M  9.1 18 250   M    M   9 138    24 250
12  73  57  65   7   0   0 0.04    M    M 11.5 23 290   M    M   5        29 290
13  73  54  64   5   1   0 0.00    M    M 13.9 28 290   M    M   2        36 300
14  66  48  57  -2   8   0 0.00    M    M 10.4 21 340   M    M   0        27 350
15  75  43  59   0   6   0 0.00    M    M  9.8 21 190   M    M   2        28 210
16  61  52  57  -3   8   0 0.64    M    M 10.2 20 340   M    M  10 12     30 340
17  68  43  56  -4   9   0 0.00    M    M  9.1 21 320   M    M   0        29 340
18  76  52  64   4   1   0    T    M    M  9.7 21 200   M    M   2        29 190
19  62  47  55  -5  10   0 0.59    M    M 12.7 23 330   M    M   4 13     32 330
20  68  40  54  -6  11   0 0.00    M    M  5.3 12 230   M    M   2         M  M
21  58  52  55  -6  10   0 0.01    M    M  7.8 18 150   M    M   8 12     27 160
22  66  52  59  -2   6   0 0.00    M    M  6.4 15 340   M    M   8 1      19 340
23  58  50  54  -7  11   0 0.47    M    M 14.5 25 160   M    M   9 12     35 150
24  70  52  61  -1   4   0 0.01    M    M 13.8 25 290   M    M   5 12     35 300
25  62  47  55  -7  10   0 0.00    M    M 12.7 29 330   M    M   4        38 340
26  63  44  54  -8  11   0 0.10    M    M  4.7 16 350   M    M   6 12     20 350
27  73  45  59  -3   6   0 0.00    M    M  5.3 13 220   M    M   4 12     17 180
28  63  51  57  -5   8   0 0.29    M    M  8.3 15  80   M    M   3 1      22  90
29  62  50  56  -7   9   0 0.33    M    M  5.9 14 290   M    M  10 1      19  50
30  73  50  62  -1   3   0 0.00    M    M  3.7  9 270   M    M   5 1      14 270
================================================================================
SM 1937 1423       264   0  4.75    M    263.3          M      151
================================================================================
AV 64.6 47.4                               8.8 FASTST   M    M   5    MAX(MPH)
                                 MISC ---->  # 29 330               # 38  340
================================================================================
NOTES:
# LAST OF SEVERAL OCCURRENCES

COLUMN 17 PEAK WIND IN M.P.H.

PRELIMINARY LOCAL CLIMATOLOGICAL DATA (WS FORM: F-6) , PAGE 2

                                          STATION:  FRENCHVILLE ME
                                          MONTH:    JUNE
                                          YEAR:     2015
                                          LATITUDE:   47 16 N
                                          LONGITUDE:  68 19 W

[TEMPERATURE DATA]      [PRECIPITATION DATA]       SYMBOLS USED IN COLUMN 16

AVERAGE MONTHLY: 56.0   TOTAL FOR MONTH:   4.75    1 = FOG OR MIST
DPTR FM NORMAL:  -3.3   DPTR FM NORMAL:    0.90    2 = FOG REDUCING VISIBILITY
HIGHEST:    76 ON 18    GRTST 24HR  0.83 ON  8- 9      TO 1/4 MILE OR LESS
LOWEST:     37 ON  3                               3 = THUNDER
                        SNOW, ICE PELLETS, HAIL    4 = ICE PELLETS
                        TOTAL MONTH:    M          5 = HAIL
                        GRTST 24HR    M  ON   M    6 = FREEZING RAIN OR DRIZZLE
                        GRTST DEPTH:  M  ON   M    7 = DUSTSTORM OR SANDSTORM:
                                                       VSBY 1/2 MILE OR LESS
                                                   8 = SMOKE OR HAZE
[NO. OF DAYS WITH]      [WEATHER - DAYS WITH]      9 = BLOWING SNOW
                                                   X = TORNADO
MAX 32 OR BELOW:   0    0.01 INCH OR MORE:  17
MAX 90 OR ABOVE:   0    0.10 INCH OR MORE:  12
MIN 32 OR BELOW:   0    0.50 INCH OR MORE:   4
MIN  0 OR BELOW:   0    1.00 INCH OR MORE:   0

[HDD (BASE 65) ]
TOTAL THIS MO.   264    CLEAR  (SCALE 0-3)  10
DPTR FM NORMAL    67    PTCLDY (SCALE 4-7)  15
TOTAL FM JUL 1 10058    CLOUDY (SCALE 8-10)  5
DPTR FM NORMAL   274

[CDD (BASE 65) ]
TOTAL THIS MO.     0
DPTR FM NORMAL   -24    [PRESSURE DATA]
TOTAL FM JAN 1    11    HIGHEST SLP 30.42 ON  1
DPTR FM NORMAL   -17    LOWEST  SLP 29.57 ON 10

[REMARKS]
#FINAL-06-15#
