000
CXUS53 KIWX 290800
CF6FWA
PRELIMINARY LOCAL CLIMATOLOGICAL DATA (WS FORM: F-6)

                                          STATION:   FORT WAYNE
                                          MONTH:     MAY
                                          YEAR:      2016
                                          LATITUDE:   41  0 N
                                          LONGITUDE:  85 12 W

  TEMPERATURE IN F:       :PCPN:    SNOW:  WIND      :SUNSHINE: SKY     :PK WND
================================================================================
1   2   3   4   5  6A  6B    7    8   9   10  11  12  13   14  15   16   17  18
                                     12Z  AVG MX 2MIN
DY MAX MIN AVG DEP HDD CDD  WTR  SNW DPTH SPD SPD DIR MIN PSBL S-S WX    SPD DR
================================================================================

 1  63  49  56   0   9   0 0.26  0.0    0  7.6 21  50   M    M   9 1238   27  50
 2  54  48  51  -5  14   0 0.01  0.0    0  7.7 15  80   M    M   9 1      19  60
 3  63  49  56   0   9   0    T  0.0    0  6.3 12 250   M    M   8 1      14 250
 4  53  39  46 -11  19   0 0.11  0.0    0 12.7 28 280   M    M  10 1      35 290
 5  67  39  53  -4  12   0    T  0.0    0 11.1 18 360   M    M   7 1      25 360
 6  71  42  57   0   8   0 0.00  0.0    0  6.1 14 270   M    M   2        18 280
 7  76  48  62   4   3   0 0.01  0.0    0 12.3 25 290   M    M   7        32 280
 8  68  38  53  -5  12   0 0.00  0.0    0  6.3 17 220   M    M   7        26 250
 9  54  45  50  -8  15   0 0.33  0.0    0  8.5 18 100   M    M  10 1      24 100
10  71  50  61   3   4   0 2.49  0.0    0 10.2 25 350   M    M  10 138    33 360
11  74  54  64   5   1   0    T  0.0    0  5.3 12  40   M    M   9 128    12  40
12  75  58  67   8   0   2 0.68  0.0    0  8.8 14 210   M    M   9 13     27 210
13  67  50  59  -1   6   0 0.02  0.0    0 12.0 17 270   M    M   5        24 270
14  58  42  50 -10  15   0 0.15  0.0    0 14.2 22 310   M    M   9 1      53 240
15  52  36  44 -16  21   0 0.00  0.0    0 11.2 18 280   M    M   5        31 290
16  66  34  50 -10  15   0 0.00  0.0    0 12.2 20 230   M    M   5        25 240
17  63  51  57  -4   8   0 0.01  0.0    0  4.7 14  60   M    M  10        17  60
18  66  47  57  -4   8   0 0.02  0.0    0  7.8 17  10   M    M   4 1      23 360
19  71  41  56  -5   9   0 0.00  0.0    0  2.8  8 180   M    M   2        14  50
20  70  47  59  -3   6   0 0.00  0.0    0 10.0 20  60   M    M   9        25  70
21  76  53  65   3   0   0 0.04  0.0    0  8.4 15 350   M    M   7        20 360
22  77  53  65   3   0   0 0.00  0.0    0  9.0 20  10   M    M   3        25 330
23  78  43  61  -2   4   0 0.00  0.0    0  1.9 10 110   M    M   0        14 100
24  84  49  67   4   0   2 0.00  0.0    0  7.4 16 250   M    M   3        20 260
25  85  61  73  10   0   8    T  0.0    0  9.0 18 200   M    M   7 8      28 200
26  82  65  74  10   0   9 0.00  0.0    0 10.1 21 250   M    M   8 8      26 260
27  88  63  76  12   0  11    T  0.0    0 10.2 22 190   M    M   8        26 200
28  88  69  79  15   0  14    T  0.0    0 12.7 25 180   M    M   8        33 200
================================================================================
SM 1960 1363       198  46  4.13     0.0 246.5          M      190
================================================================================
AV 70.0 48.7                               8.8 FASTST   M    M   7    MAX(MPH)
                                 MISC ---->  # 28 280                 53    M
================================================================================
NOTES:
# LAST OF SEVERAL OCCURRENCES

COLUMN 17 PEAK WIND IN M.P.H.

PRELIMINARY LOCAL CLIMATOLOGICAL DATA (WS FORM: F-6) , PAGE 2

                                          STATION:  FORT WAYNE
                                          MONTH:    MAY
                                          YEAR:     2016
                                          LATITUDE:   41  0 N
                                          LONGITUDE:  85 12 W

[TEMPERATURE DATA]      [PRECIPITATION DATA]       SYMBOLS USED IN COLUMN 16

AVERAGE MONTHLY: 59.3   TOTAL FOR MONTH:   4.13    1 = FOG OR MIST
DPTR FM NORMAL:  -0.6   DPTR FM NORMAL:    0.37    2 = FOG REDUCING VISIBILITY
HIGHEST:    88 ON 28,27 GRTST 24HR  2.58 ON  9-10      TO 1/4 MILE OR LESS
LOWEST:     34 ON 16                               3 = THUNDER
                        SNOW, ICE PELLETS, HAIL    4 = ICE PELLETS
                        TOTAL MONTH:   0.0 INCH    5 = HAIL
                        GRTST 24HR     0.0         6 = FREEZING RAIN OR DRIZZLE
                        GRTST DEPTH:   0           7 = DUSTSTORM OR SANDSTORM:
                                                       VSBY 1/2 MILE OR LESS
                                                   8 = SMOKE OR HAZE
[NO. OF DAYS WITH]      [WEATHER - DAYS WITH]      9 = BLOWING SNOW
                                                   X = TORNADO
MAX 32 OR BELOW:   0    0.01 INCH OR MORE:  12
MAX 90 OR ABOVE:   0    0.10 INCH OR MORE:   6
MIN 32 OR BELOW:   0    0.50 INCH OR MORE:   2
MIN  0 OR BELOW:   0    1.00 INCH OR MORE:   1

[HDD (BASE 65) ]
TOTAL THIS MO.   198    CLEAR  (SCALE 0-3)   4
DPTR FM NORMAL    16    PTCLDY (SCALE 4-7)  14
TOTAL FM JUL 1  5116    CLOUDY (SCALE 8-10) 10
DPTR FM NORMAL  -948

[CDD (BASE 65) ]
TOTAL THIS MO.    46
DPTR FM NORMAL     6    [PRESSURE DATA]
TOTAL FM JAN 1    46    HIGHEST SLP M ON M
DPTR FM NORMAL    -2    LOWEST  SLP 29.59 ON  4

[REMARKS]
