000
CXUS52 KMFL 241000
CF6FXE
PRELIMINARY LOCAL CLIMATOLOGICAL DATA (WS FORM: F-6)

                                          STATION:   FORT LAUDERDALE EXEC ARPT
                                          MONTH:     MAY
                                          YEAR:      2016
                                          LATITUDE:   26 12 N
                                          LONGITUDE:  80 11 W

  TEMPERATURE IN F:       :PCPN:    SNOW:  WIND      :SUNSHINE: SKY     :PK WND
================================================================================
1   2   3   4   5  6A  6B    7    8   9   10  11  12  13   14  15   16   17  18
                                     12Z  AVG MX 2MIN
DY MAX MIN AVG DEP HDD CDD  WTR  SNW DPTH SPD SPD DIR MIN PSBL S-S WX    SPD DR
================================================================================

 1  87  76  82   6   0  17    T  0.0    0 13.4 21 110   M    M   4        28 100
 2  87  77  82   5   0  17    T  0.0    0 14.3 21 110   M    M   4        25 110
 3  90  76  83   6   0  18 0.09  0.0    0  8.0 20 180   M    M   4        23 180
 4  87  70  79   2   0  14 2.35  0.0    0  9.2 31 240   M    M   6 138    41 230
 5  82  64  73  -4   0   8 0.00  0.0    0 10.8 16 310   M    M   2        24 310
 6  79  61  70  -7   0   5 0.00  0.0    0  7.1 16 280   M    M   2        23 340
 7  81  59  70  -7   0   5 0.00  0.0    0  6.1 15  80   M    M   0        20  60
 8  82  61  72  -5   0   7 0.00  0.0    0  5.7 17 110   M    M   0        24  70
 9  83  64  74  -4   0   9 0.00  0.0    0  9.2 18  90   M    M   3        24  70
10  86  75  81   3   0  16 0.00  0.0    0 12.0 18 110   M    M   3        24 110
11  86  75  81   3   0  16 0.00  0.0    0  9.9 18 110   M    M   2        24 100
12  85  69  77  -1   0  12 0.00  0.0    0  6.5 15  60   M    M   1        20  60
13  87  69  78   0   0  13 0.00  0.0    0  6.1 15 110   M    M   2        19  90
14  89  74  82   4   0  17 0.57  0.0    0  5.3 15 250   M    M   4 13     18 260
15  89  73  81   3   0  16 0.00  0.0    0  7.6 15  90   M    M   2        20  90
16  87  76  82   3   0  17 0.00  0.0    0  9.7 18  90   M    M   3        24 100
17  89  80  85   6   0  20 0.11  0.0    0 10.4 21 140   M    M   5 3      27 130
18  88  72  80   1   0  15 0.30  0.0    0  6.5 24 110   M    M   6 138    31 150
19  86  71  79   0   0  14 0.05  0.0    0  7.6 20 200   M    M   6        27 220
20  89  74  82   3   0  17 0.01  0.0    0  7.0 15 300   M    M   3 3      27 300
21  93  74  84   5   0  19 0.09  0.0    0  4.6 15 280   M    M   3 3      22 290
22  90  72  81   1   0  16 0.00  0.0    0  7.2 14 270   M    M   3 3      20 280
23  88  73  81   1   0  16 0.01  0.0    0  6.2 14  60   M    M   4 3      17 260
================================================================================
SM 1990 1635         0 324  3.58     0.0 190.4          M       72
================================================================================
AV 86.5 71.1                               8.3 FASTST   M    M   3    MAX(MPH)
                                 MISC ---->  # 31 240               # 41  230
================================================================================
NOTES:
# LAST OF SEVERAL OCCURRENCES

COLUMN 17 PEAK WIND IN M.P.H.

PRELIMINARY LOCAL CLIMATOLOGICAL DATA (WS FORM: F-6) , PAGE 2

                                          STATION:  FORT LAUDERDALE EXEC ARPT
                                          MONTH:    MAY
                                          YEAR:     2016
                                          LATITUDE:   26 12 N
                                          LONGITUDE:  80 11 W

[TEMPERATURE DATA]      [PRECIPITATION DATA]       SYMBOLS USED IN COLUMN 16

AVERAGE MONTHLY: 78.8   TOTAL FOR MONTH:   3.58    1 = FOG OR MIST
DPTR FM NORMAL:   0.8   DPTR FM NORMAL:    0.37    2 = FOG REDUCING VISIBILITY
HIGHEST:    93 ON 21    GRTST 24HR  2.35 ON  4- 4      TO 1/4 MILE OR LESS
LOWEST:     59 ON  7                               3 = THUNDER
                        SNOW, ICE PELLETS, HAIL    4 = ICE PELLETS
                        TOTAL MONTH:   0.0 INCH    5 = HAIL
                        GRTST 24HR     0.0         6 = FREEZING RAIN OR DRIZZLE
                        GRTST DEPTH:   0           7 = DUSTSTORM OR SANDSTORM:
                                                       VSBY 1/2 MILE OR LESS
                                                   8 = SMOKE OR HAZE
[NO. OF DAYS WITH]      [WEATHER - DAYS WITH]      9 = BLOWING SNOW
                                                   X = TORNADO
MAX 32 OR BELOW:   0    0.01 INCH OR MORE:   9
MAX 90 OR ABOVE:   3    0.10 INCH OR MORE:   4
MIN 32 OR BELOW:   0    0.50 INCH OR MORE:   2
MIN  0 OR BELOW:   0    1.00 INCH OR MORE:   1

[HDD (BASE 65) ]
TOTAL THIS MO.     0    CLEAR  (SCALE 0-3)  12
DPTR FM NORMAL     0    PTCLDY (SCALE 4-7)  11
TOTAL FM JUL 1   107    CLOUDY (SCALE 8-10)  0
DPTR FM NORMAL   -63

[CDD (BASE 65) ]
TOTAL THIS MO.   324
DPTR FM NORMAL    24    [PRESSURE DATA]
TOTAL FM JAN 1  1196    HIGHEST SLP M ON M
DPTR FM NORMAL   129    LOWEST  SLP 29.68 ON  4

[REMARKS]
