000
CXUS52 KMFL 181000
CF6FXE
PRELIMINARY LOCAL CLIMATOLOGICAL DATA (WS FORM: F-6)

                                          STATION:   FORT LAUDERDALE EXEC ARPT
                                          MONTH:     DECEMBER
                                          YEAR:      2014
                                          LATITUDE:   26 12 N
                                          LONGITUDE:  80 11 W

  TEMPERATURE IN F:       :PCPN:    SNOW:  WIND      :SUNSHINE: SKY     :PK WND
================================================================================
1   2   3   4   5  6A  6B    7    8   9   10  11  12  13   14  15   16   17  18
                                     12Z  AVG MX 2MIN
DY MAX MIN AVG DEP HDD CDD  WTR  SNW DPTH SPD SPD DIR MIN PSBL S-S WX    SPD DR
================================================================================

 1  81  71  76   4   0  11 0.05  0.0    0 14.8 25  60   M    M   5 1      32  60
 2  77  70  74   3   0   9 1.80  0.0    0 12.5 25  90   M    M   6 1      31  80
 3  80  71  76   5   0  11 0.16  0.0    0 10.4 22  70   M    M   3 1      27  80
 4  81  72  77   6   0  12    T  0.0    0 12.3 18  70   M    M   5        27  70
 5  82  71  77   6   0  12 0.97  0.0    0 10.8 24  90   M    M   5 18     29 100
 6  80  67  74   3   0   9 0.00  0.0    0  6.4 14  70   M    M   3        18  80
 7  78  65  72   1   0   7 0.00  0.0    0  5.2 14 330   M    M   2        18 340
 8  76  59  68  -2   0   3 0.00  0.0    0  5.9 12 270   M    M   2 1      14 290
 9  68  53  61  -9   4   0 0.00  0.0    0  8.9 17 290   M    M   6        25 350
10  65  49  57 -13   8   0 0.00  0.0    0  5.7 17 340   M    M   1        25 340
11  68  48  58 -12   7   0 0.00  0.0    0  4.2 14 260   M    M   2        20 270
12  66  52  59 -11   6   0 0.00  0.0    0  5.4 12 350   M    M   2        15 340
13  76  54  65  -5   0   0 0.00  0.0    0  5.6 15  40   M    M   4        21  30
14  76  56  66  -4   0   1 0.00  0.0    0  4.4 10  80   M    M   2        13  90
15  78  54  66  -3   0   1 0.00  0.0    0  2.2  9 110   M    M   3        12 110
16  77  55  66  -3   0   1 0.00  0.0    0  2.2  9 340   M    M   2        14 320
17  79  52  66  -3   0   1 0.00  0.0    0  3.4 12 270   M    M   1        14 260
================================================================================
SM 1288 1019        25  78  2.98     0.0 120.3          M       54
================================================================================
AV 75.8 59.9                               7.1 FASTST   M    M   3    MAX(MPH)
                                 MISC ---->  # 25  60               # 32   60
================================================================================
NOTES:
# LAST OF SEVERAL OCCURRENCES

COLUMN 17 PEAK WIND IN M.P.H.

PRELIMINARY LOCAL CLIMATOLOGICAL DATA (WS FORM: F-6) , PAGE 2

                                          STATION:  FORT LAUDERDALE EXEC ARPT
                                          MONTH:    DECEMBER
                                          YEAR:     2014
                                          LATITUDE:   26 12 N
                                          LONGITUDE:  80 11 W

[TEMPERATURE DATA]      [PRECIPITATION DATA]       SYMBOLS USED IN COLUMN 16

AVERAGE MONTHLY: 67.9   TOTAL FOR MONTH:   2.98    1 = FOG OR MIST
DPTR FM NORMAL:  -2.4   DPTR FM NORMAL:    1.64    2 = FOG REDUCING VISIBILITY
HIGHEST:    82 ON  5    GRTST 24HR  1.96 ON  2- 3      TO 1/4 MILE OR LESS
LOWEST:     48 ON 11                               3 = THUNDER
                        SNOW, ICE PELLETS, HAIL    4 = ICE PELLETS
                        TOTAL MONTH:   0.0 INCH    5 = HAIL
                        GRTST 24HR     0.0         6 = FREEZING RAIN OR DRIZZLE
                        GRTST DEPTH:   0           7 = DUSTSTORM OR SANDSTORM:
                                                       VSBY 1/2 MILE OR LESS
                                                   8 = SMOKE OR HAZE
[NO. OF DAYS WITH]      [WEATHER - DAYS WITH]      9 = BLOWING SNOW
                                                   X = TORNADO
MAX 32 OR BELOW:   0    0.01 INCH OR MORE:   4
MAX 90 OR ABOVE:   0    0.10 INCH OR MORE:   3
MIN 32 OR BELOW:   0    0.50 INCH OR MORE:   2
MIN  0 OR BELOW:   0    1.00 INCH OR MORE:   1

[HDD (BASE 65) ]
TOTAL THIS MO.    25    CLEAR  (SCALE 0-3)   9
DPTR FM NORMAL     9    PTCLDY (SCALE 4-7)   8
TOTAL FM JUL 1    39    CLOUDY (SCALE 8-10)  0
DPTR FM NORMAL    18

[CDD (BASE 65) ]
TOTAL THIS MO.    78
DPTR FM NORMAL   -32    [PRESSURE DATA]
TOTAL FM JAN 1  4411    HIGHEST SLP M ON M
DPTR FM NORMAL   263    LOWEST  SLP 29.98 ON  9

[REMARKS]
