000
CXUS56 KFGZ 270900
CF6GCN
PRELIMINARY LOCAL CLIMATOLOGICAL DATA (WS FORM: F-6)

                                          STATION:   GRAND CANYON AZ AIRPORT
                                          MONTH:     AUGUST
                                          YEAR:      2014
                                          LATITUDE:   35 57 N
                                          LONGITUDE: 112  9 W

  TEMPERATURE IN F:       :PCPN:    SNOW:  WIND      :SUNSHINE: SKY     :PK WND
================================================================================
1   2   3   4   5  6A  6B    7    8   9   10  11  12  13   14  15   16   17  18
                                     12Z  AVG MX 2MIN
DY MAX MIN AVG DEP HDD CDD  WTR  SNW DPTH SPD SPD DIR MIN PSBL S-S WX    SPD DR
================================================================================

 1  82  55  69   3   0   4 0.00    M    M  4.4 14 230   M    M   1 18     20 230
 2  83  50  67   1   0   2    T    M    M  3.9 12  60   M    M   3 138    17  60
 3  69  53  61  -5   4   0 0.18    M    M  4.5 25 240   M    M   7 13     32 220
 4  78  48  63  -3   2   0 0.00    M    M  7.5 21 240   M    M   3 12     27 220
 5  82  45  64  -2   1   0 0.00    M    M  5.1 20 250   M    M   1        27 240
 6  82  43  63  -3   2   0 0.00    M    M  5.1 22 230   M    M   1 8      28 220
 7  82  39  61  -5   4   0 0.00    M    M  4.8 15 200   M    M   0        23 210
 8  84  39  62  -4   3   0 0.00    M    M  4.9 21 220   M    M   1        27 230
 9  87  41  64  -2   1   0 0.00    M    M  3.7 17 250   M    M   1        25 220
10  88  48  68   2   0   3    T    M    M  4.7 29 260   M    M   2 8      39 250
11  86  49  68   3   0   3    T    M    M  5.5 18 180   M    M   3 38     26 190
12  75  55  65   0   0   0 0.07    M    M  3.2 10 270   M    M   6 138    18 170
13  67  57  62  -3   3   0 0.48    M    M  5.6 17 230   M    M   8 1      22 210
14  78  57  68   3   0   3 0.00    M    M  3.9 16 220   M    M   5 13     21 220
15  82  50  66   1   0   1 0.00    M    M  3.9 15 240   M    M   1        23 240
16  85  45  65   0   0   0 0.00    M    M  3.5 14 240   M    M   0        19 240
17  88  47  68   3   0   3 0.00    M    M  4.4 20 220   M    M   0        23 220
18  83  48  66   2   0   1 0.10    M    M  5.3 23 170   M    M   2 138    33 170
19   M   M   M   M   M   M    M    M    M  7.1 10 230   M    M   5 1       M  M
20   M   M   M   M   M   M    M    M    M  9.7 16 200   M    M   3        18 210
21   M   M   M   M   M   M    M    M    M  2.4  8 200   M    M   4 13      M  M
22   M   M   M   M   M   M    M    M    M  9.7 15 200   M    M   1       215 200
23   M   M   M   M   M   M    M    M    M   M   M   M   M    M   M         M  M
24  75  45  60  -3   5   0 0.00    M    M  9.0 14 220   M    M   2        25 220
25   M   M   M   M   M   M 0.00    M    M 11.9 17 210   M    M   4 3      28 190
26  68  55  62  -1   3   0 0.00    M    M  6.5  9 180   M    M   5 3      17 220
================================================================================
SM 1604  969        28  20  0.83    M    140.2          M       69
================================================================================
AV 80.2 48.5                               5.6 FASTST   M    M   3    MAX(MPH)
                                 MISC ---->  # 29 260                215    M
================================================================================
NOTES:
# LAST OF SEVERAL OCCURRENCES

COLUMN 17 PEAK WIND IN M.P.H.

PRELIMINARY LOCAL CLIMATOLOGICAL DATA (WS FORM: F-6) , PAGE 2

                                          STATION:  GRAND CANYON AZ AIRPORT
                                          MONTH:    AUGUST
                                          YEAR:     2014
                                          LATITUDE:   35 57 N
                                          LONGITUDE: 112  9 W

[TEMPERATURE DATA]      [PRECIPITATION DATA]       SYMBOLS USED IN COLUMN 16

AVERAGE MONTHLY: 64.3   TOTAL FOR MONTH:   0.83    1 = FOG OR MIST
DPTR FM NORMAL:  -0.6   DPTR FM NORMAL:   -1.26    2 = FOG REDUCING VISIBILITY
HIGHEST:    88 ON 17,10 GRTST 24HR  0.51 ON 12-13      TO 1/4 MILE OR LESS
LOWEST:     39 ON  8, 7                            3 = THUNDER
                        SNOW, ICE PELLETS, HAIL    4 = ICE PELLETS
                        TOTAL MONTH:    M          5 = HAIL
                        GRTST 24HR    M  ON   M    6 = FREEZING RAIN OR DRIZZLE
                        GRTST DEPTH:  M  ON   M    7 = DUSTSTORM OR SANDSTORM:
                                                       VSBY 1/2 MILE OR LESS
                                                   8 = SMOKE OR HAZE
[NO. OF DAYS WITH]      [WEATHER - DAYS WITH]      9 = BLOWING SNOW
                                                   X = TORNADO
MAX 32 OR BELOW:   0    0.01 INCH OR MORE:   4
MAX 90 OR ABOVE:   0    0.10 INCH OR MORE:   3
MIN 32 OR BELOW:   0    0.50 INCH OR MORE:   0
MIN  0 OR BELOW:   0    1.00 INCH OR MORE:   0

[HDD (BASE 65) ]
TOTAL THIS MO.    28    CLEAR  (SCALE 0-3)  17
DPTR FM NORMAL    -8    PTCLDY (SCALE 4-7)   8
TOTAL FM JUL 1    29    CLOUDY (SCALE 8-10)  0
DPTR FM NORMAL   -43

[CDD (BASE 65) ]
TOTAL THIS MO.    20
DPTR FM NORMAL   -14    [PRESSURE DATA]
TOTAL FM JAN 1   153    HIGHEST SLP M ON M
DPTR FM NORMAL    65    LOWEST  SLP 29.87 ON 19

[REMARKS]
