000
CXUS56 KFGZ 010900
CF6GCN
PRELIMINARY LOCAL CLIMATOLOGICAL DATA (WS FORM: F-6)

                                          STATION:   GRAND CANYON AZ AIRPORT
                                          MONTH:     FEBRUARY
                                          YEAR:      2015
                                          LATITUDE:   35 57 N
                                          LONGITUDE: 112  9 W

  TEMPERATURE IN F:       :PCPN:    SNOW:  WIND      :SUNSHINE: SKY     :PK WND
================================================================================
1   2   3   4   5  6A  6B    7    8   9   10  11  12  13   14  15   16   17  18
                                     12Z  AVG MX 2MIN
DY MAX MIN AVG DEP HDD CDD  WTR  SNW DPTH SPD SPD DIR MIN PSBL S-S WX    SPD DR
================================================================================

 1  51  18  35   6  30   0 0.00    M    M  2.0 12 240   M    M   0        15 240
 2  58  20  39  10  26   0 0.00    M    M  2.4 13 300   M    M   0        17 350
 3  59  21  40  11  25   0 0.00    M    M  3.1 15 270   M    M   0        22 270
 4  61  20  41  11  24   0 0.00    M    M  2.9 13 280   M    M   0        19 350
 5  64  22  43  13  22   0 0.00    M    M  3.0 14 220   M    M   0        18 250
 6  64  19  42  12  23   0 0.00    M    M  4.6 18 220   M    M   0 8      23 210
 7  63  18  41  11  24   0 0.00    M    M  6.7 22 240   M    M   2 1      30 270
 8  62  25  44  14  21   0 0.00    M    M  2.3 13 280   M    M   2        17 230
 9  65  21  43  13  22   0 0.00    M    M  4.6 21 230   M    M   0        30 280
10  58  16  37   7  28   0 0.00    M    M  3.3 15 340   M    M   0        23 260
11  52  16  34   3  31   0 0.00    M    M 10.1 28  50   M    M   0        34  50
12  58  21  40   9  25   0 0.00    M    M  6.4 15  60   M    M   0 8      19  80
13  63  19  41  10  24   0 0.00    M    M  7.4 21  60   M    M   0        25  70
14  66  19  43  12  22   0 0.00    M    M  2.3 13 240   M    M   0        16 230
15  63  20  42  11  23   0 0.00    M    M  4.5 16 240   M    M   0        24 320
16  57  10  34   3  31   0 0.00    M    M  4.4 20 270   M    M   0        30 290
17  54   8  31  -1  34   0 0.00  0.0    M  2.3 12 280   M    M   0        16 300
18  64  14  39   7  26   0 0.00    M    M  3.1 14 290   M    M   0        18 280
19  64  19  42  10  23   0 0.00    M    M  3.7 14 230   M    M   0        23 230
20  58  17  38   6  27   0 0.00    M    M  5.6 17 250   M    M   0 8      26 260
21  58  14  36   4  29   0 0.00    M    M  7.4 24 240   M    M   4 18     34 230
22   M   M   M   M   M   M 0.08    M    M  7.9 22 220   M    M  10 12     35 230
23  36  25  31  -2  34   0 0.55    M    M  5.8 21 210   M    M   7 129    25 230
24  39  19  29  -4  36   0 0.05    M    M  5.5 13  50   M    M   6 18     16 340
25  50  14  32  -1  33   0 0.00    M    M  4.5 14 320   M    M   0        26 280
26  48  21  35   2  30   0    T    M    M  4.4 20 240   M    M   5 4      26 210
27  41  21  31  -3  34   0    T    M    M  2.8 17 240   M    M   8 1      24 240
28  38  32  35   1  30   0 0.33    M    M 11.9 29 220   M    M  10 12     36 230
================================================================================
SM 1514  509       737   0  1.01     0.0 134.9          M       54
================================================================================
AV 56.1 18.9                               4.8 FASTST   M    M   2    MAX(MPH)
                                 MISC ---->  # 29 220               # 36  230
================================================================================
NOTES:
# LAST OF SEVERAL OCCURRENCES

COLUMN 17 PEAK WIND IN M.P.H.

PRELIMINARY LOCAL CLIMATOLOGICAL DATA (WS FORM: F-6) , PAGE 2

                                          STATION:  GRAND CANYON AZ AIRPORT
                                          MONTH:    FEBRUARY
                                          YEAR:     2015
                                          LATITUDE:   35 57 N
                                          LONGITUDE: 112  9 W

[TEMPERATURE DATA]      [PRECIPITATION DATA]       SYMBOLS USED IN COLUMN 16

AVERAGE MONTHLY: 37.5   TOTAL FOR MONTH:   1.01    1 = FOG OR MIST
DPTR FM NORMAL:   6.3   DPTR FM NORMAL:   -0.18    2 = FOG REDUCING VISIBILITY
HIGHEST:    66 ON 14    GRTST 24HR  0.55 ON 23-23      TO 1/4 MILE OR LESS
LOWEST:      8 ON 17                               3 = THUNDER
                        SNOW, ICE PELLETS, HAIL    4 = ICE PELLETS
                        TOTAL MONTH:   0.0 INCH    5 = HAIL
                        GRTST 24HR     0.0         6 = FREEZING RAIN OR DRIZZLE
                        GRTST DEPTH:  M  ON   M    7 = DUSTSTORM OR SANDSTORM:
                                                       VSBY 1/2 MILE OR LESS
                                                   8 = SMOKE OR HAZE
[NO. OF DAYS WITH]      [WEATHER - DAYS WITH]      9 = BLOWING SNOW
                                                   X = TORNADO
MAX 32 OR BELOW:   0    0.01 INCH OR MORE:   4
MAX 90 OR ABOVE:   0    0.10 INCH OR MORE:   2
MIN 32 OR BELOW:  27    0.50 INCH OR MORE:   1
MIN  0 OR BELOW:   0    1.00 INCH OR MORE:   0

[HDD (BASE 65) ]
TOTAL THIS MO.   737    CLEAR  (SCALE 0-3)  21
DPTR FM NORMAL  -210    PTCLDY (SCALE 4-7)   4
TOTAL FM JUL 1  4165    CLOUDY (SCALE 8-10)  3
DPTR FM NORMAL  -849

[CDD (BASE 65) ]
TOTAL THIS MO.     0
DPTR FM NORMAL     0    [PRESSURE DATA]
TOTAL FM JAN 1     0    HIGHEST SLP M ON M
DPTR FM NORMAL     0    LOWEST  SLP 29.56 ON 28

[REMARKS]
#FINAL-02-15#
