000
CXUS54 KMAF 281100
CF6GDP
PRELIMINARY LOCAL CLIMATOLOGICAL DATA (WS FORM: F-6)

                                          STATION:   Guadalupe Pass
                                          MONTH:     APRIL
                                          YEAR:      2017
                                          LATITUDE:   31 49 N
                                          LONGITUDE: 104 48 W

  TEMPERATURE IN F:       :PCPN:    SNOW:  WIND      :SUNSHINE: SKY     :PK WND
================================================================================
1   2   3   4   5  6A  6B    7    8   9   10  11  12  13   14  15   16   17  18
                                     12Z  AVG MX 2MIN
DY MAX MIN AVG DEP HDD CDD  WTR  SNW DPTH SPD SPD DIR MIN PSBL S-S WX    SPD DR
================================================================================

 1  68  40  54  -2  11   0    T  0.0    0 16.3 37  60   M    M   3        44  60
 2  64  37  51  -6  14   0    T    M    0 23.3 36  80   M    M   5        50 250
 3  51  49  50  -7  15   0 0.00  0.0    M 25.1 32 250   M    M   0        48 250
 4   M   M   M   M   M   M    M    M    M   M   M   M   M    M   M         M  M
 5   M   M   M   M   M   M    M    M    M   M   M   M   M    M   M         M  M
 6   M   M   M   M   M   M    M    M    M   M   M   M   M    M   M         M  M
 7   M   M   M   M   M   M    M    M    M   M   M   M   M    M   M         M  M
 8   M   M   M   M   M   M    M    M    M   M   M   M   M    M   M         M  M
 9   M   M   M   M   M   M    M    M    M   M   M   M   M    M   M         M  M
10  72  48  60   1   5   0 0.00  0.0    M 15.8 43 260   M    M   0        49 250
11  71  50  61   2   4   0 0.00  0.0    0 29.6 39  60   M    M   2        44  50
12  70  49  60   1   5   0 0.49    M    0 28.3 47  40   M    M   5        52  40
13  71  50  61   1   4   0    T  0.0    0 17.9 31  60   M    M   2        35  60
14  83  56  70  10   0   5 0.00  0.0    0 12.4 33 240   M    M   0        42 230
15  84  58  71  11   0   6 0.00  0.0    0 14.6 28 240   M    M   0        36 250
16  86  55  71  11   0   6 0.00  0.0    0 13.5 30  50   M    M   0        34 250
17  85  50  68   8   0   3 0.00  0.0    0 16.5 31  50   M    M   0        33 240
18  86  58  72  11   0   7 0.00  0.0    0 17.4 33 240   M    M   0        44 250
19  87  60  74  13   0   9 0.00  0.0    0 18.5 46 250   M    M   0        56 240
20  84  61  73  12   0   8 0.00  0.0    0 10.5 22  80   M    M   0        25  80
21  86  55  71   9   0   6 0.00  0.0    0 19.5 45  60   M    M   0        52  60
22  58  43  51 -11  14   0 0.00  0.0    0 34.0 51  50   M    M   2 8      56  60
23  76  42  59  -3   6   0 0.00  0.0    0 20.8 38  50   M    M   0        43  50
24  85  59  72  10   0   7 0.00  0.0    0 28.0 52 250   M    M   0        64 250
25  80  62  71   8   0   6 0.00  0.0    0 42.1 66 250   M    M   4 8      77 260
26  72  48  60  -3   5   0 0.00  0.0    0 21.7 39 250   M    M   1        47 250
27  80  58  69   6   0   4 0.00  0.0    0 40.7 61 250   M    M   0        70 250
================================================================================
SM 1599 1088        83  67  0.49     0.0 466.5          M       24
================================================================================
AV 76.1 51.8                              22.2 FASTST   M    M   1    MAX(MPH)
                                 MISC ---->  # 66 250               # 77  260
================================================================================
NOTES:
# LAST OF SEVERAL OCCURRENCES

COLUMN 17 PEAK WIND IN M.P.H.

PRELIMINARY LOCAL CLIMATOLOGICAL DATA (WS FORM: F-6) , PAGE 2

                                          STATION:  Guadalupe Pass
                                          MONTH:    APRIL
                                          YEAR:     2017
                                          LATITUDE:   31 49 N
                                          LONGITUDE: 104 48 W

[TEMPERATURE DATA]      [PRECIPITATION DATA]       SYMBOLS USED IN COLUMN 16

AVERAGE MONTHLY: 64.0   TOTAL FOR MONTH:   0.49    1 = FOG OR MIST
DPTR FM NORMAL:   4.2   DPTR FM NORMAL:   -0.03    2 = FOG REDUCING VISIBILITY
HIGHEST:    87 ON 19    GRTST 24HR  0.49 ON 12-12      TO 1/4 MILE OR LESS
LOWEST:     37 ON  2                               3 = THUNDER
                        SNOW, ICE PELLETS, HAIL    4 = ICE PELLETS
                        TOTAL MONTH:   0.0 INCH    5 = HAIL
                        GRTST 24HR     0.0         6 = FREEZING RAIN OR DRIZZLE
                        GRTST DEPTH:   0           7 = DUSTSTORM OR SANDSTORM:
                                                       VSBY 1/2 MILE OR LESS
                                                   8 = SMOKE OR HAZE
[NO. OF DAYS WITH]      [WEATHER - DAYS WITH]      9 = BLOWING SNOW
                                                   X = TORNADO
MAX 32 OR BELOW:   0    0.01 INCH OR MORE:   1
MAX 90 OR ABOVE:   0    0.10 INCH OR MORE:   1
MIN 32 OR BELOW:   0    0.50 INCH OR MORE:   0
MIN  0 OR BELOW:   0    1.00 INCH OR MORE:   0

[HDD (BASE 65) ]
TOTAL THIS MO.    83    CLEAR  (SCALE 0-3)  18
DPTR FM NORMAL   -85    PTCLDY (SCALE 4-7)   3
TOTAL FM JUL 1  2217    CLOUDY (SCALE 8-10)  0
DPTR FM NORMAL -1012

[CDD (BASE 65) ]
TOTAL THIS MO.    67
DPTR FM NORMAL    39    [PRESSURE DATA]
TOTAL FM JAN 1   129    HIGHEST SLP M ON M
DPTR FM NORMAL    95    LOWEST  SLP 29.30 ON 25

[REMARKS]
