000
CXUS54 KMAF 171100
CF6GDP
PRELIMINARY LOCAL CLIMATOLOGICAL DATA (WS FORM: F-6)

                                          STATION:   Guadalupe Pass
                                          MONTH:     APRIL
                                          YEAR:      2014
                                          LATITUDE:   31 49 N
                                          LONGITUDE: 104 48 W

  TEMPERATURE IN F:       :PCPN:    SNOW:  WIND      :SUNSHINE: SKY     :PK WND
================================================================================
1   2   3   4   5  6A  6B    7    8   9   10  11  12  13   14  15   16   17  18
                                     12Z  AVG MX 2MIN
DY MAX MIN AVG DEP HDD CDD  WTR  SNW DPTH SPD SPD DIR MIN PSBL S-S WX    SPD DR
================================================================================

 1  77  52  65   9   0   0 0.00  0.0    0 22.6 46 240   M    M   0        57 240
 2  74  51  63   6   2   0 0.00  0.0    0 31.2 52 250   M    M   0 8      63 250
 3  63  42  53  -4  12   0 0.00  0.0    0 31.9 56 250   M    M   0 8      66 250
 4  56  34  45 -12  20   0 0.00  0.0    0 30.6 39  50   M    M   0        42  50
 5  72  46  59   1   6   0 0.00  0.0    0 18.1 39 250   M    M   3        48 250
 6  65  46  56  -2   9   0 0.00  0.0    0 13.7 37 250   M    M   4        45 250
 7  66  44  55  -3  10   0    T    M    0 13.5 33 260   M    M   3        39 260
 8  72  42  57  -1   8   0 0.00  0.0    0 16.1 31  50   M    M   0        34  50
 9  83  56  70  12   0   5 0.00  0.0    0 16.3 30 250   M    M   0        38 230
10  82  58  70  11   0   5 0.00  0.0    0 14.8 30 250   M    M   0        36 250
11  83  60  72  13   0   7 0.00  0.0    0 12.4 30 240   M    M   0        35 240
12  78  60  69  10   0   4 0.00  0.0    0 29.2 64 240   M    M   1 8      72 240
13  74  53  64   4   1   0 0.00  0.0    0 29.9 52 250   M    M   1        60 240
14  61  30  46 -14  19   0 0.00  0.0    0 31.0 47  70   M    M   0 8      50  70
15  66  29  48 -12  17   0    T    M    0 14.3 29  60   M    M   0        30 240
16  79  49  64   4   1   0 0.00  0.0    0 15.4 38 250   M    M   0        48 240
================================================================================
SM 1151  752       105  21    T      0.0 341.0          M       12
================================================================================
AV 71.9 47.0                              21.3 FASTST   M    M   1    MAX(MPH)
                                 MISC ---->  # 64 240               # 72  240
================================================================================
NOTES:
# LAST OF SEVERAL OCCURRENCES

COLUMN 17 PEAK WIND IN M.P.H.

PRELIMINARY LOCAL CLIMATOLOGICAL DATA (WS FORM: F-6) , PAGE 2

                                          STATION:  Guadalupe Pass
                                          MONTH:    APRIL
                                          YEAR:     2014
                                          LATITUDE:   31 49 N
                                          LONGITUDE: 104 48 W

[TEMPERATURE DATA]      [PRECIPITATION DATA]       SYMBOLS USED IN COLUMN 16

AVERAGE MONTHLY: 59.5   TOTAL FOR MONTH:      T    1 = FOG OR MIST
DPTR FM NORMAL:   1.1   DPTR FM NORMAL:   -0.34    2 = FOG REDUCING VISIBILITY
HIGHEST:    83 ON 11, 9 GRTST 24HR    T  ON 15-15      TO 1/4 MILE OR LESS
LOWEST:     29 ON 15                               3 = THUNDER
                        SNOW, ICE PELLETS, HAIL    4 = ICE PELLETS
                        TOTAL MONTH:   0.0 INCH    5 = HAIL
                        GRTST 24HR     0.0         6 = FREEZING RAIN OR DRIZZLE
                        GRTST DEPTH:   0           7 = DUSTSTORM OR SANDSTORM:
                                                       VSBY 1/2 MILE OR LESS
                                                   8 = SMOKE OR HAZE
[NO. OF DAYS WITH]      [WEATHER - DAYS WITH]      9 = BLOWING SNOW
                                                   X = TORNADO
MAX 32 OR BELOW:   0    0.01 INCH OR MORE:   0
MAX 90 OR ABOVE:   0    0.10 INCH OR MORE:   0
MIN 32 OR BELOW:   2    0.50 INCH OR MORE:   0
MIN  0 OR BELOW:   0    1.00 INCH OR MORE:   0

[HDD (BASE 65) ]
TOTAL THIS MO.   105    CLEAR  (SCALE 0-3)  14
DPTR FM NORMAL   -12    PTCLDY (SCALE 4-7)   2
TOTAL FM JUL 1  1672    CLOUDY (SCALE 8-10)  0
DPTR FM NORMAL -1506

[CDD (BASE 65) ]
TOTAL THIS MO.    21
DPTR FM NORMAL     9    [PRESSURE DATA]
TOTAL FM JAN 1    23    HIGHEST SLP M ON M
DPTR FM NORMAL     5    LOWEST  SLP 29.54 ON 13

[REMARKS]
