000
CXUS54 KMAF 261100
CF6GDP
PRELIMINARY LOCAL CLIMATOLOGICAL DATA (WS FORM: F-6)

                                          STATION:   Guadalupe Pass
                                          MONTH:     MARCH
                                          YEAR:      2017
                                          LATITUDE:   31 49 N
                                          LONGITUDE: 104 48 W

  TEMPERATURE IN F:       :PCPN:    SNOW:  WIND      :SUNSHINE: SKY     :PK WND
================================================================================
1   2   3   4   5  6A  6B    7    8   9   10  11  12  13   14  15   16   17  18
                                     12Z  AVG MX 2MIN
DY MAX MIN AVG DEP HDD CDD  WTR  SNW DPTH SPD SPD DIR MIN PSBL S-S WX    SPD DR
================================================================================

 1  64  44  54   6  11   0    T    M    0 15.0 22  40   M    M   0        31 240
 2  57  34  46  -3  19   0    T    M    0 24.3 33  50   M    M   0 8      39  60
 3  52  37  45  -4  20   0 0.00  0.0    0 27.8 38  50   M    M   0        41  50
 4  71  41  56   7   9   0 0.00  0.0    0 14.2 30 240   M    M   4        35 240
 5  72  49  61  12   4   0 0.00  0.0    0 23.6 43 240   M    M   0        50 240
 6  70  52  61  11   4   0 0.00  0.0    0 34.8 48 250   M    M   0        57 260
 7  62  44  53   3  12   0 0.00  0.0    0 21.1 38  50   M    M   0 8      42  50
 8  77  47  62  12   3   0 0.00  0.0    0 11.7 24  40   M    M   0 8      27  40
 9  79  54  67  17   0   2 0.00  0.0    0 16.6 32 250   M    M   0        39 260
10  74  56  65  14   0   0 0.00  0.0    0 17.9 29  80   M    M   0 8      32  80
11  81  42  62  11   3   0 0.00  0.0    0 23.7 49  60   M    M   1        56  70
12  69  37  53   2  12   0    T    M    0 20.9 48  60   M    M   5 128    52  60
13  62  42  52   0  13   0 0.00  0.0    0 22.7 51  50   M    M   0 8      55  50
14  79  46  63  11   2   0 0.00  0.0    0 16.9 35 250   M    M   0        44 250
15  83  59  71  19   0   6 0.00  0.0    0 10.4 23  60   M    M   0        26 260
16  81  57  69  17   0   4 0.00  0.0    0 16.5 41 250   M    M   0        52 250
17  84  57  71  18   0   6 0.00  0.0    0 15.7 25 240   M    M   0        32 240
18  78  57  68  15   0   3 0.00  0.0    0 14.3 26  40   M    M   0        28  70
19  86  62  74  21   0   9 0.00  0.0    0 11.2 28 250   M    M   0        33 250
20  87  62  75  22   0  10 0.00  0.0    0 11.6 23 250   M    M   0        30 260
21  88  64  76  22   0  11 0.00  0.0    0 11.5 26 240   M    M   0        31 260
22  80  62  71  17   0   6    T  0.0    0 11.9 26  40   M    M   0 8      40 120
23  83  45  64  10   1   0 0.00  0.0    0 34.1 77 230   M    M   3 8      86 230
24  65  40  53  -1  12   0 0.00    M    0 34.9 48 250   M    M   0 8      66 250
25  76  41  59   4   6   0 0.00  0.0    0 18.9 30  60   M    M   0        39 250
================================================================================
SM 1860 1231       131  57    T      0.0 482.2          M       13
================================================================================
AV 74.4 49.2                              19.3 FASTST   M    M   1    MAX(MPH)
                                 MISC ---->  # 77 230               # 86  230
================================================================================
NOTES:
# LAST OF SEVERAL OCCURRENCES

COLUMN 17 PEAK WIND IN M.P.H.

PRELIMINARY LOCAL CLIMATOLOGICAL DATA (WS FORM: F-6) , PAGE 2

                                          STATION:  Guadalupe Pass
                                          MONTH:    MARCH
                                          YEAR:     2017
                                          LATITUDE:   31 49 N
                                          LONGITUDE: 104 48 W

[TEMPERATURE DATA]      [PRECIPITATION DATA]       SYMBOLS USED IN COLUMN 16

AVERAGE MONTHLY: 61.8   TOTAL FOR MONTH:      T    1 = FOG OR MIST
DPTR FM NORMAL:  10.3   DPTR FM NORMAL:   -0.37    2 = FOG REDUCING VISIBILITY
HIGHEST:    88 ON 21    GRTST 24HR    T  ON 22-22      TO 1/4 MILE OR LESS
LOWEST:     34 ON  2                               3 = THUNDER
                        SNOW, ICE PELLETS, HAIL    4 = ICE PELLETS
                        TOTAL MONTH:   0.0 INCH    5 = HAIL
                        GRTST 24HR     0.0         6 = FREEZING RAIN OR DRIZZLE
                        GRTST DEPTH:   0           7 = DUSTSTORM OR SANDSTORM:
                                                       VSBY 1/2 MILE OR LESS
                                                   8 = SMOKE OR HAZE
[NO. OF DAYS WITH]      [WEATHER - DAYS WITH]      9 = BLOWING SNOW
                                                   X = TORNADO
MAX 32 OR BELOW:   0    0.01 INCH OR MORE:   0
MAX 90 OR ABOVE:   0    0.10 INCH OR MORE:   0
MIN 32 OR BELOW:   0    0.50 INCH OR MORE:   0
MIN  0 OR BELOW:   0    1.00 INCH OR MORE:   0

[HDD (BASE 65) ]
TOTAL THIS MO.   131    CLEAR  (SCALE 0-3)  23
DPTR FM NORMAL  -210    PTCLDY (SCALE 4-7)   2
TOTAL FM JUL 1  2098    CLOUDY (SCALE 8-10)  0
DPTR FM NORMAL  -906

[CDD (BASE 65) ]
TOTAL THIS MO.    57
DPTR FM NORMAL    57    [PRESSURE DATA]
TOTAL FM JAN 1    60    HIGHEST SLP M ON M
DPTR FM NORMAL    59    LOWEST  SLP 29.52 ON 23

[REMARKS]
