000
CXUS51 KPHI 300800
CF6GED
PRELIMINARY LOCAL CLIMATOLOGICAL DATA (WS FORM: F-6)

                                          STATION:   GEORGETOWN DE
                                          MONTH:     SEPTEMBER
                                          YEAR:      2016
                                          LATITUDE:   38 41 N
                                          LONGITUDE:  75 22 W

  TEMPERATURE IN F:       :PCPN:    SNOW:  WIND      :SUNSHINE: SKY     :PK WND
================================================================================
1   2   3   4   5  6A  6B    7    8   9   10  11  12  13   14  15   16   17  18
                                     12Z  AVG MX 2MIN
DY MAX MIN AVG DEP HDD CDD  WTR  SNW DPTH SPD SPD DIR MIN PSBL S-S WX    SPD DR
================================================================================

 1  78  70  74   1   0   9 0.32    M    M  3.2  9  10   M    M   6 13     12  20
 2  79  63  71  -2   0   6 0.00    M    M  6.4 15  50   M    M   0        18  20
 3  74  69  72  -1   0   7 0.16    M    M 16.1 33  40   M    M   5 1      40  40
 4  77  62  70  -2   0   5 0.00    M    M  8.9 20  20   M    M   2        26  40
 5  79  61  70  -2   0   5 0.00    M    M  5.8 15  20   M    M   0        19 360
 6  87  67  77   5   0  12 0.00    M    M  6.9 17 350   M    M   1        24 310
 7  89  66  78   6   0  13 0.00    M    M  4.7 14 340   M    M   1        21 310
 8  94  71  83  12   0  18 0.00    M    M  4.8 13 250   M    M   2 3      20 240
 9  94  77  86  15   0  21 0.00    M    M  5.9 13 220   M    M   0        15 230
10  92  74  83  13   0  18 0.00    M    M  8.5 17 230   M    M   0        21 230
11  87  68  78   8   0  13 0.00    M    M  5.6 15 340   M    M   4        23 350
12  81  62  72   2   0   7 0.00    M    M  5.9 15  30   M    M   0        19  30
13  85  58  72   2   0   7 0.00    M    M  4.9 16 160   M    M   1        20 180
14  93  65  79  10   0  14 0.00    M    M  4.7 12 230   M    M   1        16 220
15  74  59  67  -2   0   2 0.00    M    M  9.9 20  50   M    M   4        26  60
16  77  56  67  -1   0   2 0.00    M    M  4.8 14  80   M    M   4        18  60
17  85  56  71   3   0   6 0.00    M    M  4.3 14 160   M    M   1        17 160
18  90  66  78  10   0  13 0.00    M    M  6.8 15 180   M    M   1 1      18 180
19  78  70  74   7   0   9 2.78    M    M  5.5 13 100   M    M   8 13     17  60
20  76  71  74   7   0   9 0.08    M    M  6.6 13  50   M    M   8 1      16  30
21  78  68  73   6   0   8    T    M    M  7.6 16  50   M    M   4 1      21  50
22  79  67  73   7   0   8 0.00    M    M  7.1 16  50   M    M   1        20  20
23  86  67  77  11   0  12 0.00    M    M  3.9 10  20   M    M   5 1      13 350
24  71  57  64  -2   1   0 0.00    M    M  5.3 17  40   M    M   6 18     23  50
25  72  51  62  -3   3   0 0.00    M    M  3.0 13  40   M    M   0 1      18  40
26  75  49  62  -3   3   0 0.01    M    M  5.6 16 130   M    M   4 1      23 120
27  69  62  66   2   0   1 0.29    M    M  2.7 10 220   M    M   9 1      14 200
28  73  63  68   4   0   3 1.44    M    M  9.3 20  60   M    M   9 13     29  60
29  69  65  67   3   0   2 6.52    M    M 18.3 30  60   M    M   8 13     42 100
================================================================================
SM 2341 1860         7 230 11.60    M    193.0          M       95
================================================================================
AV 80.7 64.1                               6.7 FASTST   M    M   3    MAX(MPH)
                                 MISC ---->  # 33  40               # 42  100
================================================================================
NOTES:
# LAST OF SEVERAL OCCURRENCES

COLUMN 17 PEAK WIND IN M.P.H.

PRELIMINARY LOCAL CLIMATOLOGICAL DATA (WS FORM: F-6) , PAGE 2

                                          STATION:  GEORGETOWN DE
                                          MONTH:    SEPTEMBER
                                          YEAR:     2016
                                          LATITUDE:   38 41 N
                                          LONGITUDE:  75 22 W

[TEMPERATURE DATA]      [PRECIPITATION DATA]       SYMBOLS USED IN COLUMN 16

AVERAGE MONTHLY: 72.4   TOTAL FOR MONTH:  11.60    1 = FOG OR MIST
DPTR FM NORMAL:   3.7   DPTR FM NORMAL:    7.59    2 = FOG REDUCING VISIBILITY
HIGHEST:    94 ON  9, 8 GRTST 24HR  7.02 ON 28-29      TO 1/4 MILE OR LESS
LOWEST:     49 ON 26                               3 = THUNDER
                        SNOW, ICE PELLETS, HAIL    4 = ICE PELLETS
                        TOTAL MONTH:    M          5 = HAIL
                        GRTST 24HR    M  ON   M    6 = FREEZING RAIN OR DRIZZLE
                        GRTST DEPTH:  M  ON   M    7 = DUSTSTORM OR SANDSTORM:
                                                       VSBY 1/2 MILE OR LESS
                                                   8 = SMOKE OR HAZE
[NO. OF DAYS WITH]      [WEATHER - DAYS WITH]      9 = BLOWING SNOW
                                                   X = TORNADO
MAX 32 OR BELOW:   0    0.01 INCH OR MORE:   8
MAX 90 OR ABOVE:   5    0.10 INCH OR MORE:   6
MIN 32 OR BELOW:   0    0.50 INCH OR MORE:   3
MIN  0 OR BELOW:   0    1.00 INCH OR MORE:   3

[HDD (BASE 65) ]
TOTAL THIS MO.     7    CLEAR  (SCALE 0-3)  15
DPTR FM NORMAL   -26    PTCLDY (SCALE 4-7)  11
TOTAL FM JUL 1     7    CLOUDY (SCALE 8-10)  3
DPTR FM NORMAL   -27

[CDD (BASE 65) ]
TOTAL THIS MO.   230
DPTR FM NORMAL    90    [PRESSURE DATA]
TOTAL FM JAN 1  1444    HIGHEST SLP M ON M
DPTR FM NORMAL   275    LOWEST  SLP 29.83 ON M

[REMARKS]
