000
CXUS51 KPHI 180800
CF6GED
PRELIMINARY LOCAL CLIMATOLOGICAL DATA (WS FORM: F-6)

                                          STATION:   GEORGETOWN DE
                                          MONTH:     JANUARY
                                          YEAR:      2017
                                          LATITUDE:   38 41 N
                                          LONGITUDE:  75 22 W

  TEMPERATURE IN F:       :PCPN:    SNOW:  WIND      :SUNSHINE: SKY     :PK WND
================================================================================
1   2   3   4   5  6A  6B    7    8   9   10  11  12  13   14  15   16   17  18
                                     12Z  AVG MX 2MIN
DY MAX MIN AVG DEP HDD CDD  WTR  SNW DPTH SPD SPD DIR MIN PSBL S-S WX    SPD DR
================================================================================

 1  57  32  45   9  20   0 0.00    M    M  5.2 18 230   M    M   1        25 250
 2  48  35  42   6  23   0 0.51    M    M 10.3 22  40   M    M  10 1      27  60
 3  52  46  49  13  16   0 0.64    M    M  8.5 17  50   M    M  10 1      21  50
 4  57  38  48  13  17   0    T    M    M  7.9 17 290   M    M   6 1      26 280
 5  38  27  33  -2  32   0 0.00    M    M  3.9 12 300   M    M   6        19 290
 6  36  30  33  -2  32   0    T    M    M  7.1 15  20   M    M   9 1      20  10
 7  30  18  24 -11  41   0 0.55    M    M 10.5 20  30   M    M   8 128    27  10
 8  24  13  19 -16  46   0 0.00    M    M  8.7 20 290   M    M   0        32 300
 9  24   2  13 -22  52   0 0.00    M    M  3.0  9 150   M    M   1        12 320
10  45   6  26  -9  39   0 0.00    M    M  0.4  5 110   M    M   3         7 110
11  57  43  50  15  15   0 0.18    M    M   M   M   M   M    M   5         M  M
12  69  54  62  27   3   0 0.00    M    M 19.4 29 220   M    M   2        40 210
13  62  42  52  17  13   0 0.00    M    M  6.9 15 340   M    M   3        22 350
14  41  35  38   3  27   0 0.26    M    M  6.0 15  30   M    M  10 1      19  40
15  46  33  40   5  25   0 0.00    M    M  4.3 12  10   M    M   3 18     14 360
16  45  28  37   2  28   0 0.00    M    M  2.1  7  50   M    M   5 1       9  20
17  53  37  45  10  20   0 0.03    M    M  4.0 10 180   M    M   9 1      13 180
================================================================================
SM  784  519       449   0  2.17    M    108.2          M       91
================================================================================
AV 46.1 30.5                               6.8 FASTST   M    M   5    MAX(MPH)
                                 MISC ---->  # 29 220               # 40  210
================================================================================
NOTES:
# LAST OF SEVERAL OCCURRENCES

COLUMN 17 PEAK WIND IN M.P.H.

PRELIMINARY LOCAL CLIMATOLOGICAL DATA (WS FORM: F-6) , PAGE 2

                                          STATION:  GEORGETOWN DE
                                          MONTH:    JANUARY
                                          YEAR:     2017
                                          LATITUDE:   38 41 N
                                          LONGITUDE:  75 22 W

[TEMPERATURE DATA]      [PRECIPITATION DATA]       SYMBOLS USED IN COLUMN 16

AVERAGE MONTHLY: 38.3   TOTAL FOR MONTH:   2.17    1 = FOG OR MIST
DPTR FM NORMAL:   3.1   DPTR FM NORMAL:    0.56    2 = FOG REDUCING VISIBILITY
HIGHEST:    69 ON 12    GRTST 24HR  0.76 ON  2- 3      TO 1/4 MILE OR LESS
LOWEST:      2 ON  9                               3 = THUNDER
                        SNOW, ICE PELLETS, HAIL    4 = ICE PELLETS
                        TOTAL MONTH:    M          5 = HAIL
                        GRTST 24HR    M  ON   M    6 = FREEZING RAIN OR DRIZZLE
                        GRTST DEPTH:  M  ON   M    7 = DUSTSTORM OR SANDSTORM:
                                                       VSBY 1/2 MILE OR LESS
                                                   8 = SMOKE OR HAZE
[NO. OF DAYS WITH]      [WEATHER - DAYS WITH]      9 = BLOWING SNOW
                                                   X = TORNADO
MAX 32 OR BELOW:   3    0.01 INCH OR MORE:   6
MAX 90 OR ABOVE:   0    0.10 INCH OR MORE:   5
MIN 32 OR BELOW:   8    0.50 INCH OR MORE:   3
MIN  0 OR BELOW:   0    1.00 INCH OR MORE:   0

[HDD (BASE 65) ]
TOTAL THIS MO.   449    CLEAR  (SCALE 0-3)   5
DPTR FM NORMAL   -58    PTCLDY (SCALE 4-7)   6
TOTAL FM JUL 1  1847    CLOUDY (SCALE 8-10)  6
DPTR FM NORMAL  -242

[CDD (BASE 65) ]
TOTAL THIS MO.     0
DPTR FM NORMAL     0    [PRESSURE DATA]
TOTAL FM JAN 1     0    HIGHEST SLP M ON M
DPTR FM NORMAL     0    LOWEST  SLP 29.47 ON  4

[REMARKS]
