000
CXUS53 KIND 210730
CF6GEZ
PRELIMINARY LOCAL CLIMATOLOGICAL DATA (WS FORM: F-6)

                                          STATION:   SHELBYVILLE IN
                                          MONTH:     OCTOBER
                                          YEAR:      2014
                                          LATITUDE:   39 35 N
                                          LONGITUDE:  85 48 W

  TEMPERATURE IN F:       :PCPN:    SNOW:  WIND      :SUNSHINE: SKY     :PK WND
================================================================================
1   2   3   4   5  6A  6B    7    8   9   10  11  12  13   14  15   16   17  18
                                     12Z  AVG MX 2MIN
DY MAX MIN AVG DEP HDD CDD  WTR  SNW DPTH SPD SPD DIR MIN PSBL S-S WX    SPD DR
================================================================================

 1  81  45  63   4   2   0 0.00    M    M  4.6  9 110   M    M   0 18     12 110
 2  87  57  72  13   0   7 0.00    M    M 10.8 22 200   M    M   2        29 190
 3  77  46  62   4   3   0 0.35    M    M 15.3 26 300   M    M   8 1      36 280
 4  51  42  47 -11  18   0 0.01    M    M 13.3 28 260   M    M  10        45 260
 5  62  41  52  -6  13   0    T    M    M  9.3 24 230   M    M   9        32 320
 6  69  44  57   0   8   0 0.09    M    M 10.6 28 230   M    M   4 13     37 220
 7  64  46  55  -2  10   0 0.63    M    M  7.5 18 190   M    M   8 123    22 190
 8  70  43  57   0   8   0 0.00    M    M  7.6 21 300   M    M   1 12     27 280
 9  57  41  49  -7  16   0 0.02    M    M  2.4  8  50   M    M   8 1       9  50
10  55  50  53  -3  12   0 0.17    M    M  6.5 12  30   M    M  10        16  30
11  62  40  51  -5  14   0 0.00    M    M  8.1 15  60   M    M   1        19  60
12  66  41  54  -1  11   0 0.11    M    M  8.8 15  90   M    M   5 1      19 120
13  78  62  70  15   0   5 1.04    M    M 13.2 33 220   M    M   7 13     43 230
14  68  55  62   7   3   0 0.58    M    M 13.4 23 180   M    M   8 1      30 150
15  58  55  57   3   8   0 0.11    M    M  6.4 14 170   M    M  10 18     19 180
16  64  55  60   6   5   0    T    M    M  8.3 14 200   M    M   9 1      17 210
17  71  51  61   7   4   0 0.00    M    M 13.6 23 280   M    M   M        30 290
18  57  48  53   0  12   0 0.04    M    M 10.8 21 320   M    M  10 1      26 330
19  58  45  52  -1  13   0 0.00    M    M  5.6 10 280   M    M   4 8      16 250
20  69  46  58   5   7   0 0.03    M    M 10.4 21 200   M    M   5        25 200
================================================================================
SM 1324  953       167  12  3.18    M    186.5          M      119
================================================================================
AV 66.2 47.7                               9.3 FASTST   M    M   6    MAX(MPH)
                                 MISC ---->  # 33 220               # 45  260
================================================================================
NOTES:
# LAST OF SEVERAL OCCURRENCES

COLUMN 17 PEAK WIND IN M.P.H.

PRELIMINARY LOCAL CLIMATOLOGICAL DATA (WS FORM: F-6) , PAGE 2

                                          STATION:  SHELBYVILLE IN
                                          MONTH:    OCTOBER
                                          YEAR:     2014
                                          LATITUDE:   39 35 N
                                          LONGITUDE:  85 48 W

[TEMPERATURE DATA]      [PRECIPITATION DATA]       SYMBOLS USED IN COLUMN 16

AVERAGE MONTHLY: 56.9   TOTAL FOR MONTH:   3.18    1 = FOG OR MIST
DPTR FM NORMAL:   1.1   DPTR FM NORMAL:    1.10    2 = FOG REDUCING VISIBILITY
HIGHEST:    87 ON  2    GRTST 24HR  1.31 ON 13-14      TO 1/4 MILE OR LESS
LOWEST:     40 ON 11                               3 = THUNDER
                        SNOW, ICE PELLETS, HAIL    4 = ICE PELLETS
                        TOTAL MONTH:    M          5 = HAIL
                        GRTST 24HR    M  ON   M    6 = FREEZING RAIN OR DRIZZLE
                        GRTST DEPTH:  M  ON   M    7 = DUSTSTORM OR SANDSTORM:
                                                       VSBY 1/2 MILE OR LESS
                                                   8 = SMOKE OR HAZE
[NO. OF DAYS WITH]      [WEATHER - DAYS WITH]      9 = BLOWING SNOW
                                                   X = TORNADO
MAX 32 OR BELOW:   0    0.01 INCH OR MORE:  12
MAX 90 OR ABOVE:   0    0.10 INCH OR MORE:   7
MIN 32 OR BELOW:   0    0.50 INCH OR MORE:   3
MIN  0 OR BELOW:   0    1.00 INCH OR MORE:   1

[HDD (BASE 65) ]
TOTAL THIS MO.   167    CLEAR  (SCALE 0-3)   4
DPTR FM NORMAL   -29    PTCLDY (SCALE 4-7)   8
TOTAL FM JUL 1   237    CLOUDY (SCALE 8-10)  7
DPTR FM NORMAL   -44

[CDD (BASE 65) ]
TOTAL THIS MO.    12
DPTR FM NORMAL     1    [PRESSURE DATA]
TOTAL FM JAN 1  1079    HIGHEST SLP M ON M
DPTR FM NORMAL   169    LOWEST  SLP 29.51 ON 14

[REMARKS]
