000
CXUS53 KIND 290730
CF6GEZ
PRELIMINARY LOCAL CLIMATOLOGICAL DATA (WS FORM: F-6)

                                          STATION:   SHELBYVILLE IN
                                          MONTH:     APRIL
                                          YEAR:      2016
                                          LATITUDE:   39 35 N
                                          LONGITUDE:  85 48 W

  TEMPERATURE IN F:       :PCPN:    SNOW:  WIND      :SUNSHINE: SKY     :PK WND
================================================================================
1   2   3   4   5  6A  6B    7    8   9   10  11  12  13   14  15   16   17  18
                                     12Z  AVG MX 2MIN
DY MAX MIN AVG DEP HDD CDD  WTR  SNW DPTH SPD SPD DIR MIN PSBL S-S WX    SPD DR
================================================================================

 1  58  44  51   3  14   0 0.00    M    M 12.7 31 260   M    M   4        38 260
 2  52  32  42  -6  23   0    T    M    M 19.7 45 270   M    M   5        59 270
 3  64  27  46  -3  19   0 0.00    M    M 13.0 28 210   M    M   0        38 210
 4  60  35  48  -1  17   0    T    M    M 14.5 22 360   M    M   7        27 350
 5  49  28  39 -10  26   0 0.00    M    M  9.6 21 150   M    M   3        26 140
 6  64  40  52   2  13   0 0.29    M    M 19.0 40 240   M    M   4        54 240
 7  48  34  41  -9  24   0 0.13    M    M 13.5 24 290   M    M  10 1      31 290
 8  46  31  39 -11  26   0 0.08    M    M 12.1 30 290   M    M   9 1      39 280
 9  42  30  36 -15  29   0 0.00    M    M 12.5 29 330   M    M   5        39 330
10  61  31  46  -5  19   0 0.58    M    M 15.2 29 180   M    M   8        35 180
11  58  39  49  -2  16   0 1.13    M    M  9.9 18 210   M    M   8 1      23 210
12  53  35  44  -8  21   0 0.00    M    M  7.2 17 360   M    M   0        20 360
13  61  35  48  -4  17   0 0.00    M    M  9.6 18 110   M    M   0        26  90
14  69  38  54   2  11   0 0.00    M    M 11.2 18  70   M    M   0        24  80
15  78  39  59   6   6   0 0.00    M    M  5.8 14  60   M    M   0        19  60
16  80  49  65  12   0   0 0.00    M    M  7.5 14 130   M    M   0        20 140
17  82  48  65  12   0   0 0.00    M    M  4.6 12  80   M    M   0        15  70
18  84  49  67  13   0   2 0.00    M    M  3.5  9 280   M    M   0        21  20
19  83  52  68  14   0   3 0.00    M    M  4.4 15  80   M    M   0        19  60
20  83  53  68  14   0   3    T    M    M  8.3 18 160   M    M   5        25 150
21  66  58  62   7   3   0 0.50    M    M 10.5 28 220   M    M   8 1      34 220
22  69  50  60   5   5   0 0.25    M    M  7.8 23 360   M    M   8 1      29 360
23  68  49  59   4   6   0 0.00    M    M  7.8 16 350   M    M   5        20 350
24  76  43  60   4   5   0 0.00    M    M  7.0 15 180   M    M   0        20 190
25  82  55  69  13   0   4 0.00    M    M 11.9 26 220   M    M   2        33 230
26  83  61  72  16   0   7 0.32    M    M  9.6 24 350   M    M   5        28 340
27  64  49  57   0   8   0 0.51    M    M 11.6 26 120   M    M  10 1      33 120
28  75  56  66   9   0   1 0.56    M    M  8.7 24 110   M    M   7 1      29 120
================================================================================
SM 1858 1190       308  20  4.35    M    288.7          M      113
================================================================================
AV 66.4 42.5                              10.3 FASTST   M    M   4    MAX(MPH)
                                 MISC ---->  # 45 270               # 59  270
================================================================================
NOTES:
# LAST OF SEVERAL OCCURRENCES

COLUMN 17 PEAK WIND IN M.P.H.

PRELIMINARY LOCAL CLIMATOLOGICAL DATA (WS FORM: F-6) , PAGE 2

                                          STATION:  SHELBYVILLE IN
                                          MONTH:    APRIL
                                          YEAR:     2016
                                          LATITUDE:   39 35 N
                                          LONGITUDE:  85 48 W

[TEMPERATURE DATA]      [PRECIPITATION DATA]       SYMBOLS USED IN COLUMN 16

AVERAGE MONTHLY: 54.4   TOTAL FOR MONTH:   4.35    1 = FOG OR MIST
DPTR FM NORMAL:   1.9   DPTR FM NORMAL:    0.43    2 = FOG REDUCING VISIBILITY
HIGHEST:    84 ON 18    GRTST 24HR  1.71 ON 10-11      TO 1/4 MILE OR LESS
LOWEST:     27 ON  3                               3 = THUNDER
                        SNOW, ICE PELLETS, HAIL    4 = ICE PELLETS
                        TOTAL MONTH:    M          5 = HAIL
                        GRTST 24HR    M  ON   M    6 = FREEZING RAIN OR DRIZZLE
                        GRTST DEPTH:  M  ON   M    7 = DUSTSTORM OR SANDSTORM:
                                                       VSBY 1/2 MILE OR LESS
                                                   8 = SMOKE OR HAZE
[NO. OF DAYS WITH]      [WEATHER - DAYS WITH]      9 = BLOWING SNOW
                                                   X = TORNADO
MAX 32 OR BELOW:   0    0.01 INCH OR MORE:  10
MAX 90 OR ABOVE:   0    0.10 INCH OR MORE:   9
MIN 32 OR BELOW:   6    0.50 INCH OR MORE:   5
MIN  0 OR BELOW:   0    1.00 INCH OR MORE:   1

[HDD (BASE 65) ]
TOTAL THIS MO.   308    CLEAR  (SCALE 0-3)  12
DPTR FM NORMAL   -53    PTCLDY (SCALE 4-7)  12
TOTAL FM JUL 1  3924    CLOUDY (SCALE 8-10)  4
DPTR FM NORMAL -1320

[CDD (BASE 65) ]
TOTAL THIS MO.    20
DPTR FM NORMAL    20    [PRESSURE DATA]
TOTAL FM JAN 1    20    HIGHEST SLP  0.00 ON 24
DPTR FM NORMAL    19    LOWEST  SLP  0.00 ON 24

[REMARKS]
