000
CXUS53 KIND 010730
CF6GEZ
PRELIMINARY LOCAL CLIMATOLOGICAL DATA (WS FORM: F-6)

                                          STATION:   SHELBYVILLE IN
                                          MONTH:     AUGUST
                                          YEAR:      2015
                                          LATITUDE:   39 35 N
                                          LONGITUDE:  85 48 W

  TEMPERATURE IN F:       :PCPN:    SNOW:  WIND      :SUNSHINE: SKY     :PK WND
================================================================================
1   2   3   4   5  6A  6B    7    8   9   10  11  12  13   14  15   16   17  18
                                     12Z  AVG MX 2MIN
DY MAX MIN AVG DEP HDD CDD  WTR  SNW DPTH SPD SPD DIR MIN PSBL S-S WX    SPD DR
================================================================================

 1  85  62  74   1   0   9 0.00    M    M  5.0 10 310   M    M   0        16 320
 2  88  62  75   2   0  10 0.00    M    M  6.8 14 190   M    M   0        19 200
 3  89  67  78   5   0  13 0.17    M    M  9.1 18 180   M    M   4 3      23 200
 4  83  59  71  -2   0   6 0.00    M    M  3.9 12 240   M    M   0        15 240
 5  85  63  74   1   0   9 0.00    M    M  3.3  9  80   M    M   1 1      14  80
 6  72  63  68  -5   0   3 0.68    M    M  9.5 16  90   M    M   9 1      23  70
 7  82  59  71  -2   0   6 0.00    M    M  3.5  9  80   M    M   0        13  90
 8  83  60  72  -1   0   7 0.00    M    M  2.3  8 250   M    M   0 1      15 120
 9  82  66  74   1   0   9 0.02    M    M  3.2 12 140   M    M   5 18     16 130
10  88  70  79   6   0  14    T    M    M  6.6 17 310   M    M   6 138    24 310
11  84  64  74   1   0   9 0.00    M    M  6.1 13 340   M    M   5 18     18 340
12  81  58  70  -3   0   5 0.00    M    M  5.5 13 360   M    M   0        19 350
13  83  55  69  -4   0   4 0.00    M    M  2.3  9 200   M    M   1 12     18 220
14  83  61  72  -1   0   7 0.00    M    M  3.9  9 210   M    M   0 1      14 190
15  85  67  76   3   0  11 0.01    M    M  2.5 17 350   M    M   3 3      26 340
16  85  63  74   2   0   9    T    M    M  2.8 13 260   M    M   3 13     17 260
17  85  66  76   4   0  11 0.01    M    M  3.5  8 200   M    M   1 1       M  M
18  84  67  76   4   0  11 0.00    M    M  6.4 13 200   M    M   1 128    17 180
19  85  69  77   5   0  12    T    M    M  9.5 18 190   M    M   4        23 180
20  77  57  67  -5   0   2 0.06    M    M  7.9 18 250   M    M   2 1      25 240
21  82  52  67  -5   0   2 0.00    M    M  2.6  8 100   M    M   0 1      12 110
22  81  55  68  -4   0   3 0.00    M    M  5.2 12 150   M    M   0        18 140
23  85  61  73   1   0   8 0.22    M    M  6.5 18 300   M    M   4        23 300
24  77  55  66  -6   0   1 0.00    M    M  6.9 17 260   M    M   0        24 280
25  74  52  63  -9   2   0 0.00    M    M  5.7 15 320   M    M   5        23 280
26  77  60  69  -3   0   4 0.00    M    M  2.4  8 270   M    M   9        10  40
27  80  57  69  -2   0   4 0.00    M    M  3.0  9 150   M    M   3 18     12 140
28  81  54  68  -3   0   3 0.00    M    M  4.4  9 120   M    M   0 1      16 120
29  85  63  74   3   0   9    T    M    M  5.5 14 180   M    M   2        18 180
30  88  71  80   9   0  15 0.00    M    M  5.6 13 230   M    M   3 1      17 230
31  88  66  77   6   0  12 0.00    M    M  4.6 12 250   M    M   2 18     17 210
================================================================================
SM 2567 1904         2 228  1.17    M    156.0          M       73
================================================================================
AV 82.8 61.4                               5.0 FASTST   M    M   2    MAX(MPH)
                                 MISC ---->  # 18 180               # 26  340
================================================================================
NOTES:
# LAST OF SEVERAL OCCURRENCES

COLUMN 17 PEAK WIND IN M.P.H.

PRELIMINARY LOCAL CLIMATOLOGICAL DATA (WS FORM: F-6) , PAGE 2

                                          STATION:  SHELBYVILLE IN
                                          MONTH:    AUGUST
                                          YEAR:     2015
                                          LATITUDE:   39 35 N
                                          LONGITUDE:  85 48 W

[TEMPERATURE DATA]      [PRECIPITATION DATA]       SYMBOLS USED IN COLUMN 16

AVERAGE MONTHLY: 72.1   TOTAL FOR MONTH:   1.17    1 = FOG OR MIST
DPTR FM NORMAL:  -0.3   DPTR FM NORMAL:   -2.22    2 = FOG REDUCING VISIBILITY
HIGHEST:    89 ON  3    GRTST 24HR  0.68 ON  6- 6      TO 1/4 MILE OR LESS
LOWEST:     52 ON 25,21                            3 = THUNDER
                        SNOW, ICE PELLETS, HAIL    4 = ICE PELLETS
                        TOTAL MONTH:    M          5 = HAIL
                        GRTST 24HR    M  ON   M    6 = FREEZING RAIN OR DRIZZLE
                        GRTST DEPTH:  M  ON   M    7 = DUSTSTORM OR SANDSTORM:
                                                       VSBY 1/2 MILE OR LESS
                                                   8 = SMOKE OR HAZE
[NO. OF DAYS WITH]      [WEATHER - DAYS WITH]      9 = BLOWING SNOW
                                                   X = TORNADO
MAX 32 OR BELOW:   0    0.01 INCH OR MORE:   7
MAX 90 OR ABOVE:   0    0.10 INCH OR MORE:   3
MIN 32 OR BELOW:   0    0.50 INCH OR MORE:   1
MIN  0 OR BELOW:   0    1.00 INCH OR MORE:   0

[HDD (BASE 65) ]
TOTAL THIS MO.     2    CLEAR  (SCALE 0-3)  20
DPTR FM NORMAL    -3    PTCLDY (SCALE 4-7)   9
TOTAL FM JUL 1     2    CLOUDY (SCALE 8-10)  2
DPTR FM NORMAL    -4

[CDD (BASE 65) ]
TOTAL THIS MO.   228
DPTR FM NORMAL    -5    [PRESSURE DATA]
TOTAL FM JAN 1  1018    HIGHEST SLP 30.20 ON 27
DPTR FM NORMAL   212    LOWEST  SLP 29.73 ON 19

[REMARKS]
#FINAL-08-15#
