000
CXUS55 KALY 310800
CF6GFL
PRELIMINARY LOCAL CLIMATOLOGICAL DATA (WS FORM: F-6)

                                          STATION:   GLENS FALLS NY
                                          MONTH:     OCTOBER
                                          YEAR:      2014
                                          LATITUDE:   43 20 N
                                          LONGITUDE:  73 37 W

  TEMPERATURE IN F:       :PCPN:    SNOW:  WIND      :SUNSHINE: SKY     :PK WND
================================================================================
1   2   3   4   5  6A  6B    7    8   9   10  11  12  13   14  15   16   17  18
                                     12Z  AVG MX 2MIN
DY MAX MIN AVG DEP HDD CDD  WTR  SNW DPTH SPD SPD DIR MIN PSBL S-S WX    SPD DR
================================================================================

 1  67  59  63  11   2   0    T    M    M  5.3 13  20   M    M  10        15  20
 2   M   M   M   M   M   M 0.00    M    M  1.7  6 330   M    M   6 128     M  M
 3  72  47  60   9   5   0 0.00    M    M  4.7 15 160   M    M   2 12     19 170
 4  58  50  54   3  11   0 0.73    M    M  3.8 10 280   M    M  10 1      14 270
 5  59  37  48  -2  17   0 0.00    M    M  5.2 15 210   M    M   2 1      20 210
 6  66  33  50   0  15   0 0.00    M    M  5.1 23 190   M    M   3 1      31 180
 7  70  50  60  10   5   0 0.16    M    M  7.0 18 190   M    M   6 1      27 160
 8  67  52  60  11   5   0 0.21    M    M  8.8 20 220   M    M   7 1      31 210
 9  62  41  52   3  13   0 0.00    M    M  7.1 22 240   M    M   5        30 220
10  58  34  46  -2  19   0    T    M    M  3.8 13 250   M    M   4 1      22 220
11  58  35  47  -1  18   0 0.00    M    M  1.7 12 330   M    M   4 1      14 330
12  59  30  45  -3  20   0 0.00    M    M  1.6  9 120   M    M   1 1      13 120
13  59  29  44  -4  21   0 0.00    M    M  2.9 10 200   M    M   8 1      13 190
14  78  57  68  21   0   3 0.00    M    M  7.3 22 190   M    M   6 1      29 160
15  78  59  69  22   0   4 0.05    M    M  6.2 21 190   M    M   6 1      30 200
16  73  51  62  16   3   0 0.81    M    M  4.6 15 140   M    M   7 1      21 130
17  68  51  60  14   5   0 0.00    M    M  4.7 17 210   M    M   7 18     22 210
18  61  49  55   9  10   0 0.27    M    M  6.2 17 310   M    M  10 1      22 310
19  50  31  41  -5  24   0    T    M    M  9.8 21 320   M    M   7        30 300
20  54  28  41  -4  24   0 0.00    M    M  4.3 14 210   M    M   5        17 210
21  54  44  49   4  16   0 0.09    M    M  4.6 13  10   M    M   9 1      15  10
22  55  49  52   8  13   0 0.01    M    M 11.6 23  10   M    M  10        33 350
23  52  46  49   5  16   0 0.70    M    M 10.3 23  10   M    M  10 1      29  10
24  47  41  44   0  21   0 0.13    M    M  2.2  7 250   M    M  10 12      9  70
25  61  40  51   7  14   0 0.09    M    M  4.8 20 320   M    M   7 12     25 320
26  52  45  49   6  16   0 0.01    M    M  5.4 16 280   M    M   8        22 280
27  60  36  48   5  17   0 0.00    M    M  2.7 10  20   M    M   4        13 240
28  64  39  52   9  13   0    T    M    M  1.3 10 210   M    M   4        14 190
29  60  39  50   8  15   0 0.03    M    M  3.7 18 280   M    M   9 1      24 290
30  54  33  44   2  21   0 0.00  0.0    M  4.0 13 360   M    M   7        20  10
================================================================================
SM 1776 1235       379   7  3.29     0.0 152.4          M      194
================================================================================
AV 61.2 42.6                               5.1 FASTST   M    M   6    MAX(MPH)
                                 MISC ---->  # 23 190               # 33  350
================================================================================
NOTES:
# LAST OF SEVERAL OCCURRENCES

COLUMN 17 PEAK WIND IN M.P.H.

PRELIMINARY LOCAL CLIMATOLOGICAL DATA (WS FORM: F-6) , PAGE 2

                                          STATION:  GLENS FALLS NY
                                          MONTH:    OCTOBER
                                          YEAR:     2014
                                          LATITUDE:   43 20 N
                                          LONGITUDE:  73 37 W

[TEMPERATURE DATA]      [PRECIPITATION DATA]       SYMBOLS USED IN COLUMN 16

AVERAGE MONTHLY: 51.9   TOTAL FOR MONTH:   3.29    1 = FOG OR MIST
DPTR FM NORMAL:   5.1   DPTR FM NORMAL:   -0.11    2 = FOG REDUCING VISIBILITY
HIGHEST:    78 ON 15,14 GRTST 24HR  0.86 ON 15-16      TO 1/4 MILE OR LESS
LOWEST:     28 ON 20                               3 = THUNDER
                        SNOW, ICE PELLETS, HAIL    4 = ICE PELLETS
                        TOTAL MONTH:   0.0 INCH    5 = HAIL
                        GRTST 24HR     0.0         6 = FREEZING RAIN OR DRIZZLE
                        GRTST DEPTH:  M  ON   M    7 = DUSTSTORM OR SANDSTORM:
                                                       VSBY 1/2 MILE OR LESS
                                                   8 = SMOKE OR HAZE
[NO. OF DAYS WITH]      [WEATHER - DAYS WITH]      9 = BLOWING SNOW
                                                   X = TORNADO
MAX 32 OR BELOW:   0    0.01 INCH OR MORE:  13
MAX 90 OR ABOVE:   0    0.10 INCH OR MORE:   7
MIN 32 OR BELOW:   4    0.50 INCH OR MORE:   3
MIN  0 OR BELOW:   0    1.00 INCH OR MORE:   0

[HDD (BASE 65) ]
TOTAL THIS MO.   379    CLEAR  (SCALE 0-3)   4
DPTR FM NORMAL  -168    PTCLDY (SCALE 4-7)  18
TOTAL FM JUL 1   571    CLOUDY (SCALE 8-10)  8
DPTR FM NORMAL  -261

[CDD (BASE 65) ]
TOTAL THIS MO.     7
DPTR FM NORMAL     7    [PRESSURE DATA]
TOTAL FM JAN 1   392    HIGHEST SLP M ON M
DPTR FM NORMAL    41    LOWEST  SLP 29.49 ON 26

[REMARKS]
