000
CXUS54 KSHV 301300
CF6GGG
PRELIMINARY LOCAL CLIMATOLOGICAL DATA (WS FORM: F-6)

                                          STATION:   LONGVIEW
                                          MONTH:     JULY
                                          YEAR:      2016
                                          LATITUDE:   32 22 N
                                          LONGITUDE:  94 43 W

  TEMPERATURE IN F:       :PCPN:    SNOW:  WIND      :SUNSHINE: SKY     :PK WND
================================================================================
1   2   3   4   5  6A  6B    7    8   9   10  11  12  13   14  15   16   17  18
                                     12Z  AVG MX 2MIN
DY MAX MIN AVG DEP HDD CDD  WTR  SNW DPTH SPD SPD DIR MIN PSBL S-S WX    SPD DR
================================================================================

 1  95  71  83   1   0  18 0.00  0.0    0  3.6 10 120   M    M   2        13 110
 2  94  73  84   1   0  19 0.00  0.0    0  8.2 16 230   M    M   2        22 210
 3  95  76  86   3   0  21 0.00  0.0    0 12.5 23 200   M    M   3        32 200
 4  87  79  83   0   0  18    T  0.0    0  8.9 23 210   M    M   3        32 210
 5  93  78  86   3   0  21 0.05  0.0    0 11.2 20 230   M    M   2 3      27 240
 6  96  78  87   4   0  22 0.00  0.0    0 13.3 22 190   M    M   4        30 210
 7  97  77  87   4   0  22 0.00  0.0    0 13.3 23 210   M    M   2        30 210
 8  97  77  87   4   0  22 0.00  0.0    0  9.9 18 230   M    M   4        24 210
 9  95  76  86   3   0  21 0.00  0.0    0  5.9 14 250   M    M   3        19 240
10  93  74  84   1   0  19 0.01  0.0    0  7.1 20 240   M    M   3 13     24 250
11  97  74  86   3   0  21 0.00  0.0    0 11.8 23 190   M    M   2 1      30 190
12  97  76  87   3   0  22 0.00  0.0    0 12.2 21 190   M    M   3        28 180
13  98  74  86   2   0  21 0.00  0.0    0 10.1 21 190   M    M   2        25 190
14  97  76  87   3   0  22 0.00  0.0    0  8.6 18  80   M    M   2 3      24  80
15  96  74  85   1   0  20 0.00  0.0    0  7.5 16 320   M    M   2 3      24 170
16  97  73  85   1   0  20 0.00  0.0    0  5.2 14 160   M    M   1        19 160
17  96  73  85   1   0  20 0.00  0.0    0  6.3 14 110   M    M   1        19 140
18  97  75  86   2   0  21 0.00  0.0    0  4.8 20 170   M    M   2        23 170
19  98  74  86   2   0  21 0.00  0.0    0  5.1 13 120   M    M   2        20 150
20  98  74  86   2   0  21 0.00  0.0    0  4.3 13 160   M    M   1        16 130
21 100  76  88   4   0  23 0.00  0.0    0  5.1 12 200   M    M   1        17 190
22 101  76  89   5   0  24    T  0.0    0  4.3 15 100   M    M   1        20  80
23 100  74  87   3   0  22 1.20  0.0    0  6.8 22  50   M    M   1 13     30  40
24  96  74  85   1   0  20 0.00  0.0    0  5.3 22  90   M    M   1        27  80
25  95  74  85   1   0  20    T  0.0    0  5.0 25 170   M    M   3 38     32 160
26  94  73  84   0   0  19 0.00  0.0    0  4.9 15 150   M    M   2        19 110
27  96  73  85   1   0  20 0.22  0.0    0  6.6 25 220   M    M   2 38     33  60
28  91  73  82  -2   0  17 0.34  0.0    0  8.2 21 170   M    M   5 13     27 180
29  93  72  83  -1   0  18 0.00  0.0    0  7.0 15 240   M    M   2        20 240
================================================================================
SM 2779 2167         0 595  1.82     0.0 223.0          M       64
================================================================================
AV 95.8 74.7                               7.7 FASTST   M    M   2    MAX(MPH)
                                 MISC ---->  # 25 170               # 33   60
================================================================================
NOTES:
# LAST OF SEVERAL OCCURRENCES

COLUMN 17 PEAK WIND IN M.P.H.

PRELIMINARY LOCAL CLIMATOLOGICAL DATA (WS FORM: F-6) , PAGE 2

                                          STATION:  LONGVIEW
                                          MONTH:    JULY
                                          YEAR:     2016
                                          LATITUDE:   32 22 N
                                          LONGITUDE:  94 43 W

[TEMPERATURE DATA]      [PRECIPITATION DATA]       SYMBOLS USED IN COLUMN 16

AVERAGE MONTHLY: 85.3   TOTAL FOR MONTH:   1.82    1 = FOG OR MIST
DPTR FM NORMAL:   1.7   DPTR FM NORMAL:   -0.93    2 = FOG REDUCING VISIBILITY
HIGHEST:   101 ON 22    GRTST 24HR  1.20 ON 23-23      TO 1/4 MILE OR LESS
LOWEST:     71 ON  1                               3 = THUNDER
                        SNOW, ICE PELLETS, HAIL    4 = ICE PELLETS
                        TOTAL MONTH:   0.0 INCH    5 = HAIL
                        GRTST 24HR     0.0         6 = FREEZING RAIN OR DRIZZLE
                        GRTST DEPTH:   0           7 = DUSTSTORM OR SANDSTORM:
                                                       VSBY 1/2 MILE OR LESS
                                                   8 = SMOKE OR HAZE
[NO. OF DAYS WITH]      [WEATHER - DAYS WITH]      9 = BLOWING SNOW
                                                   X = TORNADO
MAX 32 OR BELOW:   0    0.01 INCH OR MORE:   5
MAX 90 OR ABOVE:  28    0.10 INCH OR MORE:   3
MIN 32 OR BELOW:   0    0.50 INCH OR MORE:   1
MIN  0 OR BELOW:   0    1.00 INCH OR MORE:   1

[HDD (BASE 65) ]
TOTAL THIS MO.     0    CLEAR  (SCALE 0-3)  26
DPTR FM NORMAL     0    PTCLDY (SCALE 4-7)   3
TOTAL FM JUL 1     0    CLOUDY (SCALE 8-10)  0
DPTR FM NORMAL     0

[CDD (BASE 65) ]
TOTAL THIS MO.   595
DPTR FM NORMAL    57    [PRESSURE DATA]
TOTAL FM JAN 1  1439    HIGHEST SLP M ON M
DPTR FM NORMAL    83    LOWEST  SLP 29.84 ON 26

[REMARKS]
