000
CXUS55 KGGW 010800
CF6GGW
PRELIMINARY LOCAL CLIMATOLOGICAL DATA (WS FORM: F-6)

                                          STATION:   GLASGOW MT
                                          MONTH:     JANUARY
                                          YEAR:      2015
                                          LATITUDE:   48 13 N
                                          LONGITUDE: 106 37 W

  TEMPERATURE IN F:       :PCPN:    SNOW:  WIND      :SUNSHINE: SKY     :PK WND
================================================================================
1   2   3   4   5  6A  6B    7    8   9   10  11  12  13   14  15   16   17  18
                                     12Z  AVG MX 2MIN
DY MAX MIN AVG DEP HDD CDD  WTR  SNW DPTH SPD SPD DIR MIN PSBL S-S WX    SPD DR
================================================================================

 1  36  23  30  17  35   0    T    T    0  7.0 13 290   M    M   9        16 280
 2  35   7  21   8  44   0 0.03  1.3    0  9.3 28  10   M    M   6        33  20
 3   7  -1   3 -10  62   0 0.12  3.1    2 10.1 25 350   M    M  10 8      30 350
 4  -1 -19 -10 -23  75   0 0.00  0.0    3  8.7 16 310   M    M   0        19 320
 5   3 -11  -4 -17  69   0 0.15  6.7    4 11.5 23 110   M    M   4 8      28 110
 6   7  -7   0 -13  65   0 0.13  3.1    4  9.2 20 330   M    M   9 18     22 340
 7  11 -17  -3 -16  68   0 0.00  0.0    6 10.8 24 130   M    M   0 8      26 130
 8  21  -7   7  -6  58   0 0.04  0.9    6 22.8 48 330   M    M   5 9      55 340
 9   4 -15  -5 -18  70   0 0.00  0.0    3  6.8 15 300   M    M   0        21 290
10  14  -7   4  -9  61   0 0.03  0.7    3  8.8 20 310   M    M   8        22 320
11  12  -9   2 -11  63   0 0.00  0.0    4  4.8  9 340   M    M   2 1      10 330
12   5 -14  -4 -17  69   0 0.00  0.0    4 12.5 20 120   M    M   1 18     22 110
13  20  -9   6  -7  59   0 0.00  0.0    4  6.3 14 300   M    M   2 18     15 290
14  29   9  19   6  46   0 0.00  0.0    4  5.4 16 260   M    M   1        18 260
15  33  15  24  11  41   0 0.00  0.0    3  4.1 10 110   M    M   1 1      11 110
16  42  11  27  13  38   0 0.00  0.0    3 12.7 33 300   M    M   3        41 290
17  41  23  32  18  33   0 0.00  0.0    2 12.0 25 290   M    M   0        33 280
18  41  17  29  15  36   0 0.01    T    1  8.5 22 280   M    M   2 16     28 280
19  42  31  37  23  28   0 0.01  0.0    1 16.2 30 290   M    M   7        39 270
20  37  25  31  17  34   0 0.01  0.2    T 13.3 29 300   M    M   4        35 300
21  35  24  30  16  35   0    T  0.1    T  7.2 13 150   M    M   4        15 160
22  47  21  34  20  31   0 0.00  0.0    T  6.5 17 250   M    M   0        23 250
23  46  27  37  23  28   0 0.00  0.0    T  8.6 20 270   M    M   0        27 270
24  45  31  38  24  27   0 0.10  0.0    T 13.8 30 300   M    M   4 1      38 300
25  50  28  39  25  26   0 0.00  0.0    0  6.4 12 140   M    M   1        15 120
26  51  28  40  25  25   0 0.00  0.0    0  5.0 12 130   M    M   0        12 210
27  51  29  40  25  25   0 0.00  0.0    0  4.6 10 110   M    M   0        11 110
28  38  26  32  17  33   0 0.00  0.0    0 13.2 26 330   M    M   4 18     33 330
29  36  20  28  13  37   0 0.00  0.0    0  8.8 14 110   M    M   4 12     16 110
30  40  18  29  14  36   0 0.00  0.0    0  8.1 21  90   M    M   1 12     27  90
31  29   3  16   1  49   0 0.17  4.4    0 16.8 29  60   M    M  10 12     35  70
================================================================================
SM  907  300      1406   0  0.80    20.5 299.8          M      102
================================================================================
AV 29.3  9.7                               9.7 FASTST   M    M   3    MAX(MPH)
                                 MISC ---->  # 48 330               # 55  340
================================================================================
NOTES:
# LAST OF SEVERAL OCCURRENCES

COLUMN 17 PEAK WIND IN M.P.H.

PRELIMINARY LOCAL CLIMATOLOGICAL DATA (WS FORM: F-6) , PAGE 2

                                          STATION:  GLASGOW MT
                                          MONTH:    JANUARY
                                          YEAR:     2015
                                          LATITUDE:   48 13 N
                                          LONGITUDE: 106 37 W

[TEMPERATURE DATA]      [PRECIPITATION DATA]       SYMBOLS USED IN COLUMN 16

AVERAGE MONTHLY: 19.5   TOTAL FOR MONTH:   0.80    1 = FOG OR MIST
DPTR FM NORMAL:   5.7   DPTR FM NORMAL:    0.43    2 = FOG REDUCING VISIBILITY
HIGHEST:    51 ON 27,26 GRTST 24HR  0.17 ON 31-31      TO 1/4 MILE OR LESS
LOWEST:    -19 ON  4                               3 = THUNDER
                        SNOW, ICE PELLETS, HAIL    4 = ICE PELLETS
                        TOTAL MONTH:  20.5 INCHES  5 = HAIL
                        GRTST 24HR   6.7 ON   M    6 = FREEZING RAIN OR DRIZZLE
                        GRTST DEPTH:   6 ON  8, 7  7 = DUSTSTORM OR SANDSTORM:
                                                       VSBY 1/2 MILE OR LESS
                                                   8 = SMOKE OR HAZE
[NO. OF DAYS WITH]      [WEATHER - DAYS WITH]      9 = BLOWING SNOW
                                                   X = TORNADO
MAX 32 OR BELOW:  13    0.01 INCH OR MORE:  11
MAX 90 OR ABOVE:   0    0.10 INCH OR MORE:   5
MIN 32 OR BELOW:  31    0.50 INCH OR MORE:   0
MIN  0 OR BELOW:  11    1.00 INCH OR MORE:   0

[HDD (BASE 65) ]
TOTAL THIS MO.  1406    CLEAR  (SCALE 0-3)  16
DPTR FM NORMAL  -181    PTCLDY (SCALE 4-7)  11
TOTAL FM JUL 1  4806    CLOUDY (SCALE 8-10)  4
DPTR FM NORMAL  -283

[CDD (BASE 65) ]
TOTAL THIS MO.     0
DPTR FM NORMAL     0    [PRESSURE DATA]
TOTAL FM JAN 1     0    HIGHEST SLP M ON M
DPTR FM NORMAL     0    LOWEST  SLP 29.61 ON 16

[REMARKS]
#FINAL-01-15#
