000
CXUS55 KGGW 290800
CF6GGW
PRELIMINARY LOCAL CLIMATOLOGICAL DATA (WS FORM: F-6)

                                          STATION:   GLASGOW MT
                                          MONTH:     NOVEMBER
                                          YEAR:      2014
                                          LATITUDE:   48 13 N
                                          LONGITUDE: 106 37 W

  TEMPERATURE IN F:       :PCPN:    SNOW:  WIND      :SUNSHINE: SKY     :PK WND
================================================================================
1   2   3   4   5  6A  6B    7    8   9   10  11  12  13   14  15   16   17  18
                                     12Z  AVG MX 2MIN
DY MAX MIN AVG DEP HDD CDD  WTR  SNW DPTH SPD SPD DIR MIN PSBL S-S WX    SPD DR
================================================================================

 1  55  31  43   6  22   0 0.00  0.0    0  9.8 20  70   M    M   0        22  70
 2  49  35  42   5  23   0    T  0.0    0 12.8 26 270   M    M   7 1      33 270
 3  51  30  41   5  24   0 0.00  0.0    0 10.8 22 310   M    M   6        27 260
 4  51  24  38   2  27   0    T  0.0    0  8.6 24 290   M    M   5        31 280
 5  52  31  42   7  23   0 0.00  0.0    0 11.0 29 310   M    M   3        38 310
 6  55  29  42   8  23   0 0.00  0.0    0 11.5 20 120   M    M   2        21 130
 7  58  32  45  11  20   0    T  0.0    0 17.1 33 320   M    M   7        39 330
 8  52  30  41   7  24   0 0.00  0.0    0  8.3 22 300   M    M   3        26 310
 9  34  15  25  -8  40   0 0.30  6.0    1 13.9 22  50   M    M  10        26  50
10  16  -2   7 -25  58   0 0.01  0.1    5 11.9 21 340   M    M   7 18     25 340
11   8  -2   3 -29  62   0 0.01  0.1    5 12.0 20 320   M    M   5 8      23 310
12  12 -10   1 -30  64   0    T    T    5  7.1 15 320   M    M   7 1      20 320
13  12 -13   0 -31  65   0 0.00  0.0    4  7.6 13  90   M    M   2 18     15 150
14   3 -15  -6 -36  71   0    T    T    4  7.2 13 320   M    M   8 18     15 300
15   5 -14  -4 -34  69   0    T    T    4  9.2 22 280   M    M   3 8      25 270
16  20   1  11 -18  54   0    T  0.4    4 19.4 35 320   M    M   8 89     44 330
17  15  -3   6 -22  59   0    T    T    4  8.1 17 300   M    M   5 18     20 300
18  36  -3  17 -11  48   0 0.02  0.3    4 13.3 33 310   M    M   5 1      42 310
19  20  14  17 -10  48   0    T  0.1    3  9.0 23 320   M    M  10 8      29 340
20  27  15  21  -6  44   0 0.00  0.0    3  9.2 15 120   M    M   6        17 120
21  43  16  30   4  35   0 0.00  0.0    3  7.1 21 250   M    M   0        26 250
22  48  26  37  11  28   0 0.00  0.0    1 16.7 33 270   M    M   4        44 280
23  38  12  25   0  40   0    T    T    T 18.2 38 320   M    M   6 1      47 300
24  38  17  28   3  37   0 0.01  0.2    T  7.9 14 290   M    M   5        18 280
25  38  21  30   6  35   0 0.09  0.8    1 12.8 29 340   M    M   9 18     35 340
26  24  16  20  -4  45   0 0.00  0.0    1 11.5 21 110   M    M  10        25 110
27  34  17  26   3  39   0 0.09  0.2    1 15.0 26 110   M    M   8 168    30 110
28   M   M   M   M   M   M    M    M    M   M   M   M   M    M   M 168     M  M
================================================================================
SM  894  350      1127   0  0.53     8.2 307.0          M      151
================================================================================
AV 33.1 13.0                              11.4 FASTST   M    M   6    MAX(MPH)
                                 MISC ---->  # 38 320               # 47  300
================================================================================
NOTES:
# LAST OF SEVERAL OCCURRENCES

COLUMN 17 PEAK WIND IN M.P.H.

PRELIMINARY LOCAL CLIMATOLOGICAL DATA (WS FORM: F-6) , PAGE 2

                                          STATION:  GLASGOW MT
                                          MONTH:    NOVEMBER
                                          YEAR:     2014
                                          LATITUDE:   48 13 N
                                          LONGITUDE: 106 37 W

[TEMPERATURE DATA]      [PRECIPITATION DATA]       SYMBOLS USED IN COLUMN 16

AVERAGE MONTHLY: 23.0   TOTAL FOR MONTH:   0.53    1 = FOG OR MIST
DPTR FM NORMAL:  -6.9   DPTR FM NORMAL:    0.15    2 = FOG REDUCING VISIBILITY
HIGHEST:    58 ON  7    GRTST 24HR  0.37 ON  8- 9      TO 1/4 MILE OR LESS
LOWEST:    -15 ON 14                               3 = THUNDER
                        SNOW, ICE PELLETS, HAIL    4 = ICE PELLETS
                        TOTAL MONTH:   8.2 INCHES  5 = HAIL
                        GRTST 24HR   6.0 ON  9- 9  6 = FREEZING RAIN OR DRIZZLE
                        GRTST DEPTH:   5 ON 12,11  7 = DUSTSTORM OR SANDSTORM:
                                                       VSBY 1/2 MILE OR LESS
                                                   8 = SMOKE OR HAZE
[NO. OF DAYS WITH]      [WEATHER - DAYS WITH]      9 = BLOWING SNOW
                                                   X = TORNADO
MAX 32 OR BELOW:  11    0.01 INCH OR MORE:   7
MAX 90 OR ABOVE:   0    0.10 INCH OR MORE:   1
MIN 32 OR BELOW:  26    0.50 INCH OR MORE:   0
MIN  0 OR BELOW:   8    1.00 INCH OR MORE:   0

[HDD (BASE 65) ]
TOTAL THIS MO.  1127    CLEAR  (SCALE 0-3)   7
DPTR FM NORMAL   144    PTCLDY (SCALE 4-7)  14
TOTAL FM JUL 1  1900    CLOUDY (SCALE 8-10)  6
DPTR FM NORMAL    -7

[CDD (BASE 65) ]
TOTAL THIS MO.     0
DPTR FM NORMAL     0    [PRESSURE DATA]
TOTAL FM JAN 1   495    HIGHEST SLP M ON M
DPTR FM NORMAL   -38    LOWEST  SLP 29.26 ON 22

[REMARKS]
