000
CXUS55 KGGW 220800
CF6GGW
PRELIMINARY LOCAL CLIMATOLOGICAL DATA (WS FORM: F-6)

                                          STATION:   GLASGOW MT
                                          MONTH:     FEBRUARY
                                          YEAR:      2017
                                          LATITUDE:   48 13 N
                                          LONGITUDE: 106 37 W

  TEMPERATURE IN F:       :PCPN:    SNOW:  WIND      :SUNSHINE: SKY     :PK WND
================================================================================
1   2   3   4   5  6A  6B    7    8   9   10  11  12  13   14  15   16   17  18
                                     12Z  AVG MX 2MIN
DY MAX MIN AVG DEP HDD CDD  WTR  SNW DPTH SPD SPD DIR MIN PSBL S-S WX    SPD DR
================================================================================

 1  18   6  12  -4  53   0    T    T    2 16.6 29 300   M    M   9        35 300
 2  16  -5   6 -10  59   0    T    T    2  5.4 12 270   M    M   2        18 310
 3  17  -5   6 -10  59   0 0.01  0.3    2 11.1 20 140   M    M   2 1      24 130
 4  16  10  13  -3  52   0 0.13  2.4    2  9.8 20 310   M    M  10 18     22 320
 5  13   8  11  -5  54   0    T    T    4 10.7 22  90   M    M   7 8      24  90
 6  10   0   5 -12  60   0 0.10  3.3    4 13.5 24  90   M    M  10 18     27  90
 7   3 -13  -5 -22  70   0 0.03  1.0    5  6.1 13  60   M    M   3 18     16 280
 8   1 -16  -7 -24  72   0 0.00  0.0    4  6.4 14 250   M    M   3        20 270
 9  30  -9  11  -6  54   0    T  0.0    4 11.5 22 110   M    M   3 6      25 110
10  45  29  37  19  28   0 0.00  0.0    3 10.2 24 270   M    M   1        35 270
11  39  22  31  13  34   0 0.00  0.0    1 16.8 44 280   M    M   2        53 280
12  40  19  30  12  35   0 0.00  0.0    1  8.1 20 270   M    M   0        27 280
13  42  22  32  14  33   0 0.00  0.0    1 10.4 18 280   M    M   2        23 270
14  45  25  35  16  30   0 0.00  0.0    T  6.6 14 110   M    M   0        18 210
15  52  22  37  18  28   0 0.00  0.0    T  7.5 14 190   M    M   0        21 120
16  56  30  43  24  22   0    T  0.0    T  8.5 14 290   M    M   0        19 270
17  53  29  41  21  24   0 0.00  0.0    T 13.4 32 280   M    M   2        37 280
18  41  30  36  16  29   0 0.00  0.0    T 13.5 25  90   M    M   3        32  90
19  36  25  31  11  34   0 0.00  0.0    T 10.7 22 110   M    M   7 12     28  90
20  54  26  40  19  25   0 0.01  0.0    T  7.2 15 270   M    M   2 1      19 270
21  47  32  40  19  25   0 0.14    T    0  8.3 21 310   M    M   5 1      23 310
================================================================================
SM  674  287       880   0  0.42     7.0 212.3          M       73
================================================================================
AV 32.1 13.7                              10.1 FASTST   M    M   3    MAX(MPH)
                                 MISC ---->  # 44 280               # 53  280
================================================================================
NOTES:
# LAST OF SEVERAL OCCURRENCES

COLUMN 17 PEAK WIND IN M.P.H.

PRELIMINARY LOCAL CLIMATOLOGICAL DATA (WS FORM: F-6) , PAGE 2

                                          STATION:  GLASGOW MT
                                          MONTH:    FEBRUARY
                                          YEAR:     2017
                                          LATITUDE:   48 13 N
                                          LONGITUDE: 106 37 W

[TEMPERATURE DATA]      [PRECIPITATION DATA]       SYMBOLS USED IN COLUMN 16

AVERAGE MONTHLY: 22.9   TOTAL FOR MONTH:   0.42    1 = FOG OR MIST
DPTR FM NORMAL:   4.8   DPTR FM NORMAL:    0.24    2 = FOG REDUCING VISIBILITY
HIGHEST:    56 ON 16    GRTST 24HR  0.20 ON  6- 7      TO 1/4 MILE OR LESS
LOWEST:    -16 ON  8                               3 = THUNDER
                        SNOW, ICE PELLETS, HAIL    4 = ICE PELLETS
                        TOTAL MONTH:   7.0 INCHES  5 = HAIL
                        GRTST 24HR   3.3 ON   M    6 = FREEZING RAIN OR DRIZZLE
                        GRTST DEPTH:   5 ON  7     7 = DUSTSTORM OR SANDSTORM:
                                                       VSBY 1/2 MILE OR LESS
                                                   8 = SMOKE OR HAZE
[NO. OF DAYS WITH]      [WEATHER - DAYS WITH]      9 = BLOWING SNOW
                                                   X = TORNADO
MAX 32 OR BELOW:   9    0.01 INCH OR MORE:   6
MAX 90 OR ABOVE:   0    0.10 INCH OR MORE:   3
MIN 32 OR BELOW:  21    0.50 INCH OR MORE:   0
MIN  0 OR BELOW:   6    1.00 INCH OR MORE:   0

[HDD (BASE 65) ]
TOTAL THIS MO.   880    CLEAR  (SCALE 0-3)  14
DPTR FM NORMAL  -106    PTCLDY (SCALE 4-7)   4
TOTAL FM JUL 1  5813    CLOUDY (SCALE 8-10)  3
DPTR FM NORMAL  -262

[CDD (BASE 65) ]
TOTAL THIS MO.     0
DPTR FM NORMAL     0    [PRESSURE DATA]
TOTAL FM JAN 1     0    HIGHEST SLP M ON M
DPTR FM NORMAL     0    LOWEST  SLP 29.36 ON 17

[REMARKS]
