000
CXUS55 KGJT 011000
CF6GJT
PRELIMINARY LOCAL CLIMATOLOGICAL DATA (WS FORM: F-6)

                                          STATION:   GRAND JUNCTION CO
                                          MONTH:     AUGUST
                                          YEAR:      2015
                                          LATITUDE:   39  7 N
                                          LONGITUDE: 108 32 W

  TEMPERATURE IN F:       :PCPN:    SNOW:  WIND      :SUNSHINE: SKY     :PK WND
================================================================================
1   2   3   4   5  6A  6B    7    8   9   10  11  12  13   14  15   16   17  18
                                     12Z  AVG MX 2MIN
DY MAX MIN AVG DEP HDD CDD  WTR  SNW DPTH SPD SPD DIR MIN PSBL S-S WX    SPD DR
================================================================================

 1  89  67  78   0   0  13 0.00  0.0    0 11.0 28 300   M    M   0        35 300
 2  81  64  73  -5   0   8 0.03  0.0    0  9.0 22 160   M    M   5        27 170
 3  87  61  74  -4   0   9 0.01  0.0    0  6.9 29 270   M    M   4 3      33 270
 4  92  57  75  -3   0  10 0.00  0.0    0  5.6 15 300   M    M   0        21 320
 5  96  62  79   1   0  14 0.00  0.0    0  8.5 18 130   M    M   0        21 140
 6  93  59  76  -1   0  11 0.00  0.0    0  5.6 15 200   M    M   0 8      18 200
 7  83  66  75  -2   0  10    T  0.0    0 11.0 26 190   M    M   4        34 160
 8  85  55  70  -7   0   5    T  0.0    0  3.6 17 180   M    M   1        21 170
 9  89  57  73  -4   0   8 0.00  0.0    0  6.8 15 140   M    M   0        20 130
10  92  57  75  -2   0  10 0.00  0.0    0  7.7 24 150   M    M   1        30 140
11  85  63  74  -3   0   9 0.01  0.0    0 12.7 33 140   M    M   6 3      39 150
12  84  63  74  -2   0   9    T  0.0    0  8.7 20 140   M    M   2 8      23 140
13  92  62  77   1   0  12 0.00  0.0    0  6.8 13 130   M    M   0        16 240
14  96  65  81   5   0  16 0.00  0.0    0  7.7 17 120   M    M   0        20 310
15  97  67  82   6   0  17 0.00  0.0    0  7.3 15 120   M    M   0        18 120
16  97  74  86  10   0  21 0.00  0.0    0  8.8 24  60   M    M   1        29  50
17  96  66  81   5   0  16 0.02  0.0    0  8.6 23 340   M    M   1 3      31 340
18  90  52  71  -4   0   6 0.00  0.0    0  8.2 24  30   M    M   0        30 330
19  83  55  69  -6   0   4 0.00  0.0    0  7.7 22  40   M    M   0 8      26  30
20  90  54  72  -3   0   7 0.00  0.0    0  5.8 18 240   M    M   0 8      22 240
21  95  56  76   1   0  11    T    T    0  9.0 32 240   M    M   0 58     46 210
22  94  66  80   6   0  15    T  0.0    0  9.1 22 130   M    M   0        26 120
23  91  56  74   0   0   9 0.00  0.0    0  5.9 15 310   M    M   0        20 280
24  94  58  76   2   0  11 0.00  0.0    0  7.1 15 130   M    M   0        18 120
25  95  63  79   5   0  14 0.00  0.0    0 11.1 23 170   M    M   0        30 160
26  81  63  72  -2   0   7 0.05  0.0    0  6.4 23 330   M    M   5 1      27 330
27  83  60  72  -1   0   7 0.34  0.0    0  6.6 26 350   M    M   6 13     34 330
28  87  55  71  -2   0   6 0.00  0.0    0  7.5 15 160   M    M   0        21 170
29  91  56  74   1   0   9 0.00  0.0    0  7.7 16 100   M    M   0        20 140
30  90  59  75   3   0  10 0.22  0.0    0  8.8 32 300   M    M   2 13     43 300
31  83  61  72   0   0   7 0.02  0.0    0  5.4 18  50   M    M   4        22  50
================================================================================
SM 2781 1879         0 321  0.70    T    242.6          M       42
================================================================================
AV 89.7 60.6                               7.8 FASTST   M    M   1    MAX(MPH)
                                 MISC ---->  # 33 140               # 46  210
================================================================================
NOTES:
# LAST OF SEVERAL OCCURRENCES

COLUMN 17 PEAK WIND IN M.P.H.

PRELIMINARY LOCAL CLIMATOLOGICAL DATA (WS FORM: F-6) , PAGE 2

                                          STATION:  GRAND JUNCTION CO
                                          MONTH:    AUGUST
                                          YEAR:     2015
                                          LATITUDE:   39  7 N
                                          LONGITUDE: 108 32 W

[TEMPERATURE DATA]      [PRECIPITATION DATA]       SYMBOLS USED IN COLUMN 16

AVERAGE MONTHLY: 75.2   TOTAL FOR MONTH:   0.70    1 = FOG OR MIST
DPTR FM NORMAL:  -0.3   DPTR FM NORMAL:   -0.25    2 = FOG REDUCING VISIBILITY
HIGHEST:    97 ON 16,15 GRTST 24HR  0.38 ON 26-27      TO 1/4 MILE OR LESS
LOWEST:     52 ON 18                               3 = THUNDER
                        SNOW, ICE PELLETS, HAIL    4 = ICE PELLETS
                        TOTAL MONTH:    T          5 = HAIL
                        GRTST 24HR    T  ON 21-21  6 = FREEZING RAIN OR DRIZZLE
                        GRTST DEPTH:   0           7 = DUSTSTORM OR SANDSTORM:
                                                       VSBY 1/2 MILE OR LESS
                                                   8 = SMOKE OR HAZE
[NO. OF DAYS WITH]      [WEATHER - DAYS WITH]      9 = BLOWING SNOW
                                                   X = TORNADO
MAX 32 OR BELOW:   0    0.01 INCH OR MORE:   8
MAX 90 OR ABOVE:  18    0.10 INCH OR MORE:   2
MIN 32 OR BELOW:   0    0.50 INCH OR MORE:   0
MIN  0 OR BELOW:   0    1.00 INCH OR MORE:   0

[HDD (BASE 65) ]
TOTAL THIS MO.     0    CLEAR  (SCALE 0-3)  24
DPTR FM NORMAL    -2    PTCLDY (SCALE 4-7)   7
TOTAL FM JUL 1     0    CLOUDY (SCALE 8-10)  0
DPTR FM NORMAL    -3

[CDD (BASE 65) ]
TOTAL THIS MO.   321
DPTR FM NORMAL    -6    [PRESSURE DATA]
TOTAL FM JAN 1   896    HIGHEST SLP 30.20 ON 12
DPTR FM NORMAL  -123    LOWEST  SLP 29.60 ON 17

[REMARKS]
#FINAL-08-15#
