000
CXUS54 KFWD 270730
CF6GKY
PRELIMINARY LOCAL CLIMATOLOGICAL DATA (WS FORM: F-6)

                                          STATION:   ARLINGTON
                                          MONTH:     AUGUST
                                          YEAR:      2015
                                          LATITUDE:   32 39 N
                                          LONGITUDE:  97  6 W

  TEMPERATURE IN F:       :PCPN:    SNOW:  WIND      :SUNSHINE: SKY     :PK WND
================================================================================
1   2   3   4   5  6A  6B    7    8   9   10  11  12  13   14  15   16   17  18
                                     12Z  AVG MX 2MIN
DY MAX MIN AVG DEP HDD CDD  WTR  SNW DPTH SPD SPD DIR MIN PSBL S-S WX    SPD DR
================================================================================

 1  99  73  86   1   0  21 0.00  0.0    0  5.0 13  90   M    M   2        17 110
 2 100  77  89   4   0  24 0.00  0.0    0  6.3 16 150   M    M   2        19 150
 3 101  73  87   2   0  22 0.00  0.0    0  4.5 16 110   M    M   1        21 120
 4 100  78  89   4   0  24 0.00  0.0    0  8.4 16 130   M    M   1        25 200
 5 102  82  92   7   0  27 0.00  0.0    0  9.5 16 150   M    M   0        23 140
 6 103  83  93   8   0  28 0.00  0.0    0 10.4 17 160   M    M   0        24 180
 7 104  81  93   8   0  28 0.00  0.0    0  8.7 17 140   M    M   0        21 150
 8 104  81  93   8   0  28 0.00  0.0    0  9.3 17 150   M    M   0        24 160
 9 106  80  93   8   0  28 0.00  0.0    0  8.2 18 120   M    M   0        21 170
10 108  77  93   8   0  28 0.00  0.0    0  3.5  9  70   M    M   0        14 170
11 105  77  91   6   0  26 0.00  0.0    0  4.2 17  70   M    M   1 3      24  60
12 101  81  91   6   0  26 0.00  0.0    0  8.9 18 340   M    M   0        24 340
13  99  78  89   4   0  24 0.00  0.0    0  6.5 13  80   M    M   0        16  90
14  98  79  89   4   0  24 0.00  0.0    0  8.5 16 130   M    M   1        20 130
15  97  75  86   1   0  21 0.00  0.0    0  5.6 14  80   M    M   0        19  90
16  99  70  85   0   0  20 0.00  0.0    0  3.7 13 130   M    M   1        17 140
17  98  75  87   2   0  22 0.00  0.0    0  5.9 16 120   M    M   0        18 110
18  99  80  90   6   0  25 0.00  0.0    0 10.8 21 150   M    M   0        27 150
19  96  71  84   0   0  19 0.03  0.0    0 13.6 28 340   M    M   3 3      33  10
20  75  68  72 -12   0   7 0.05  0.0    0  8.0 15 100   M    M   9 3      19  40
21  94  72  83  -1   0  18 0.00  0.0    0 10.3 22 120   M    M   4 18     26 120
22  98  77  88   4   0  23 0.00  0.0    0 10.9 20 160   M    M   2        26 130
23 100  79  90   6   0  25 0.00  0.0    0  6.6 18 120   M    M   1        21 150
24 101  80  91   7   0  26 0.00  0.0    0  3.5 13 250   M    M   0 3      16 260
25  94  78  86   2   0  21 0.05  0.0    0  7.3 17  90   M    M   2 3      21  90
26  97  73  85   2   0  20 0.00  0.0    0  5.8 13 120   M    M   1        16 140
================================================================================
SM 2578 1998         0 605  0.13     0.0 193.9          M       31
================================================================================
AV 99.2 76.8                               7.5 FASTST   M    M   1    MAX(MPH)
                                 MISC ---->  # 28 340               # 33   10
================================================================================
NOTES:
# LAST OF SEVERAL OCCURRENCES

COLUMN 17 PEAK WIND IN M.P.H.

PRELIMINARY LOCAL CLIMATOLOGICAL DATA (WS FORM: F-6) , PAGE 2

                                          STATION:  ARLINGTON
                                          MONTH:    AUGUST
                                          YEAR:     2015
                                          LATITUDE:   32 39 N
                                          LONGITUDE:  97  6 W

[TEMPERATURE DATA]      [PRECIPITATION DATA]       SYMBOLS USED IN COLUMN 16

AVERAGE MONTHLY: 88.0   TOTAL FOR MONTH:   0.13    1 = FOG OR MIST
DPTR FM NORMAL:   3.4   DPTR FM NORMAL:   -1.36    2 = FOG REDUCING VISIBILITY
HIGHEST:   108 ON 10    GRTST 24HR  0.08 ON 19-20      TO 1/4 MILE OR LESS
LOWEST:     68 ON 20                               3 = THUNDER
                        SNOW, ICE PELLETS, HAIL    4 = ICE PELLETS
                        TOTAL MONTH:   0.0 INCH    5 = HAIL
                        GRTST 24HR     0.0         6 = FREEZING RAIN OR DRIZZLE
                        GRTST DEPTH:   0           7 = DUSTSTORM OR SANDSTORM:
                                                       VSBY 1/2 MILE OR LESS
                                                   8 = SMOKE OR HAZE
[NO. OF DAYS WITH]      [WEATHER - DAYS WITH]      9 = BLOWING SNOW
                                                   X = TORNADO
MAX 32 OR BELOW:   0    0.01 INCH OR MORE:   3
MAX 90 OR ABOVE:  25    0.10 INCH OR MORE:   0
MIN 32 OR BELOW:   0    0.50 INCH OR MORE:   0
MIN  0 OR BELOW:   0    1.00 INCH OR MORE:   0

[HDD (BASE 65) ]
TOTAL THIS MO.     0    CLEAR  (SCALE 0-3)  23
DPTR FM NORMAL     0    PTCLDY (SCALE 4-7)   2
TOTAL FM JUL 1     0    CLOUDY (SCALE 8-10)  1
DPTR FM NORMAL     0

[CDD (BASE 65) ]
TOTAL THIS MO.   605
DPTR FM NORMAL    95    [PRESSURE DATA]
TOTAL FM JAN 1  2203    HIGHEST SLP M ON M
DPTR FM NORMAL   219    LOWEST  SLP 29.66 ON 18

[REMARKS]
