000
CXUS53 KGLD 240800
CF6GLD
PRELIMINARY LOCAL CLIMATOLOGICAL DATA (WS FORM: F-6)

                                          STATION:   GOODLAND KS
                                          MONTH:     FEBRUARY
                                          YEAR:      2018
                                          LATITUDE:   39 22 N
                                          LONGITUDE: 101 42 W

  TEMPERATURE IN F:       :PCPN:    SNOW:  WIND      :SUNSHINE: SKY     :PK WND
================================================================================
1   2   3   4   5  6A  6B    7    8   9   10  11  12  13   14  15   16   17  18
                                     12Z  AVG MX 2MIN
DY MAX MIN AVG DEP HDD CDD  WTR  SNW DPTH SPD SPD DIR MIN PSBL S-S WX    SPD DR
================================================================================

 1  33  22  28  -2  37   0 0.04  1.3    T  9.9 23 350   M    M  10 1      32 350
 2  52  21  37   7  28   0 0.00  0.0    T 11.9 21 190   M    M   3        29 190
 3  57  25  41  11  24   0 0.01  0.0    T 10.7 28 360   M    M   3        37 360
 4  36   8  22  -8  43   0    T    T    0 15.1 28  10   M    M   5 18     37  20
 5  51  17  34   4  31   0 0.00  0.0    0 15.5 39 350   M    M   4        52 350
 6  20   3  12 -18  53   0 0.28  4.0    4 11.4 23 160   M    M   7 1      26 160
 7  34   7  21 -10  44   0 0.00  0.0    4 10.5 22 180   M    M   2 12     27 180
 8  60  30  45  14  20   0 0.00  0.0    0  9.8 16 230   M    M   1        20 240
 9  43   8  26  -5  39   0    T    T    T 13.8 24  20   M    M   9 18     34  50
10  12   4   8 -23  57   0 0.23  3.4    T  7.1 13 280   M    M   8 1      16  10
11  36   7  22  -9  43   0 0.00  0.0    3 12.4 22 300   M    M   0        27 300
12  34  16  25  -7  40   0 0.00  0.0    3 20.8 37 160   M    M   1        46 150
13  49  15  32   0  33   0 0.00  0.0    2  7.8 23 160   M    M   0        29 160
14  59  34  47  15  18   0 0.00  0.0    T  9.9 18 200   M    M   0        26 200
15  55  20  38   6  27   0    T    T    0 16.4 30  10   M    M   2        40  20
16  41  14  28  -4  37   0 0.00  0.0    0 15.0 26 180   M    M   2        34 190
17  53  21  37   4  28   0 0.00  0.0    0 14.7 28 350   M    M   0        38 360
18  70  22  46  13  19   0 0.00  0.0    0 18.4 32 250   M    M   1 1      43 240
19  22   9  16 -17  49   0 0.03  0.8    1 13.7 30 360   M    M  10 18     37 360
20  18   1  10 -24  55   0 0.01  0.0    1 14.4 24 340   M    M   3 1      32 340
21  31   0  16 -18  49   0    T    T    T  9.5 18 150   M    M   4        25 150
22  33  13  23 -11  42   0    T    T    T  7.7 18 160   M    M   6        23 150
23  39  16  28  -6  37   0 0.00  0.0    0  9.1 20 130   M    M   5 12     25 120
================================================================================
SM  938  333       853   0  0.60     9.5 285.5          M       86
================================================================================
AV 40.8 14.5                              12.4 FASTST   M    M   4    MAX(MPH)
                                 MISC ---->  # 39 350               # 52  350
================================================================================
NOTES:
# LAST OF SEVERAL OCCURRENCES

COLUMN 17 PEAK WIND IN M.P.H.

PRELIMINARY LOCAL CLIMATOLOGICAL DATA (WS FORM: F-6) , PAGE 2

                                          STATION:  GOODLAND KS
                                          MONTH:    FEBRUARY
                                          YEAR:     2018
                                          LATITUDE:   39 22 N
                                          LONGITUDE: 101 42 W

[TEMPERATURE DATA]      [PRECIPITATION DATA]       SYMBOLS USED IN COLUMN 16

AVERAGE MONTHLY: 27.6   TOTAL FOR MONTH:   0.60    1 = FOG OR MIST
DPTR FM NORMAL:  -4.1   DPTR FM NORMAL:    0.21    2 = FOG REDUCING VISIBILITY
HIGHEST:    70 ON 18    GRTST 24HR  0.28 ON  6- 6      TO 1/4 MILE OR LESS
LOWEST:      0 ON 21                               3 = THUNDER
                        SNOW, ICE PELLETS, HAIL    4 = ICE PELLETS
                        TOTAL MONTH:   9.5 INCHES  5 = HAIL
                        GRTST 24HR   4.0 ON  6- 6  6 = FREEZING RAIN OR DRIZZLE
                        GRTST DEPTH:   4 ON  7, 6  7 = DUSTSTORM OR SANDSTORM:
                                                       VSBY 1/2 MILE OR LESS
                                                   8 = SMOKE OR HAZE
[NO. OF DAYS WITH]      [WEATHER - DAYS WITH]      9 = BLOWING SNOW
                                                   X = TORNADO
MAX 32 OR BELOW:   5    0.01 INCH OR MORE:   6
MAX 90 OR ABOVE:   0    0.10 INCH OR MORE:   2
MIN 32 OR BELOW:  22    0.50 INCH OR MORE:   0
MIN  0 OR BELOW:   1    1.00 INCH OR MORE:   0

[HDD (BASE 65) ]
TOTAL THIS MO.   853    CLEAR  (SCALE 0-3)  12
DPTR FM NORMAL    86    PTCLDY (SCALE 4-7)   8
TOTAL FM JUL 1  4106    CLOUDY (SCALE 8-10)  3
DPTR FM NORMAL  -164

[CDD (BASE 65) ]
TOTAL THIS MO.     0
DPTR FM NORMAL     0    [PRESSURE DATA]
TOTAL FM JAN 1     0    HIGHEST SLP M ON M
DPTR FM NORMAL     0    LOWEST  SLP 29.35 ON 18

[REMARKS]
