000
CXUS54 KFWD 300730
CF6GLE
PRELIMINARY LOCAL CLIMATOLOGICAL DATA (WS FORM: F-6)

                                          STATION:   GAINESVILLE
                                          MONTH:     MAY
                                          YEAR:      2016
                                          LATITUDE:   33 39 N
                                          LONGITUDE:  97 12 W

  TEMPERATURE IN F:       :PCPN:    SNOW:  WIND      :SUNSHINE: SKY     :PK WND
================================================================================
1   2   3   4   5  6A  6B    7    8   9   10  11  12  13   14  15   16   17  18
                                     12Z  AVG MX 2MIN
DY MAX MIN AVG DEP HDD CDD  WTR  SNW DPTH SPD SPD DIR MIN PSBL S-S WX    SPD DR
================================================================================

 1  69  51  60  -6   5   0 0.08  0.0    0  9.3 15 340   M    M   2        25 360
 2  63  47  55 -11  10   0 0.01  0.0    0  9.1 16 330   M    M   4        23 360
 3  71  43  57 -10   8   0    T  0.0    0  2.2  6  40   M    M   1         M  M
 4  79  50  65  -2   0   0 0.00  0.0    0  6.7 16 330   M    M   0        22 330
 5  78  49  64  -3   1   0 0.00  0.0    0  1.6  7  10   M    M   0         M  M
 6  79  50  65  -3   0   0 0.00  0.0    0  3.4  8 180   M    M   0 8       M  M
 7  81  54  68   0   0   3 0.00  0.0    0  8.3 22 200   M    M   0 8      28 180
 8  73  63  68   0   0   3 0.70  0.0    0 12.0 18 180   M    M   6        31 190
 9  84  59  72   4   0   7 0.96  0.0    0 14.5 30 180   M    M   5        50 180
10  89  63  76   7   0  11 0.00  0.0    0 10.7 23 210   M    M   1 1      30 210
11  85  62  74   5   0   9 0.00  0.0    0  7.6 15 210   M    M   2        21 210
12  79  62  71   2   0   6 0.03  0.0    0  7.6 16  70   M    M   1        18  40
13  80  53  67  -2   0   2 0.00  0.0    0  5.0 10 170   M    M   0         M  M
14  70  53  62  -8   3   0 0.41  0.0    0  9.4 20 310   M    M   3        32 310
15  70  54  62  -8   3   0 0.00  0.0    0  6.9 12 120   M    M  10        16 120
16  74  60  67  -3   0   2 0.00  0.0    0 10.4 16 140   M    M  10 1      18 150
17  69  57  63  -7   2   0 0.58  0.0    0  8.9 15  50   M    M   9        29  50
18  60  53  57 -14   8   0 0.02  0.0    0  7.3 13  30   M    M  10        18  30
19  61  57  59 -12   6   0 0.28  0.0    0  5.0 10 140   M    M  10 1       M  M
20  76  58  67  -4   0   2 0.00  0.0    0  2.8  7 130   M    M   6 1       M  M
21  80  59  70  -2   0   5 0.00  0.0    0  6.9 13 120   M    M   5 1      16 120
22  82  65  74   2   0   9    M  0.0    0  8.9 15 120   M    M   6        18 110
23  79  62  71  -1   0   6 1.13  0.0    0  9.0 17 160   M    M   9        25 160
24  82  66  74   2   0   9 0.01  0.0    0 10.6 16 150   M    M   9        28 320
25  85  73  79   6   0  14 0.00  0.0    0 14.1 21 180   M    M   6        29 200
26  82  69  76   3   0  11 0.00  0.0    0 13.3 25 160   M    M   5        33 160
27  81  64  73   0   0   8 0.61  0.0    0 10.7 18 190   M    M   3 3      29 200
28  84  64  74   0   0   9 0.00  0.0    0  8.1 14 140   M    M   5        18 170
29  87  66  77   3   0  12 0.00  0.0    0  8.8 28 180   M    M   4        37 180
================================================================================
SM 2232 1686        46 128  4.82     0.0 239.1          M      132
================================================================================
AV 77.0 58.1                               8.2 FASTST   M    M   5    MAX(MPH)
                                 MISC ---->    30   M               # 50  180
================================================================================
NOTES:
# LAST OF SEVERAL OCCURRENCES

COLUMN 17 PEAK WIND IN M.P.H.

PRELIMINARY LOCAL CLIMATOLOGICAL DATA (WS FORM: F-6) , PAGE 2

                                          STATION:  GAINESVILLE
                                          MONTH:    MAY
                                          YEAR:     2016
                                          LATITUDE:   33 39 N
                                          LONGITUDE:  97 12 W

[TEMPERATURE DATA]      [PRECIPITATION DATA]       SYMBOLS USED IN COLUMN 16

AVERAGE MONTHLY: 67.6   TOTAL FOR MONTH:   4.82    1 = FOG OR MIST
DPTR FM NORMAL:  -2.4   DPTR FM NORMAL:   -0.17    2 = FOG REDUCING VISIBILITY
HIGHEST:    89 ON 10    GRTST 24HR  1.13 ON 23-23      TO 1/4 MILE OR LESS
LOWEST:     43 ON  3                               3 = THUNDER
                        SNOW, ICE PELLETS, HAIL    4 = ICE PELLETS
                        TOTAL MONTH:   0.0 INCH    5 = HAIL
                        GRTST 24HR     0.0         6 = FREEZING RAIN OR DRIZZLE
                        GRTST DEPTH:   0           7 = DUSTSTORM OR SANDSTORM:
                                                       VSBY 1/2 MILE OR LESS
                                                   8 = SMOKE OR HAZE
[NO. OF DAYS WITH]      [WEATHER - DAYS WITH]      9 = BLOWING SNOW
                                                   X = TORNADO
MAX 32 OR BELOW:   0    0.01 INCH OR MORE:  12
MAX 90 OR ABOVE:   0    0.10 INCH OR MORE:   7
MIN 32 OR BELOW:   0    0.50 INCH OR MORE:   5
MIN  0 OR BELOW:   0    1.00 INCH OR MORE:   1

[HDD (BASE 65) ]
TOTAL THIS MO.    46    CLEAR  (SCALE 0-3)  12
DPTR FM NORMAL    21    PTCLDY (SCALE 4-7)  10
TOTAL FM JUL 1  2122    CLOUDY (SCALE 8-10)  7
DPTR FM NORMAL  -778

[CDD (BASE 65) ]
TOTAL THIS MO.   128
DPTR FM NORMAL   -43    [PRESSURE DATA]
TOTAL FM JAN 1   178    HIGHEST SLP M ON M
DPTR FM NORMAL   -63    LOWEST  SLP M ON M

[REMARKS]
