756
CXUS54 KFWD 170730
CF6GLE
PRELIMINARY LOCAL CLIMATOLOGICAL DATA (WS FORM: F-6)

                                          STATION:   GAINESVILLE
                                          MONTH:     JANUARY
                                          YEAR:      2018
                                          LATITUDE:   33 39 N
                                          LONGITUDE:  97 12 W

  TEMPERATURE IN F:       :PCPN:    SNOW:  WIND      :SUNSHINE: SKY     :PK WND
================================================================================
1   2   3   4   5  6A  6B    7    8   9   10  11  12  13   14  15   16   17  18
                                     12Z  AVG MX 2MIN
DY MAX MIN AVG DEP HDD CDD  WTR  SNW DPTH SPD SPD DIR MIN PSBL S-S WX    SPD DR
================================================================================

 1  26  11  19 -22  46   0 0.00  0.0    0  7.4 13  40   M    M   0        18  40
 2  23  13  18 -23  47   0 0.00  0.0    0  3.5  9 100   M    M   8         M  M
 3  48  12  30 -11  35   0 0.00  0.0    0  3.7 13 350   M    M   0        16 350
 4  46  20  33  -8  32   0 0.00  0.0    0  0.8  6 100   M    M   0         M  M
 5  60  27  44   3  21   0 0.00  0.0    0  1.5  7 220   M    M   0         M  M
 6  61  31  46   5  19   0 0.00  0.0    0  6.1 20 170   M    M   1        24 170
 7  56  46  51  10  14   0 0.07  0.0    0 13.8 20 180   M    M   9        25 160
 8  58  34  46   4  19   0 0.00  0.0    0  8.0 15  20   M    M   0        21  10
 9  52  31  42   0  23   0 0.00  0.0    0  7.0 15 150   M    M   5 12     20 150
10  53  43  48   6  17   0 0.00  0.0    0 15.4 23 150   M    M   9 18     30 150
11  55  26  41  -1  24   0 0.00  0.0    0 16.4 29 350   M    M   4 1      38 360
12  41  18  30 -12  35   0 0.00  0.0    0 10.2 24 340   M    M   0        31 340
13  42  22  32 -10  33   0 0.00  0.0    0  4.2 10 350   M    M   3         M  M
14  53  23  38  -4  27   0 0.00  0.0    0  5.3 17 200   M    M   0        18 190
15  52  23  38  -4  27   0 0.00  0.0    0  8.8 23  10   M    M   5        33 360
16  27   9  18 -24  47   0 0.00  0.0    0 11.6 20 330   M    M   2        29 340
================================================================================
SM  753  389       466   0  0.07     0.0 123.7          M       46
================================================================================
AV 47.1 24.3                               7.7 FASTST   M    M   3    MAX(MPH)
                                 MISC ---->    29   M               # 38  360
================================================================================
NOTES:
# LAST OF SEVERAL OCCURRENCES

COLUMN 17 PEAK WIND IN M.P.H.

PRELIMINARY LOCAL CLIMATOLOGICAL DATA (WS FORM: F-6) , PAGE 2

                                          STATION:  GAINESVILLE
                                          MONTH:    JANUARY
                                          YEAR:     2018
                                          LATITUDE:   33 39 N
                                          LONGITUDE:  97 12 W

[TEMPERATURE DATA]      [PRECIPITATION DATA]       SYMBOLS USED IN COLUMN 16

AVERAGE MONTHLY: 35.7   TOTAL FOR MONTH:   0.07    1 = FOG OR MIST
DPTR FM NORMAL:  -5.9   DPTR FM NORMAL:   -0.90    2 = FOG REDUCING VISIBILITY
HIGHEST:    61 ON  6    GRTST 24HR  0.07 ON  7- 7      TO 1/4 MILE OR LESS
LOWEST:      9 ON 16                               3 = THUNDER
                        SNOW, ICE PELLETS, HAIL    4 = ICE PELLETS
                        TOTAL MONTH:   0.0 INCH    5 = HAIL
                        GRTST 24HR     0.0         6 = FREEZING RAIN OR DRIZZLE
                        GRTST DEPTH:   0           7 = DUSTSTORM OR SANDSTORM:
                                                       VSBY 1/2 MILE OR LESS
                                                   8 = SMOKE OR HAZE
[NO. OF DAYS WITH]      [WEATHER - DAYS WITH]      9 = BLOWING SNOW
                                                   X = TORNADO
MAX 32 OR BELOW:   3    0.01 INCH OR MORE:   1
MAX 90 OR ABOVE:   0    0.10 INCH OR MORE:   0
MIN 32 OR BELOW:  13    0.50 INCH OR MORE:   0
MIN  0 OR BELOW:   0    1.00 INCH OR MORE:   0

[HDD (BASE 65) ]
TOTAL THIS MO.   466    CLEAR  (SCALE 0-3)  10
DPTR FM NORMAL    89    PTCLDY (SCALE 4-7)   4
TOTAL FM JUL 1  1498    CLOUDY (SCALE 8-10)  2
DPTR FM NORMAL   -19

[CDD (BASE 65) ]
TOTAL THIS MO.     0
DPTR FM NORMAL     0    [PRESSURE DATA]
TOTAL FM JAN 1     0    HIGHEST SLP M ON M
DPTR FM NORMAL     0    LOWEST  SLP M ON M

[REMARKS]
