000
CXUS54 KJAN 011200
CF6GLH
PRELIMINARY LOCAL CLIMATOLOGICAL DATA (WS FORM: F-6)

                                          STATION:   GREENVILLE
                                          MONTH:     AUGUST
                                          YEAR:      2014
                                          LATITUDE:   33 29 N
                                          LONGITUDE:  90 59 W

  TEMPERATURE IN F:       :PCPN:    SNOW:  WIND      :SUNSHINE: SKY     :PK WND
================================================================================
1   2   3   4   5  6A  6B    7    8   9   10  11  12  13   14  15   16   17  18
                                     12Z  AVG MX 2MIN
DY MAX MIN AVG DEP HDD CDD  WTR  SNW DPTH SPD SPD DIR MIN PSBL S-S WX    SPD DR
================================================================================

 1  79  70  75  -7   0  10 0.11  0.0    0  2.6  9 120   M    M   9 18     23 110
 2  83  71  77  -5   0  12 0.01  0.0    0  2.5 58  20   M    M   8 18     86 330
 3  90  71  81  -1   0  16 0.00  0.0    0  5.6  M   M   M    M   2 18      M  M
 4  92  71  82   0   0  17 0.00  0.0    0  4.0  M   M   M    M   2 18      M  M
 5  93  67  80  -2   0  15 0.00  0.0    0  0.6  M   M   M    M   0 128     M  M
 6  95  69  82   0   0  17 0.00  0.0    0  1.4  8 250   M    M   0 128    14 300
 7  94  74  84   2   0  19 0.00  0.0    0  5.9 17 230   M    M   0 18     22 240
 8  92  74  83   1   0  18 0.25  0.0    0   M   M   M   M    M   1 138     M  M
 9  90  75  83   1   0  18 0.03  0.0    0  4.3 10 340   M    M   2 138    16 250
10  94  72  83   1   0  18 0.46  0.0    0  5.9 39 320   M    M   2 1238   53 310
11  87  73  80  -2   0  15 1.35  0.0    0  5.6 12 270   M    M   4 123    23 120
12  87  68  78  -4   0  13 0.00  0.0    0  6.5 14 310   M    M   3 12     18 320
13  85  62  74  -8   0   9 0.00  0.0    0  3.2 10  20   M    M   1 12     14  10
14  85  60  73  -9   0   8 0.00  0.0    0  2.1  8  10   M    M   0 1      23 150
15  88  61  75  -7   0  10 0.00  0.0    0  1.0 10  50   M    M   1 12     15  M
16  93  64  79  -3   0  14 0.00  0.0    0  5.1  M   M   M    M   1 1       M  M
17  94  75  85   3   0  20 0.00  0.0    0  9.4 17 220   M    M   2        21 210
18  88  71  80  -2   0  15 0.50  0.0    0  9.3 32 340   M    M   3 13     39 330
19  94  69  82   0   0  17 0.00  0.0    0   M   M   M   M    M   0 1       M  M
20  93  71  82   1   0  17 0.00  0.0    0  6.2  M   M   M    M   0         M  M
21  95  72  84   3   0  19 0.00  0.0    0  6.6 13 250   M    M   0 3      24 110
22  94  72  83   2   0  18 0.00  0.0    0  5.3 12 250   M    M   0        15 240
23  95  70  83   2   0  18 0.00  0.0    0  3.3  M   M   M    M   0         M  M
24  96  71  84   3   0  19 0.00  0.0    0  2.3 10 320   M    M   0 1      13 350
25  96  75  86   5   0  21 0.00  0.0    0  2.9 18 360   M    M   1 138     M  M
26  92  73  83   2   0  18 0.00  0.0    0  4.3 13  40   M    M   1 1       M  M
27  95  67  81   0   0  16 0.00  0.0    0   M   M   M   M    M   0 1       M  M
28  95  65  80   0   0  15 0.00  0.0    0   M   M   M   M    M   1 1       M  M
29  92  71  82   2   0  17    T  0.0    0  4.4 22 210   M    M   2 13     25 210
30  79  74  77  -3   0  12 0.98  0.0    0  6.0 17 150   M    M   9 1      24 140
31  89  74  82   2   0  17 0.21  0.0    0  7.5 24 180   M    M   6 138    30 190
================================================================================
SM 2814 2172         0 488  3.90     0.0 123.8          M       61
================================================================================
AV 90.8 70.1                               4.6 FASTST   M    M   2    MAX(MPH)
                                 MISC ---->  # 58  20               # 86  330
================================================================================
NOTES:
# LAST OF SEVERAL OCCURRENCES

COLUMN 17 PEAK WIND IN M.P.H.

PRELIMINARY LOCAL CLIMATOLOGICAL DATA (WS FORM: F-6) , PAGE 2

                                          STATION:  GREENVILLE
                                          MONTH:    AUGUST
                                          YEAR:     2014
                                          LATITUDE:   33 29 N
                                          LONGITUDE:  90 59 W

[TEMPERATURE DATA]      [PRECIPITATION DATA]       SYMBOLS USED IN COLUMN 16

AVERAGE MONTHLY: 80.4   TOTAL FOR MONTH:   3.90    1 = FOG OR MIST
DPTR FM NORMAL:  -1.1   DPTR FM NORMAL:    1.44    2 = FOG REDUCING VISIBILITY
HIGHEST:    96 ON 25,24 GRTST 24HR  1.81 ON 10-11      TO 1/4 MILE OR LESS
LOWEST:     60 ON 14                               3 = THUNDER
                        SNOW, ICE PELLETS, HAIL    4 = ICE PELLETS
                        TOTAL MONTH:   0.0 INCH    5 = HAIL
                        GRTST 24HR     0.0         6 = FREEZING RAIN OR DRIZZLE
                        GRTST DEPTH:   0           7 = DUSTSTORM OR SANDSTORM:
                                                       VSBY 1/2 MILE OR LESS
                                                   8 = SMOKE OR HAZE
[NO. OF DAYS WITH]      [WEATHER - DAYS WITH]      9 = BLOWING SNOW
                                                   X = TORNADO
MAX 32 OR BELOW:   0    0.01 INCH OR MORE:   9
MAX 90 OR ABOVE:  21    0.10 INCH OR MORE:   7
MIN 32 OR BELOW:   0    0.50 INCH OR MORE:   3
MIN  0 OR BELOW:   0    1.00 INCH OR MORE:   1

[HDD (BASE 65) ]
TOTAL THIS MO.     0    CLEAR  (SCALE 0-3)  25
DPTR FM NORMAL     0    PTCLDY (SCALE 4-7)   3
TOTAL FM JUL 1     0    CLOUDY (SCALE 8-10)  3
DPTR FM NORMAL     0

[CDD (BASE 65) ]
TOTAL THIS MO.   488
DPTR FM NORMAL   -22    [PRESSURE DATA]
TOTAL FM JAN 1  1667    HIGHEST SLP 30.13 ON 21
DPTR FM NORMAL  -112    LOWEST  SLP 29.84 ON 18

[REMARKS]
#FINAL-08-14#
