000
CXUS53 KAPX 010631
CF6GLR
PRELIMINARY LOCAL CLIMATOLOGICAL DATA (WS FORM: F-6)

                                          STATION:   GAYLORD
                                          MONTH:     JULY
                                          YEAR:      2015
                                          LATITUDE:   45  0 N
                                          LONGITUDE:  84 42 W

  TEMPERATURE IN F:       :PCPN:    SNOW:  WIND      :SUNSHINE: SKY     :PK WND
================================================================================
1   2   3   4   5  6A  6B    7    8   9   10  11  12  13   14  15   16   17  18
                                     12Z  AVG MX 2MIN
DY MAX MIN AVG DEP HDD CDD  WTR  SNW DPTH SPD SPD DIR MIN PSBL S-S WX    SPD DR
================================================================================

 1  60  49  55 -10  10   0 0.00    M    M  5.9 10 290   M    M   8 12     15 300
 2  73  41  57  -8   8   0 0.00    M    M  3.2 14  50   M    M   0        19  40
 3  74  48  61  -5   4   0 0.00    M    M  5.7 14 240   M    M   2        18 250
 4  78  54  66   0   0   1 0.00    M    M  3.6 10 310   M    M   2 1      15 260
 5  83  50  67   1   0   2 0.00    M    M  5.2 14 220   M    M   1 18     20 230
 6  84  63  74   8   0   9 0.04    M    M 11.7 21 190   M    M   2 18     32 180
 7  71  52  62  -4   3   0 0.67    M    M  7.0 15 290   M    M   7 1      22 300
 8  73  42  58  -8   7   0 0.00    M    M  4.8 13 200   M    M   0        18 190
 9  75  52  64  -2   1   0 0.00    M    M  3.5 10 290   M    M   3        15 290
10  81  50  66   0   0   1 0.00    M    M  3.9 13 250   M    M   1        18 250
11  83  55  69   3   0   4 0.00    M    M  4.4 14 240   M    M   1        18 250
12  82  57  70   4   0   5 0.00    M    M  2.8 13 190   M    M   1        16 190
13  75  60  68   2   0   3 0.05    M    M  7.2 24 170   M    M   4 1      30 170
14  72  56  64  -2   1   0 0.17    M    M  5.7 15  40   M    M   8 1      20  50
15  73  51  62  -4   3   0 0.00    M    M  5.4 13  50   M    M   0 8      16  50
16  79  47  63  -3   2   0 0.00    M    M  7.8 17 180   M    M   1        21 210
17  72  60  66   0   0   1 0.05    M    M  8.8 18 160   M    M   8 1      24 160
18  86  65  76  10   0  11    T    M    M  8.2 25 250   M    M   1 1      33 270
19  77  65  71   5   0   6 0.00    M    M 10.2 22 260   M    M   2 1      28 250
20  84  61  73   7   0   8 0.18    M    M 12.2 25 260   M    M   2 18     35 260
21  73  54  64  -2   1   0 0.00    M    M  7.4 18 260   M    M   1        26 290
22  76  51  64  -2   1   0 0.00    M    M  5.5 14 300   M    M   1        20 290
23  83  50  67   1   0   2 0.00    M    M  2.8 14 270   M    M   1        18 270
24  85  63  74   8   0   9 0.00    M    M  7.7 20 260   M    M   2        27 250
25  81  61  71   5   0   6 0.04    M    M  6.5 14 260   M    M   2 1      19 280
26  87  57  72   6   0   7 0.00    M    M  4.4 14 240   M    M   0        22 290
27  90  61  76  10   0  11 0.00    M    M  4.5 13 290   M    M   0        18 280
28  91  58  75   9   0  10 0.00    M    M  4.6 14 210   M    M   0        17 210
29  87  71  79  13   0  14 0.00    M    M 12.7 25 250   M    M   2        35 250
30  80  58  69   3   0   4 0.00    M    M 10.5 26 270   M    M   2        36 250
31  78  57  68   2   0   3 0.02    M    M  7.5 22 250   M    M   3        33 300
================================================================================
SM 2446 1719        41 117  1.22    M    201.3          M       68
================================================================================
AV 78.9 55.5                               6.5 FASTST   M    M   2    MAX(MPH)
                                 MISC ---->  # 26 270               # 36  250
================================================================================
NOTES:
# LAST OF SEVERAL OCCURRENCES

COLUMN 17 PEAK WIND IN M.P.H.

PRELIMINARY LOCAL CLIMATOLOGICAL DATA (WS FORM: F-6) , PAGE 2

                                          STATION:  GAYLORD
                                          MONTH:    JULY
                                          YEAR:     2015
                                          LATITUDE:   45  0 N
                                          LONGITUDE:  84 42 W

[TEMPERATURE DATA]      [PRECIPITATION DATA]       SYMBOLS USED IN COLUMN 16

AVERAGE MONTHLY: 67.2   TOTAL FOR MONTH:   1.22    1 = FOG OR MIST
DPTR FM NORMAL:   1.2   DPTR FM NORMAL:   -1.85    2 = FOG REDUCING VISIBILITY
HIGHEST:    91 ON 28    GRTST 24HR  0.71 ON  6- 7      TO 1/4 MILE OR LESS
LOWEST:     41 ON  2                               3 = THUNDER
                        SNOW, ICE PELLETS, HAIL    4 = ICE PELLETS
                        TOTAL MONTH:    M          5 = HAIL
                        GRTST 24HR    M  ON   M    6 = FREEZING RAIN OR DRIZZLE
                        GRTST DEPTH:  M  ON   M    7 = DUSTSTORM OR SANDSTORM:
                                                       VSBY 1/2 MILE OR LESS
                                                   8 = SMOKE OR HAZE
[NO. OF DAYS WITH]      [WEATHER - DAYS WITH]      9 = BLOWING SNOW
                                                   X = TORNADO
MAX 32 OR BELOW:   0    0.01 INCH OR MORE:   8
MAX 90 OR ABOVE:   2    0.10 INCH OR MORE:   3
MIN 32 OR BELOW:   0    0.50 INCH OR MORE:   1
MIN  0 OR BELOW:   0    1.00 INCH OR MORE:   0

[HDD (BASE 65) ]
TOTAL THIS MO.    41    CLEAR  (SCALE 0-3)  26
DPTR FM NORMAL   -21    PTCLDY (SCALE 4-7)   4
TOTAL FM JUL 1    41    CLOUDY (SCALE 8-10)  1
DPTR FM NORMAL   -21

[CDD (BASE 65) ]
TOTAL THIS MO.   117
DPTR FM NORMAL    26    [PRESSURE DATA]
TOTAL FM JAN 1   154    HIGHEST SLP M ON M
DPTR FM NORMAL    -5    LOWEST  SLP 29.45 ON 14

[REMARKS]
#FINAL-07-15#
