000
CXUS53 KAPX 200631
CF6GLR
PRELIMINARY LOCAL CLIMATOLOGICAL DATA (WS FORM: F-6)

                                          STATION:   GAYLORD
                                          MONTH:     OCTOBER
                                          YEAR:      2017
                                          LATITUDE:   45  0 N
                                          LONGITUDE:  84 42 W

  TEMPERATURE IN F:       :PCPN:    SNOW:  WIND      :SUNSHINE: SKY     :PK WND
================================================================================
1   2   3   4   5  6A  6B    7    8   9   10  11  12  13   14  15   16   17  18
                                     12Z  AVG MX 2MIN
DY MAX MIN AVG DEP HDD CDD  WTR  SNW DPTH SPD SPD DIR MIN PSBL S-S WX    SPD DR
================================================================================

 1  65  39  52   1  13   0 0.00    M    M  6.6 14 160   M    M   0 8      17 170
 2  74  46  60   9   5   0 0.00    M    M 10.1 18 150   M    M   0        24 170
 3  77  53  65  15   0   0 0.00    M    M 12.4 21 220   M    M   4        30 230
 4  69  45  57   7   8   0 0.53    M    M  8.9 22 220   M    M   5 13     29 280
 5  61  41  51   1  14   0    T    M    M  7.5 20 240   M    M   5        24 240
 6  65  51  58   9   7   0    T    M    M  5.1 17 160   M    M   8        23 160
 7  72  56  64  15   1   0 0.65    M    M 13.8 23 200   M    M  10 1      32 200
 8  74  49  62  14   3   0 0.02    M    M 10.0 22 270   M    M   4 1      31 290
 9  72  43  58  10   7   0 0.00    M    M  2.8 10 310   M    M   0        15 270
10  59  44  52   4  13   0 0.00    M    M  4.9 12  40   M    M   2        16  50
11  57  42  50   3  15   0 0.00    M    M  7.5 17  60   M    M   2        24  70
12  58  35  47   0  18   0 0.00    M    M  5.9 14 130   M    M   5        18 130
13  62  52  57  10   8   0 0.03    M    M  9.1 18 230   M    M  10 1      23 230
14  57  44  51   5  14   0 0.31    M    M  6.1 13  60   M    M   9 1      19  70
15  64  36  50   4  15   0 1.06    M    M  8.2 28 220   M    M   9 1238   41 220
16  53  29  41  -5  24   0 0.00    M    M  8.1 18 230   M    M   3        25 250
17  65  43  54   9  11   0 0.00    M    M 12.0 25 250   M    M   1        32 250
18  69  46  58  13   7   0 0.00    M    M 15.1 28 220   M    M   0        36 220
19  59  46  53   9  12   0 0.00    M    M 11.3 23 230   M    M   0        31 240
================================================================================
SM 1232  840       195   0  2.60    M    165.4          M       77
================================================================================
AV 64.8 44.2                               8.7 FASTST   M    M   4    MAX(MPH)
                                 MISC ---->  # 28 220               # 41  220
================================================================================
NOTES:
# LAST OF SEVERAL OCCURRENCES

COLUMN 17 PEAK WIND IN M.P.H.

PRELIMINARY LOCAL CLIMATOLOGICAL DATA (WS FORM: F-6) , PAGE 2

                                          STATION:  GAYLORD
                                          MONTH:    OCTOBER
                                          YEAR:     2017
                                          LATITUDE:   45  0 N
                                          LONGITUDE:  84 42 W

[TEMPERATURE DATA]      [PRECIPITATION DATA]       SYMBOLS USED IN COLUMN 16

AVERAGE MONTHLY: 54.5   TOTAL FOR MONTH:   2.60    1 = FOG OR MIST
DPTR FM NORMAL:   6.8   DPTR FM NORMAL:    0.31    2 = FOG REDUCING VISIBILITY
HIGHEST:    77 ON  3    GRTST 24HR  1.06 ON 15-15      TO 1/4 MILE OR LESS
LOWEST:     29 ON 16                               3 = THUNDER
                        SNOW, ICE PELLETS, HAIL    4 = ICE PELLETS
                        TOTAL MONTH:    M          5 = HAIL
                        GRTST 24HR    M  ON   M    6 = FREEZING RAIN OR DRIZZLE
                        GRTST DEPTH:  M  ON   M    7 = DUSTSTORM OR SANDSTORM:
                                                       VSBY 1/2 MILE OR LESS
                                                   8 = SMOKE OR HAZE
[NO. OF DAYS WITH]      [WEATHER - DAYS WITH]      9 = BLOWING SNOW
                                                   X = TORNADO
MAX 32 OR BELOW:   0    0.01 INCH OR MORE:   6
MAX 90 OR ABOVE:   0    0.10 INCH OR MORE:   4
MIN 32 OR BELOW:   1    0.50 INCH OR MORE:   3
MIN  0 OR BELOW:   0    1.00 INCH OR MORE:   1

[HDD (BASE 65) ]
TOTAL THIS MO.   195    CLEAR  (SCALE 0-3)   9
DPTR FM NORMAL  -136    PTCLDY (SCALE 4-7)   5
TOTAL FM JUL 1   490    CLOUDY (SCALE 8-10)  5
DPTR FM NORMAL  -256

[CDD (BASE 65) ]
TOTAL THIS MO.     0
DPTR FM NORMAL     0    [PRESSURE DATA]
TOTAL FM JAN 1   308    HIGHEST SLP M ON M
DPTR FM NORMAL    72    LOWEST  SLP 29.38 ON  7

[REMARKS]
