000
CXUS54 KMAF 281100
CF6GNC
PRELIMINARY LOCAL CLIMATOLOGICAL DATA (WS FORM: F-6)

                                          STATION:   Gaines County Airport
                                          MONTH:     DECEMBER
                                          YEAR:      2014
                                          LATITUDE:   32 40 N
                                          LONGITUDE: 102 39 W

  TEMPERATURE IN F:       :PCPN:    SNOW:  WIND      :SUNSHINE: SKY     :PK WND
================================================================================
1   2   3   4   5  6A  6B    7    8   9   10  11  12  13   14  15   16   17  18
                                     12Z  AVG MX 2MIN
DY MAX MIN AVG DEP HDD CDD  WTR  SNW DPTH SPD SPD DIR MIN PSBL S-S WX    SPD DR
================================================================================

 1  46  21  34   M  31   0 0.00  0.0    0  8.3 20  40   M    M   0        29  40
 2  58  26  42   M  23   0 0.00  0.0    0  3.2 10 190   M    M   0         M  M
 3  73  41  57   M   8   0 0.00  0.0    0  3.1  9 300   M    M   0         M  M
 4  58  37  48   M  17   0 0.00  0.0    0  4.2 12 190   M    M   4 12      M  M
 5  70  42  56   M   9   0 0.00  0.0    0  8.1 18 340   M    M   0 1      24 330
 6  61  38  50   M  15   0 0.00  0.0    0  5.7 12 110   M    M   0        16 100
 7  51  43  47   M  18   0 0.04    M    0  3.4 13 150   M    M   8 1       M  M
 8  65  37  51   M  14   0 0.00  0.0    0  3.5  7 190   M    M   3 12      M  M
 9  55  37  46   M  19   0 0.00  0.0    0  4.3  8 180   M    M   5 1       M  M
10  61  46  54   M  11   0 0.00  0.0    0  3.8 10 170   M    M   7 12      M  M
11  57  46  52   M  13   0 0.00  0.0    0  3.1  7 200   M    M   7 12      M  M
12  66  43  55   M  10   0 0.00  0.0    0  5.0  8 190   M    M   6 12      M  M
13  70  48  59   M   6   0 0.00  0.0    0  9.2 17 170   M    M   6 12     22 170
14  63  38  51   M  14   0 0.00  0.0    0 16.2 29 260   M    M   1        38 260
15  64  34  49   M  16   0 0.00  0.0    0  6.2 15 310   M    M   0        18 310
16  51  30  41   M  24   0 0.00  0.0    0  5.5 12  80   M    M   5         M  M
17  63  40  52   M  13   0 0.00  0.0    0  9.5 21 250   M    M   4        27 250
18  61  33  47   M  18   0 0.00  0.0    0  4.9 12 310   M    M   0         M  M
19  55  32  44   M  21   0 0.00  0.0    0  2.0  9  80   M    M   4 1       M  M
20  56  33  45   M  20   0 0.00  0.0    0  2.7 12 200   M    M   5 12      M  M
21  66  35  51   M  14   0 0.00  0.0    0 12.5 22 270   M    M   4 12     30 270
22  60  40  50   M  15   0 0.14    M    0 10.7 17  60   M    M   0        23  60
23  45  34  40   M  25   0 0.19    M    0 15.1 29 350   M    M   8        39 350
24  47  29  38   M  27   0 0.00  0.0    0  9.2 15 230   M    M   0        24 360
25  57  31  44   M  21   0 0.00  0.0    0 10.0 18 200   M    M   0        27 200
26  59  29  44   M  21   0 0.00  0.0    0  6.3 20 280   M    M   4        25 310
27  37  26  32   M  33   0 0.01    M    0  7.4 14  30   M    M   7        18  30
================================================================================
SM 1575  969       476   0  0.38     0.0 183.1          M       88
================================================================================
AV 58.3 35.9                               6.8 FASTST   M    M   3    MAX(MPH)
                                 MISC ---->    29   M                 39    M
================================================================================
NOTES:
# LAST OF SEVERAL OCCURRENCES

COLUMN 17 PEAK WIND IN M.P.H.

PRELIMINARY LOCAL CLIMATOLOGICAL DATA (WS FORM: F-6) , PAGE 2

                                          STATION:  Gaines County Airport
                                          MONTH:    DECEMBER
                                          YEAR:     2014
                                          LATITUDE:   32 40 N
                                          LONGITUDE: 102 39 W

[TEMPERATURE DATA]      [PRECIPITATION DATA]       SYMBOLS USED IN COLUMN 16

AVERAGE MONTHLY: 47.1   TOTAL FOR MONTH:   0.38    1 = FOG OR MIST
DPTR FM NORMAL:     M   DPTR FM NORMAL:       M    2 = FOG REDUCING VISIBILITY
HIGHEST:    73 ON  3    GRTST 24HR  0.19 ON 23-23      TO 1/4 MILE OR LESS
LOWEST:     21 ON  1                               3 = THUNDER
                        SNOW, ICE PELLETS, HAIL    4 = ICE PELLETS
                        TOTAL MONTH:   0.0 INCH    5 = HAIL
                        GRTST 24HR     0.0         6 = FREEZING RAIN OR DRIZZLE
                        GRTST DEPTH:   0           7 = DUSTSTORM OR SANDSTORM:
                                                       VSBY 1/2 MILE OR LESS
                                                   8 = SMOKE OR HAZE
[NO. OF DAYS WITH]      [WEATHER - DAYS WITH]      9 = BLOWING SNOW
                                                   X = TORNADO
MAX 32 OR BELOW:   0    0.01 INCH OR MORE:   4
MAX 90 OR ABOVE:   0    0.10 INCH OR MORE:   2
MIN 32 OR BELOW:   8    0.50 INCH OR MORE:   0
MIN  0 OR BELOW:   0    1.00 INCH OR MORE:   0

[HDD (BASE 65) ]
TOTAL THIS MO.   476    CLEAR  (SCALE 0-3)  12
DPTR FM NORMAL     M    PTCLDY (SCALE 4-7)  14
TOTAL FM JUL 1  1077    CLOUDY (SCALE 8-10)  1
DPTR FM NORMAL     M

[CDD (BASE 65) ]
TOTAL THIS MO.     0
DPTR FM NORMAL     M    [PRESSURE DATA]
TOTAL FM JAN 1  2019    HIGHEST SLP M ON M
DPTR FM NORMAL     M    LOWEST  SLP M ON M

[REMARKS]
