000
CXUS52 KJAX 250800
CF6GNV
PRELIMINARY LOCAL CLIMATOLOGICAL DATA (WS FORM: F-6)

                                          STATION:   GAINESVILLE FL
                                          MONTH:     MAY
                                          YEAR:      2015
                                          LATITUDE:   29 40 N
                                          LONGITUDE:  82 16 W

  TEMPERATURE IN F:       :PCPN:    SNOW:  WIND      :SUNSHINE: SKY     :PK WND
================================================================================
1   2   3   4   5  6A  6B    7    8   9   10  11  12  13   14  15   16   17  18
                                     12Z  AVG MX 2MIN
DY MAX MIN AVG DEP HDD CDD  WTR  SNW DPTH SPD SPD DIR MIN PSBL S-S WX    SPD DR
================================================================================

 1  80  50  65  -6   0   0 0.00  0.0    0  8.4 20 320   M    M   0        28 330
 2  79  47  63  -8   2   0 0.00  0.0    0  3.9 14  30   M    M   0        21  40
 3  81  49  65  -7   0   0 0.00  0.0    0  4.3 16  70   M    M   1        22  60
 4  80  53  67  -5   0   2 0.00  0.0    0  7.4 23  70   M    M   2        34  70
 5  81  59  70  -2   0   5 0.15  0.0    0  8.7 20 120   M    M   6 8      25  60
 6  82  61  72   0   0   7    T  0.0    0  7.1 18  50   M    M   6        21  50
 7  86  59  73   1   0   8 0.00  0.0    0  4.1 14  10   M    M   0        20  10
 8  88  57  73   0   0   8 0.00  0.0    0  6.1 16 320   M    M   4        23 320
 9  90  59  75   2   0  10 0.00  0.0    0  2.2  9 260   M    M   3 1      14 300
10  92  63  78   5   0  13 0.00  0.0    0  3.1 15 270   M    M   4 1      17 280
11  93  62  78   4   0  13 0.00  0.0    0  3.0 17 190   M    M   3 13     21 190
12  90  66  78   4   0  13 0.97  0.0    0  2.5 23 110   M    M   3 13     35 100
13  91  67  79   5   0  14 0.69  0.0    0  2.6 24 120   M    M   2 13     31 170
14  89  66  78   4   0  13 0.72  0.0    0  5.0 26 140   M    M   3 1238   32 140
15  84  68  76   2   0  11    T  0.0    0  8.6 20  90   M    M   7 1      26 100
16  86  64  75   0   0  10 0.00  0.0    0  6.0 16 100   M    M   2        20 100
17  89  64  77   2   0  12 0.00  0.0    0  6.1 17 110   M    M   3 1      22 110
18  90  69  80   5   0  15    T  0.0    0  2.7 12 280   M    M   4        17 110
19  91  68  80   4   0  15 0.00  0.0    0  4.1 20 350   M    M   4 3      26 350
20  92  66  79   3   0  14    T  0.0    0  4.2 15 150   M    M   2 3      18 160
21  92  70  81   5   0  16 0.00  0.0    0  8.7 17 280   M    M   1 13     22 260
22  89  68  79   3   0  14 0.00  0.0    0  6.6 14  80   M    M   0        19  70
23  88  67  78   2   0  13 0.00  0.0    0  8.6 18  50   M    M   4 1      24  40
24  87  68  78   2   0  13 0.00  0.0    0  9.3 18  60   M    M   5        25  70
================================================================================
SM 2090 1490         2 239  2.53     0.0 133.3          M       69
================================================================================
AV 87.1 62.1                               5.6 FASTST   M    M   3    MAX(MPH)
                                 MISC ---->  # 26 140               # 35  100
================================================================================
NOTES:
# LAST OF SEVERAL OCCURRENCES

COLUMN 17 PEAK WIND IN M.P.H.

PRELIMINARY LOCAL CLIMATOLOGICAL DATA (WS FORM: F-6) , PAGE 2

                                          STATION:  GAINESVILLE FL
                                          MONTH:    MAY
                                          YEAR:     2015
                                          LATITUDE:   29 40 N
                                          LONGITUDE:  82 16 W

[TEMPERATURE DATA]      [PRECIPITATION DATA]       SYMBOLS USED IN COLUMN 16

AVERAGE MONTHLY: 74.6   TOTAL FOR MONTH:   2.53    1 = FOG OR MIST
DPTR FM NORMAL:   0.8   DPTR FM NORMAL:    0.84    2 = FOG REDUCING VISIBILITY
HIGHEST:    93 ON 11    GRTST 24HR  0.97 ON 12-12      TO 1/4 MILE OR LESS
LOWEST:     47 ON  2                               3 = THUNDER
                        SNOW, ICE PELLETS, HAIL    4 = ICE PELLETS
                        TOTAL MONTH:   0.0 INCH    5 = HAIL
                        GRTST 24HR     0.0         6 = FREEZING RAIN OR DRIZZLE
                        GRTST DEPTH:   0           7 = DUSTSTORM OR SANDSTORM:
                                                       VSBY 1/2 MILE OR LESS
                                                   8 = SMOKE OR HAZE
[NO. OF DAYS WITH]      [WEATHER - DAYS WITH]      9 = BLOWING SNOW
                                                   X = TORNADO
MAX 32 OR BELOW:   0    0.01 INCH OR MORE:   4
MAX 90 OR ABOVE:   9    0.10 INCH OR MORE:   4
MIN 32 OR BELOW:   0    0.50 INCH OR MORE:   3
MIN  0 OR BELOW:   0    1.00 INCH OR MORE:   0

[HDD (BASE 65) ]
TOTAL THIS MO.     2    CLEAR  (SCALE 0-3)  12
DPTR FM NORMAL     2    PTCLDY (SCALE 4-7)  12
TOTAL FM JUL 1  1213    CLOUDY (SCALE 8-10)  0
DPTR FM NORMAL    -1

[CDD (BASE 65) ]
TOTAL THIS MO.   239
DPTR FM NORMAL    22    [PRESSURE DATA]
TOTAL FM JAN 1   639    HIGHEST SLP M ON M
DPTR FM NORMAL   215    LOWEST  SLP 29.84 ON  1

[REMARKS]
