000
CXUS52 KJAX 300800
CF6GNV
PRELIMINARY LOCAL CLIMATOLOGICAL DATA (WS FORM: F-6)

                                          STATION:   GAINESVILLE FL
                                          MONTH:     JUNE
                                          YEAR:      2015
                                          LATITUDE:   29 40 N
                                          LONGITUDE:  82 16 W

  TEMPERATURE IN F:       :PCPN:    SNOW:  WIND      :SUNSHINE: SKY     :PK WND
================================================================================
1   2   3   4   5  6A  6B    7    8   9   10  11  12  13   14  15   16   17  18
                                     12Z  AVG MX 2MIN
DY MAX MIN AVG DEP HDD CDD  WTR  SNW DPTH SPD SPD DIR MIN PSBL S-S WX    SPD DR
================================================================================

 1  92  67  80   2   0  15 0.47  0.0    0  3.3 28 280   M    M   1 138    35 110
 2  82  66  74  -4   0   9 0.18  0.0    0  4.0 16 150   M    M   4 13     24 200
 3  88  67  78   0   0  13    T  0.0    0  4.3 15 120   M    M   4 1      22 120
 4  92  67  80   2   0  15    T  0.0    0  4.1 18  60   M    M   4        23  70
 5  90  67  79   0   0  14 0.22  0.0    0  3.4 24 250   M    M   2 13     33 240
 6  90  66  78  -1   0  13 0.03  0.0    0  2.3 18  80   M    M   2 13     24  80
 7  90  65  78  -1   0  13 0.00  0.0    0  5.3 15  80   M    M   2 1      20 120
 8  92  66  79   0   0  14 0.07  0.0    0  4.4 16 110   M    M   2 18     20 120
 9  90  71  81   2   0  16 0.00  0.0    0  4.4 14 280   M    M   1 1      21 270
10  89  68  79   0   0  14 0.39  0.0    0  4.9 18 310   M    M   1 13     26 320
11  89  68  79   0   0  14    T  0.0    0  6.3 15 200   M    M   3        22 200
12  92  68  80   0   0  15 0.00  0.0    0  4.8 25 140   M    M   0 3      32 150
13  94  70  82   2   0  17 0.00  0.0    0  4.9 15 140   M    M   2 3      18 120
14  96  68  82   2   0  17 0.00  0.0    0  5.1 15 120   M    M   1 12     19 120
15  96  67  82   2   0  17 0.00  0.0    0  3.2 14 170   M    M   0 1      18 170
16 100  71  86   6   0  21    T  0.0    0  4.3 20  90   M    M   1 3      27  90
17  99  72  86   6   0  21    T  0.0    0  3.8 20 200   M    M   1 3      24 190
18  99  72  86   6   0  21    T  0.0    0  4.6 21  10   M    M   1 3      27  20
19  97  70  84   4   0  19 0.00  0.0    0  4.7 18 250   M    M   0 3      23 260
20  98  73  86   6   0  21 0.00  0.0    0  6.9 16 250   M    M   1        20 250
21  99  72  86   6   0  21 0.00  0.0    0  4.7 17 260   M    M   2 3      21 240
22  99  72  86   6   0  21 0.15  0.0    0  4.5 20 260   M    M   3 13     23 270
23  93  72  83   3   0  18 0.11  0.0    0  4.4 25 250   M    M   2 13     32 250
24  93  71  82   2   0  17 0.43  0.0    0  2.7 18 240   M    M   1 13     91 330
25  88  72  80   0   0  15 0.28  0.0    0  4.5 24 260   M    M   1 138    34 260
26  91  69  80  -1   0  15 0.39  0.0    0  5.5 28 260   M    M   1 13     35 250
27  91  71  81   0   0  16 0.10  0.0    0  7.9 15 260   M    M   1 3      16 240
28  91  72  82   1   0  17 0.57  0.0    0  6.5 20 320   M    M   2 13     31 260
29  85  73  79  -2   0  14 0.22  0.0    0  4.5 20 260   M    M   4 138    34 330
================================================================================
SM 2685 2013         0 473  3.61     0.0 134.2          M       50
================================================================================
AV 92.6 69.4                               4.6 FASTST   M    M   2    MAX(MPH)
                                 MISC ---->  # 28 280               # 91  330
================================================================================
NOTES:
# LAST OF SEVERAL OCCURRENCES

COLUMN 17 PEAK WIND IN M.P.H.

PRELIMINARY LOCAL CLIMATOLOGICAL DATA (WS FORM: F-6) , PAGE 2

                                          STATION:  GAINESVILLE FL
                                          MONTH:    JUNE
                                          YEAR:     2015
                                          LATITUDE:   29 40 N
                                          LONGITUDE:  82 16 W

[TEMPERATURE DATA]      [PRECIPITATION DATA]       SYMBOLS USED IN COLUMN 16

AVERAGE MONTHLY: 81.0   TOTAL FOR MONTH:   3.61    1 = FOG OR MIST
DPTR FM NORMAL:   1.4   DPTR FM NORMAL:   -3.23    2 = FOG REDUCING VISIBILITY
HIGHEST:   100 ON 16    GRTST 24HR  0.71 ON 24-25      TO 1/4 MILE OR LESS
LOWEST:     65 ON  7                               3 = THUNDER
                        SNOW, ICE PELLETS, HAIL    4 = ICE PELLETS
                        TOTAL MONTH:   0.0 INCH    5 = HAIL
                        GRTST 24HR     0.0         6 = FREEZING RAIN OR DRIZZLE
                        GRTST DEPTH:   0           7 = DUSTSTORM OR SANDSTORM:
                                                       VSBY 1/2 MILE OR LESS
                                                   8 = SMOKE OR HAZE
[NO. OF DAYS WITH]      [WEATHER - DAYS WITH]      9 = BLOWING SNOW
                                                   X = TORNADO
MAX 32 OR BELOW:   0    0.01 INCH OR MORE:  14
MAX 90 OR ABOVE:  23    0.10 INCH OR MORE:  12
MIN 32 OR BELOW:   0    0.50 INCH OR MORE:   1
MIN  0 OR BELOW:   0    1.00 INCH OR MORE:   0

[HDD (BASE 65) ]
TOTAL THIS MO.     0    CLEAR  (SCALE 0-3)  25
DPTR FM NORMAL     0    PTCLDY (SCALE 4-7)   4
TOTAL FM JUL 1  1213    CLOUDY (SCALE 8-10)  0
DPTR FM NORMAL    -5

[CDD (BASE 65) ]
TOTAL THIS MO.   473
DPTR FM NORMAL    50    [PRESSURE DATA]
TOTAL FM JAN 1  1209    HIGHEST SLP M ON M
DPTR FM NORMAL   276    LOWEST  SLP 29.87 ON  9

[REMARKS]
