000
CXUS54 KOUN 260800
CF6GOK
PRELIMINARY LOCAL CLIMATOLOGICAL DATA (WS FORM: F-6)

                                          STATION:   GUTHRIE MUNICIPAL
                                          MONTH:     JANUARY
                                          YEAR:      2015
                                          LATITUDE:   35 50 N
                                          LONGITUDE:  97 25 W

  TEMPERATURE IN F:       :PCPN:    SNOW:  WIND      :SUNSHINE: SKY     :PK WND
================================================================================
1   2   3   4   5  6A  6B    7    8   9   10  11  12  13   14  15   16   17  18
                                     12Z  AVG MX 2MIN
DY MAX MIN AVG DEP HDD CDD  WTR  SNW DPTH SPD SPD DIR MIN PSBL S-S WX    SPD DR
================================================================================

 1  32  23  28  -9  37   0 0.01    M    0  3.3  7 210   M    M  10 18     10 220
 2  36  31  34  -3  31   0 0.19    M    0  2.4 10 120   M    M  10 1      14 120
 3  41  29  35  -2  30   0 0.14    M    0  5.7 21 330   M    M  10 1      27 330
 4  29  16  23 -14  42   0    T    T    0  8.4 22 330   M    M   3        37 330
 5  42  13  28  -9  37   0 0.00  0.0    0  8.9 23 180   M    M   0        30 190
 6  43  25  34  -3  31   0 0.00  0.0    0  5.3 14  40   M    M   0        19  20
 7  27   7  17 -20  48   0 0.00  0.0    0  9.3 21  30   M    M   3        34  10
 8  37   7  22 -15  43   0 0.00  0.0    0  9.6 28 200   M    M   0        35 210
 9  33  16  25 -12  40   0 0.00  0.0    0  6.1 16 360   M    M   3        26 360
10  38  20  29  -8  36   0 0.00  0.0    0 10.5 18 190   M    M   6        24 200
11  38  32  35  -2  30   0    T    M    0  6.7 16 170   M    M   9 18     20 180
12  35  24  30  -7  35   0    T  0.0    0  7.6 15 360   M    M   7 128    26 360
13  37  17  27 -10  38   0 0.00  0.0    0  4.8 12  40   M    M   1        17  40
14  36  21  29  -8  36   0    T    T    0  1.4  6 200   M    M   8         9 340
15  58  24  41   4  24   0 0.00  0.0    0  5.3 13 310   M    M   2 18     19 290
16  65  26  46   9  19   0 0.00  0.0    0  8.5 18 210   M    M   0        24 220
17  65  34  50  13  15   0 0.00  0.0    0  9.5 21 340   M    M   0        34 330
18  74  26  50  13  15   0 0.00  0.0    0 10.9 28 250   M    M   0        39 230
19  72  31  52  14  13   0 0.00  0.0    0  2.3  9  60   M    M   0        12  50
20  59  30  45   7  20   0 0.00  0.0    0  6.4 18  40   M    M   2        25  40
21  50  28  39   1  26   0 0.01  0.0    0  4.7 16  70   M    M   5 1      23  40
22  50  30  40   2  25   0 0.08    M    0  5.7 14  20   M    M   8 1      21  50
23  50  20  35  -3  30   0 0.00  0.0    0  5.3 16 270   M    M   1 18     19 260
24  62  27  45   7  20   0 0.00  0.0    0  6.8 15 240   M    M   0        19 230
25  57  30  44   6  21   0    T  0.0    0 10.5 26 330   M    M   1        40 360
================================================================================
SM 1166  587       742   0  0.43    T    165.9          M       89
================================================================================
AV 46.6 23.5                               6.6 FASTST   M    M   4    MAX(MPH)
                                 MISC ---->  # 28 200               # 40  360
================================================================================
NOTES:
# LAST OF SEVERAL OCCURRENCES

COLUMN 17 PEAK WIND IN M.P.H.

PRELIMINARY LOCAL CLIMATOLOGICAL DATA (WS FORM: F-6) , PAGE 2

                                          STATION:  GUTHRIE MUNICIPAL
                                          MONTH:    JANUARY
                                          YEAR:     2015
                                          LATITUDE:   35 50 N
                                          LONGITUDE:  97 25 W

[TEMPERATURE DATA]      [PRECIPITATION DATA]       SYMBOLS USED IN COLUMN 16

AVERAGE MONTHLY: 35.1   TOTAL FOR MONTH:   0.43    1 = FOG OR MIST
DPTR FM NORMAL:  -2.2   DPTR FM NORMAL:   -0.49    2 = FOG REDUCING VISIBILITY
HIGHEST:    74 ON 18    GRTST 24HR  0.32 ON  2- 3      TO 1/4 MILE OR LESS
LOWEST:      7 ON  8, 7                            3 = THUNDER
                        SNOW, ICE PELLETS, HAIL    4 = ICE PELLETS
                        TOTAL MONTH:    T          5 = HAIL
                        GRTST 24HR    T  ON 14-14  6 = FREEZING RAIN OR DRIZZLE
                        GRTST DEPTH:   0           7 = DUSTSTORM OR SANDSTORM:
                                                       VSBY 1/2 MILE OR LESS
                                                   8 = SMOKE OR HAZE
[NO. OF DAYS WITH]      [WEATHER - DAYS WITH]      9 = BLOWING SNOW
                                                   X = TORNADO
MAX 32 OR BELOW:   3    0.01 INCH OR MORE:   5
MAX 90 OR ABOVE:   0    0.10 INCH OR MORE:   2
MIN 32 OR BELOW:  24    0.50 INCH OR MORE:   0
MIN  0 OR BELOW:   0    1.00 INCH OR MORE:   0

[HDD (BASE 65) ]
TOTAL THIS MO.   742    CLEAR  (SCALE 0-3)  16
DPTR FM NORMAL    49    PTCLDY (SCALE 4-7)   4
TOTAL FM JUL 1  2165    CLOUDY (SCALE 8-10)  5
DPTR FM NORMAL    42

[CDD (BASE 65) ]
TOTAL THIS MO.     0
DPTR FM NORMAL     0    [PRESSURE DATA]
TOTAL FM JAN 1     0    HIGHEST SLP M ON M
DPTR FM NORMAL     0    LOWEST  SLP 29.79 ON  3

[REMARKS]
