000
CXUS54 KOUN 190700
CF6GOK
PRELIMINARY LOCAL CLIMATOLOGICAL DATA (WS FORM: F-6)

                                          STATION:   GUTHRIE MUNICIPAL
                                          MONTH:     NOVEMBER
                                          YEAR:      2017
                                          LATITUDE:   35 50 N
                                          LONGITUDE:  97 25 W

  TEMPERATURE IN F:       :PCPN:    SNOW:  WIND      :SUNSHINE: SKY     :PK WND
================================================================================
1   2   3   4   5  6A  6B    7    8   9   10  11  12  13   14  15   16   17  18
                                     12Z  AVG MX 2MIN
DY MAX MIN AVG DEP HDD CDD  WTR  SNW DPTH SPD SPD DIR MIN PSBL S-S WX    SPD DR
================================================================================

 1  73  38  56   0   9   0 0.00  0.0    0 12.3 22 200   M    M   0        27 190
 2  75  53  64   9   1   0 0.00  0.0    0  9.5 16 180   M    M   2        24 330
 3  54  48  51  -4  14   0 0.00  0.0    0  3.5  9  10   M    M  10 1      13 360
 4  71  47  59   4   6   0 0.00  0.0    0  6.0 13 180   M    M   5 1      18 180
 5  70  46  58   4   7   0 0.00  0.0    0  8.2 17 300   M    M   4        22 340
 6  50  43  47  -7  18   0 0.00  0.0    0  5.2  9  10   M    M   9 18     14  20
 7  47  42  45  -9  20   0 0.00  0.0    0  7.6 15  40   M    M  10 18     21 360
 8  51  33  42 -11  23   0 0.01  0.0    0  3.5 13  50   M    M   7        16  30
 9  60  30  45  -8  20   0 0.00  0.0    0  2.9  8 120   M    M   0 1      12 120
10  63  37  50  -2  15   0 0.00  0.0    0  8.7 17 180   M    M   0        22 180
11  58  52  55   3  10   0 0.00  0.0    0 10.6 23 180   M    M  10 1      29 190
12  57  48  53   1  12   0 0.00  0.0    0  6.9 13  50   M    M  10 1      20  10
13  58  45  52   1  13   0    T  0.0    0  6.2 14 170   M    M  10 1      19 160
14  67  56  62  11   3   0 0.02  0.0    0  8.2 15 160   M    M   8 18     21 180
15  66  38  52   2  13   0    T  0.0    0  6.6 16  40   M    M   3 1      25  20
16  64  35  50   0  15   0 0.00  0.0    0  8.1 17 160   M    M   6 1      27 170
17  81  58  70  20   0   5 0.00  0.0    0 16.5 26 200   M    M   3 1      37 220
18  75  33  54   5  11   0    T  0.0    0 10.0 23 330   M    M   4        37 350
================================================================================
SM 1140  782       210   5  0.03     0.0 140.5          M      101
================================================================================
AV 63.3 43.4                               7.8 FASTST   M    M   6    MAX(MPH)
                                 MISC ---->  # 26 200               # 37  220
================================================================================
NOTES:
# LAST OF SEVERAL OCCURRENCES

COLUMN 17 PEAK WIND IN M.P.H.

PRELIMINARY LOCAL CLIMATOLOGICAL DATA (WS FORM: F-6) , PAGE 2

                                          STATION:  GUTHRIE MUNICIPAL
                                          MONTH:    NOVEMBER
                                          YEAR:     2017
                                          LATITUDE:   35 50 N
                                          LONGITUDE:  97 25 W

[TEMPERATURE DATA]      [PRECIPITATION DATA]       SYMBOLS USED IN COLUMN 16

AVERAGE MONTHLY: 53.4   TOTAL FOR MONTH:   0.03    1 = FOG OR MIST
DPTR FM NORMAL:   0.8   DPTR FM NORMAL:   -1.25    2 = FOG REDUCING VISIBILITY
HIGHEST:    81 ON 17    GRTST 24HR  0.02 ON 14-14      TO 1/4 MILE OR LESS
LOWEST:     30 ON  9                               3 = THUNDER
                        SNOW, ICE PELLETS, HAIL    4 = ICE PELLETS
                        TOTAL MONTH:   0.0 INCH    5 = HAIL
                        GRTST 24HR     0.0         6 = FREEZING RAIN OR DRIZZLE
                        GRTST DEPTH:   0           7 = DUSTSTORM OR SANDSTORM:
                                                       VSBY 1/2 MILE OR LESS
                                                   8 = SMOKE OR HAZE
[NO. OF DAYS WITH]      [WEATHER - DAYS WITH]      9 = BLOWING SNOW
                                                   X = TORNADO
MAX 32 OR BELOW:   0    0.01 INCH OR MORE:   2
MAX 90 OR ABOVE:   0    0.10 INCH OR MORE:   0
MIN 32 OR BELOW:   1    0.50 INCH OR MORE:   0
MIN  0 OR BELOW:   0    1.00 INCH OR MORE:   0

[HDD (BASE 65) ]
TOTAL THIS MO.   210    CLEAR  (SCALE 0-3)   4
DPTR FM NORMAL   -20    PTCLDY (SCALE 4-7)   8
TOTAL FM JUL 1   392    CLOUDY (SCALE 8-10)  6
DPTR FM NORMAL   -28

[CDD (BASE 65) ]
TOTAL THIS MO.     5
DPTR FM NORMAL     2    [PRESSURE DATA]
TOTAL FM JAN 1  2142    HIGHEST SLP M ON M
DPTR FM NORMAL    72    LOWEST  SLP 29.48 ON 18

[REMARKS]
