668
CXUS55 KMSO 290900
CF6GPI
PRELIMINARY LOCAL CLIMATOLOGICAL DATA (WS FORM: F-6)

                                          STATION:   KALISPELL MT
                                          MONTH:     SEPTEMBER
                                          YEAR:      2016
                                          LATITUDE:   48 17 N
                                          LONGITUDE: 114 16 W

  TEMPERATURE IN F:       :PCPN:    SNOW:  WIND      :SUNSHINE: SKY     :PK WND
================================================================================
1   2   3   4   5  6A  6B    7    8   9   10  11  12  13   14  15   16   17  18
                                     12Z  AVG MX 2MIN
DY MAX MIN AVG DEP HDD CDD  WTR  SNW DPTH SPD SPD DIR MIN PSBL S-S WX    SPD DR
================================================================================

 1  82  48  65   5   0   0    T    M    0  8.2 18 140   M    M   1        21 140
 2  67  40  54  -5  11   0 0.19  0.0    0  7.8 18 220   M    M   8        26 150
 3  66  40  53  -6  12   0 0.10  0.0    0  8.1 21 100   M    M   6        22 110
 4  67  37  52  -6  13   0 0.00  0.0    0 14.0 26  20   M    M   5        35  30
 5  62  40  51  -7  14   0 0.10  0.0    0  9.1 22 130   M    M   6 3      27 120
 6  54  35  45 -13  20   0 0.09  0.0    0  3.9 12  80   M    M   9 12     14 160
 7  61  42  52  -6  13   0 0.02  0.0    0  5.2 17 200   M    M   9        22 200
 8  67  42  55  -2  10   0 0.03  0.0    0  7.7 22 230   M    M   8        32 290
 9  66  32  49  -8  16   0 0.00  0.0    0  4.8 17 160   M    M   1        22 160
10  78  38  58   2   7   0 0.00  0.0    0  5.2 21 250   M    M   3        29 250
11  66  38  52  -4  13   0 0.12  0.0    0  8.2 30  30   M    M   5        45  20
12  59  32  46 -10  19   0 0.00  0.0    0  7.7 16  50   M    M   3        22  30
13  66  26  46  -9  19   0 0.00  0.0    0  3.3 15  30   M    M   0        20  30
14  71  26  49  -6  16   0 0.00  0.0    0  2.9 14 170   M    M   0        17 170
15  74  30  52  -2  13   0 0.00  0.0    0  3.0 10 190   M    M   0        15 170
16  77  34  56   2   9   0 0.00  0.0    0  3.8 16 180   M    M   1        24 170
17  67  43  55   1  10   0 0.05  0.0    0  7.9 17 150   M    M   8        26 140
18  68  39  54   1  11   0    T  0.0    0  7.7 21 240   M    M   7        29 270
19  65  32  49  -4  16   0 0.05  0.0    0  5.9 20 270   M    M   5        25 270
20  67  36  52   0  13   0 0.00  0.0    0  2.0 12  40   M    M   0        13  40
21  64  49  57   5   8   0 0.01  0.0    0 13.8 24  30   M    M   9        31  40
22  64  47  56   4   9   0 0.07  0.0    0 11.3 22  30   M    M   9        27  20
23  65  43  54   3  11   0 0.02  0.0    0  5.5 15 240   M    M   8        26 150
24  65  37  51   0  14   0    T  0.0    0  4.6 14 170   M    M   6        20 220
25  63  34  49  -1  16   0 0.00  0.0    0  3.6 13 160   M    M   7        20 150
26  74  34  54   4  11   0 0.00  0.0    0  2.6 12 170   M    M   0        15 150
27  83  34  59   9   6   0 0.00  0.0    0  5.5 22  20   M    M   1 12     27  20
28  78  54  66  17   0   1 0.00  0.0    0  8.3 23  20   M    M   0        29  10
================================================================================
SM 1906 1062       330   1  0.85     0.0 181.6          M      125
================================================================================
AV 68.1 37.9                               6.5 FASTST   M    M   4    MAX(MPH)
                                 MISC ---->  # 30  30               # 45   20
================================================================================
NOTES:
# LAST OF SEVERAL OCCURRENCES

COLUMN 17 PEAK WIND IN M.P.H.

PRELIMINARY LOCAL CLIMATOLOGICAL DATA (WS FORM: F-6) , PAGE 2

                                          STATION:  KALISPELL MT
                                          MONTH:    SEPTEMBER
                                          YEAR:     2016
                                          LATITUDE:   48 17 N
                                          LONGITUDE: 114 16 W

[TEMPERATURE DATA]      [PRECIPITATION DATA]       SYMBOLS USED IN COLUMN 16

AVERAGE MONTHLY: 53.0   TOTAL FOR MONTH:   0.85    1 = FOG OR MIST
DPTR FM NORMAL:  -1.5   DPTR FM NORMAL:   -0.46    2 = FOG REDUCING VISIBILITY
HIGHEST:    83 ON 27    GRTST 24HR  0.19 ON  1- 2      TO 1/4 MILE OR LESS
LOWEST:     26 ON 14,13                            3 = THUNDER
                        SNOW, ICE PELLETS, HAIL    4 = ICE PELLETS
                        TOTAL MONTH:   0.0 INCH    5 = HAIL
                        GRTST 24HR     0.0         6 = FREEZING RAIN OR DRIZZLE
                        GRTST DEPTH:   0           7 = DUSTSTORM OR SANDSTORM:
                                                       VSBY 1/2 MILE OR LESS
                                                   8 = SMOKE OR HAZE
[NO. OF DAYS WITH]      [WEATHER - DAYS WITH]      9 = BLOWING SNOW
                                                   X = TORNADO
MAX 32 OR BELOW:   0    0.01 INCH OR MORE:  12
MAX 90 OR ABOVE:   0    0.10 INCH OR MORE:   4
MIN 32 OR BELOW:   6    0.50 INCH OR MORE:   0
MIN  0 OR BELOW:   0    1.00 INCH OR MORE:   0

[HDD (BASE 65) ]
TOTAL THIS MO.   330    CLEAR  (SCALE 0-3)  11
DPTR FM NORMAL    33    PTCLDY (SCALE 4-7)  13
TOTAL FM JUL 1   477    CLOUDY (SCALE 8-10)  4
DPTR FM NORMAL    10

[CDD (BASE 65) ]
TOTAL THIS MO.     1
DPTR FM NORMAL     0    [PRESSURE DATA]
TOTAL FM JAN 1   157    HIGHEST SLP M ON M
DPTR FM NORMAL    13    LOWEST  SLP 29.74 ON  1

[REMARKS]
