000
CXUS55 KLIX 010830
CF6GPT
PRELIMINARY LOCAL CLIMATOLOGICAL DATA (WS FORM: F-6)

                                          STATION:   GULFPORT
                                          MONTH:     FEBRUARY
                                          YEAR:      2015
                                          LATITUDE:   30 23 N
                                          LONGITUDE:  89  4 W

  TEMPERATURE IN F:       :PCPN:    SNOW:  WIND      :SUNSHINE: SKY     :PK WND
================================================================================
1   2   3   4   5  6A  6B    7    8   9   10  11  12  13   14  15   16   17  18
                                     12Z  AVG MX 2MIN
DY MAX MIN AVG DEP HDD CDD  WTR  SNW DPTH SPD SPD DIR MIN PSBL S-S WX    SPD DR
================================================================================

 1  68  50  59   7   6   0 0.14  0.0    0  7.5 25 330   M    M   7 1      33 310
 2  58  36  47  -5  18   0 0.01  0.0    0 13.2 25 350   M    M   2        32 350
 3  49  33  41 -11  24   0 0.00  0.0    0  4.0 10  10   M    M   2        14  20
 4  49  43  46  -6  19   0    T  0.0    0  7.7 22  50   M    M  10 1      26  50
 5  60  41  51  -1  14   0    T  0.0    0 10.7 20 360   M    M   5        25  10
 6  55  29  42 -10  23   0 0.00  0.0    0  4.0 12 150   M    M   0 8      15  20
 7  64  32  48  -5  17   0 0.00  0.0    0  4.0 12 140   M    M   0 1      14 180
 8  69  54  62   9   3   0 0.00  0.0    0  7.3 16 150   M    M   0        22 150
 9  77  52  65  12   0   0 0.00  0.0    0  9.6 24 330   M    M   3 1      33 310
10  65  40  53   0  12   0 0.00  0.0    0 10.0 18  10   M    M   0 8      24 360
11  61  35  48  -5  17   0 0.00  0.0    0  2.1  9 160   M    M   0 18     13 140
12  66  40  53   0  12   0 0.00  0.0    0 10.8 21 340   M    M   0        25 340
13  54  31  43 -11  22   0 0.00  0.0    0  5.4 13  30   M    M   0 8      17  30
14  63  32  48  -6  17   0 0.00  0.0    0  4.6 14 200   M    M   0 1      18 180
15  63  50  57   3   8   0 0.00  0.0    0  7.1 14 140   M    M   1 128    17 140
16  68  38  53  -1  12   0 0.26    M    0 10.5 25 330   M    M   8 1      32 330
17  46  32  39 -15  26   0 0.07    M    0 12.5 25 350   M    M   5 1      35 350
18  55  27  41 -13  24   0 0.00  0.0    0 10.6 28 340   M    M   0        37 330
19  50  29  40 -14  25   0 0.00  0.0    0  5.6 17  20   M    M   3        23  20
20  59  31  45 -10  20   0    T    M    0 13.4 24 110   M    M   5        30 140
21  67  56  62   7   3   0 0.00  0.0    0 13.2 23 150   M    M   9 128    29 160
22  75  57  66  11   0   1 0.00  0.0    0  4.6 13 170   M    M   6 12     17 170
23  62  41  52  -3  13   0 0.23    M    0 13.6 22  10   M    M  10 1      29  10
24  49  37  43 -12  22   0    T    M    0  9.1 15 350   M    M   9        20  10
25  45  39  42 -13  23   0 0.42  0.0    0  9.7 18 330   M    M  10 1      23 340
26  49  37  43 -13  22   0 0.00  0.0    0 12.1 21 340   M    M   6        26 340
27  56  32  44 -12  21   0 0.00  0.0    0 10.2 21  20   M    M   0 18     26  30
28  62  36  49  -7  16   0 0.00  0.0    0 10.5 18 120   M    M   2        23 130
================================================================================
SM 1664 1090       439   1  1.13     0.0 243.6          M      103
================================================================================
AV 59.4 38.9                               8.7 FASTST   M    M   4    MAX(MPH)
                                 MISC ---->  # 28 340               # 37  330
================================================================================
NOTES:
# LAST OF SEVERAL OCCURRENCES

COLUMN 17 PEAK WIND IN M.P.H.

PRELIMINARY LOCAL CLIMATOLOGICAL DATA (WS FORM: F-6) , PAGE 2

                                          STATION:  GULFPORT
                                          MONTH:    FEBRUARY
                                          YEAR:     2015
                                          LATITUDE:   30 23 N
                                          LONGITUDE:  89  4 W

[TEMPERATURE DATA]      [PRECIPITATION DATA]       SYMBOLS USED IN COLUMN 16

AVERAGE MONTHLY: 49.2   TOTAL FOR MONTH:   1.13    1 = FOG OR MIST
DPTR FM NORMAL:  -4.6   DPTR FM NORMAL:   -4.10    2 = FOG REDUCING VISIBILITY
HIGHEST:    77 ON  9    GRTST 24HR  0.42 ON 25-25      TO 1/4 MILE OR LESS
LOWEST:     27 ON 18                               3 = THUNDER
                        SNOW, ICE PELLETS, HAIL    4 = ICE PELLETS
                        TOTAL MONTH:   0.0 INCH    5 = HAIL
                        GRTST 24HR     0.0         6 = FREEZING RAIN OR DRIZZLE
                        GRTST DEPTH:   0           7 = DUSTSTORM OR SANDSTORM:
                                                       VSBY 1/2 MILE OR LESS
                                                   8 = SMOKE OR HAZE
[NO. OF DAYS WITH]      [WEATHER - DAYS WITH]      9 = BLOWING SNOW
                                                   X = TORNADO
MAX 32 OR BELOW:   0    0.01 INCH OR MORE:   6
MAX 90 OR ABOVE:   0    0.10 INCH OR MORE:   4
MIN 32 OR BELOW:   9    0.50 INCH OR MORE:   0
MIN  0 OR BELOW:   0    1.00 INCH OR MORE:   0

[HDD (BASE 65) ]
TOTAL THIS MO.   439    CLEAR  (SCALE 0-3)  16
DPTR FM NORMAL   117    PTCLDY (SCALE 4-7)   7
TOTAL FM JUL 1  1527    CLOUDY (SCALE 8-10)  5
DPTR FM NORMAL   158

[CDD (BASE 65) ]
TOTAL THIS MO.     1
DPTR FM NORMAL    -7    [PRESSURE DATA]
TOTAL FM JAN 1     6    HIGHEST SLP 30.47 ON 19
DPTR FM NORMAL    -7    LOWEST  SLP 29.62 ON 25

[REMARKS]
#FINAL-02-15#
