000
CXUS55 KLIX 280830
CF6GPT
PRELIMINARY LOCAL CLIMATOLOGICAL DATA (WS FORM: F-6)

                                          STATION:   GULFPORT
                                          MONTH:     NOVEMBER
                                          YEAR:      2014
                                          LATITUDE:   30 23 N
                                          LONGITUDE:  89  4 W

  TEMPERATURE IN F:       :PCPN:    SNOW:  WIND      :SUNSHINE: SKY     :PK WND
================================================================================
1   2   3   4   5  6A  6B    7    8   9   10  11  12  13   14  15   16   17  18
                                     12Z  AVG MX 2MIN
DY MAX MIN AVG DEP HDD CDD  WTR  SNW DPTH SPD SPD DIR MIN PSBL S-S WX    SPD DR
================================================================================

 1  61  39  50 -14  15   0 0.00  0.0    0 11.6 23 350   M    M   0        30 350
 2  67  35  51 -13  14   0 0.00  0.0    0  4.0 12  30   M    M   0 1      15  30
 3  71  40  56  -8   9   0 0.00  0.0    0  6.7 18 110   M    M   1        21 120
 4  76  53  65   2   0   0 0.00  0.0    0  6.0 14 140   M    M   2        17 120
 5  78  57  68   5   0   3 0.00  0.0    0  6.0 18 140   M    M   1 1      23 130
 6  78  58  68   5   0   3    T  0.0    0  7.6 17 350   M    M   3 1      21 330
 7  65  47  56  -7   9   0 0.00  0.0    0  7.8 17  20   M    M   0        22  20
 8  67  45  56  -6   9   0 0.00  0.0    0  3.9 10  10   M    M   0        17  20
 9  71  43  57  -5   8   0 0.00  0.0    0  4.6 12  10   M    M   0 1      15 360
10  69  39  54  -8  11   0 0.00  0.0    0  3.5 12 160   M    M   0        15 170
11  73  53  63   1   2   0 0.00  0.0    0  4.1 14 140   M    M   2 1      18 130
12  68  48  58  -3   7   0 0.00  0.0    0  9.7 18 360   M    M   6 1      26  10
13  48  38  43 -18  22   0 0.50  0.0    0 14.5 23 350   M    M   9 18     29 350
14  51  31  41 -20  24   0 0.00  0.0    0  9.5 17 350   M    M   0        25 360
15  57  32  45 -15  20   0 0.00  0.0    0  3.9 10 160   M    M   1        19 260
16  72  47  60   0   5   0 0.00  0.0    0  8.2 17 150   M    M   5 18     23 160
17  70  34  52  -8  13   0 0.54  0.0    0 14.1 29 340   M    M   6 13     39 310
18  49  29  39 -21  26   0 0.00  0.0    0  7.6 23 360   M    M   0        32 360
19  52  25  39 -20  26   0 0.00  0.0    0  2.3 12 130   M    M   0 1      14 130
20  65  35  50  -9  15   0 0.00  0.0    0  2.5 13 190   M    M   0 18     16 180
21  69  40  55  -4  10   0 0.00  0.0    0  7.3 22 120   M    M   0        27 110
22  69  46  58   0   7   0 0.00  0.0    0 11.0 22 100   M    M   3 8      27 110
23  70  61  66   8   0   1 1.09  0.0    0  9.1 23 180   M    M   7 13     34 190
24  76  54  65   7   0   0 0.00  0.0    0  8.4 18 340   M    M   3 12     21 340
25  60  43  52  -6  13   0 0.00  0.0    0 10.8 18 340   M    M   4        24  10
26  58  33  46 -12  19   0 0.00  0.0    0  4.8 12 190   M    M   0        17 220
27  60  40  50  -7  15   0    M    M    0  7.7 18 340   M    M   0        26 360
================================================================================
SM 1770 1145       299   7  2.13     0.0 197.2          M       53
================================================================================
AV 65.6 42.4                               7.3 FASTST   M    M   2    MAX(MPH)
                                 MISC ---->  # 29 340               # 39  310
================================================================================
NOTES:
# LAST OF SEVERAL OCCURRENCES

COLUMN 17 PEAK WIND IN M.P.H.

PRELIMINARY LOCAL CLIMATOLOGICAL DATA (WS FORM: F-6) , PAGE 2

                                          STATION:  GULFPORT
                                          MONTH:    NOVEMBER
                                          YEAR:     2014
                                          LATITUDE:   30 23 N
                                          LONGITUDE:  89  4 W

[TEMPERATURE DATA]      [PRECIPITATION DATA]       SYMBOLS USED IN COLUMN 16

AVERAGE MONTHLY: 54.0   TOTAL FOR MONTH:   2.13    1 = FOG OR MIST
DPTR FM NORMAL:  -6.7   DPTR FM NORMAL:   -2.01    2 = FOG REDUCING VISIBILITY
HIGHEST:    78 ON  6, 5 GRTST 24HR  1.09 ON 23-23      TO 1/4 MILE OR LESS
LOWEST:     25 ON 19                               3 = THUNDER
                        SNOW, ICE PELLETS, HAIL    4 = ICE PELLETS
                        TOTAL MONTH:   0.0 INCH    5 = HAIL
                        GRTST 24HR     0.0         6 = FREEZING RAIN OR DRIZZLE
                        GRTST DEPTH:   0           7 = DUSTSTORM OR SANDSTORM:
                                                       VSBY 1/2 MILE OR LESS
                                                   8 = SMOKE OR HAZE
[NO. OF DAYS WITH]      [WEATHER - DAYS WITH]      9 = BLOWING SNOW
                                                   X = TORNADO
MAX 32 OR BELOW:   0    0.01 INCH OR MORE:   3
MAX 90 OR ABOVE:   0    0.10 INCH OR MORE:   3
MIN 32 OR BELOW:   4    0.50 INCH OR MORE:   3
MIN  0 OR BELOW:   0    1.00 INCH OR MORE:   1

[HDD (BASE 65) ]
TOTAL THIS MO.   299    CLEAR  (SCALE 0-3)  21
DPTR FM NORMAL   147    PTCLDY (SCALE 4-7)   5
TOTAL FM JUL 1   316    CLOUDY (SCALE 8-10)  1
DPTR FM NORMAL   120

[CDD (BASE 65) ]
TOTAL THIS MO.     7
DPTR FM NORMAL   -28    [PRESSURE DATA]
TOTAL FM JAN 1  2840    HIGHEST SLP M ON M
DPTR FM NORMAL   265    LOWEST  SLP 29.54 ON 23

[REMARKS]
