000
CXUS55 KLIX 261000
CF6GPT
PRELIMINARY LOCAL CLIMATOLOGICAL DATA (WS FORM: F-6)

                                          STATION:   GULFPORT
                                          MONTH:     MARCH
                                          YEAR:      2015
                                          LATITUDE:   30 23 N
                                          LONGITUDE:  89  4 W

  TEMPERATURE IN F:       :PCPN:    SNOW:  WIND      :SUNSHINE: SKY     :PK WND
================================================================================
1   2   3   4   5  6A  6B    7    8   9   10  11  12  13   14  15   16   17  18
                                     12Z  AVG MX 2MIN
DY MAX MIN AVG DEP HDD CDD  WTR  SNW DPTH SPD SPD DIR MIN PSBL S-S WX    SPD DR
================================================================================

 1  63  53  58   2   7   0 0.10  0.0    0  9.3 20 100   M    M  10 1      24 100
 2  65  57  61   5   4   0 0.44  0.0    0  6.1 21 130   M    M  10 12     25 130
 3  71  62  67  10   0   2 0.00  0.0    0 10.4 18 140   M    M   9 12     24 120
 4  73  63  68  11   0   3 0.34  0.0    0  7.9 16 160   M    M   9 12     20 160
 5  69  33  51  -6  14   0 0.01  0.0    0 16.1 30 340   M    M   9 1      40 330
 6  56  28  42 -15  23   0 0.00  0.0    0 11.2 20 350   M    M   0        27 350
 7  58  33  46 -11  19   0 0.00  0.0    0  4.8 10 150   M    M   0        14 150
 8  67  39  53  -5  12   0 0.00  0.0    0  4.9 16 130   M    M   1 1      20 120
 9  67  58  63   5   2   0 2.91  0.0    0  9.5 25 110   M    M   9 1      34 120
10  73  62  68  10   0   3 1.53  0.0    0  8.1 18 140   M    M   8 138    28 190
11  74  60  67   9   0   2 0.41  0.0    0  6.5 15  80   M    M   8 12     19  80
12  72  65  69  11   0   4 0.24  0.0    0 13.6 25 100   M    M   8 1      30 110
13  69  60  65   6   0   0 1.58  0.0    0 14.1 30 120   M    M  10 12     38 110
14  70  59  65   6   0   0 0.00  0.0    0  4.4 12 190   M    M   4        16 210
15  74  57  66   7   0   1 0.00  0.0    0  3.0 12 160   M    M   3 1      23  30
16  78  56  67   8   0   2 0.00  0.0    0  3.6 13 200   M    M   0        17 180
17  86  61  74  14   0   9 0.00  0.0    0  5.3 18 340   M    M   1 1      23 340
18  79  64  72  12   0   7    T  0.0    0  3.4 12 140   M    M   1        14 150
19  80  66  73  13   0   8 0.00  0.0    0  4.0 13 160   M    M   4 1      17  20
20  82  64  73  13   0   8 0.00  0.0    0  4.8 14 190   M    M   3 12     21 180
21  78  66  72  12   0   7 0.00  0.0    0  6.9 17 150   M    M   3 18     20 120
22  80  65  73  12   0   8 0.30  0.0    0  6.4 17 340   M    M   7 1      22 350
23  69  59  64   3   1   0 0.00  0.0    0  8.9 16 320   M    M  10        21 310
24  73  61  67   6   0   2 0.00  0.0    0  9.1 18 130   M    M   9        22 130
25  76  61  69   8   0   4 0.02  0.0    0  6.6 20 130   M    M   3 18     24 120
================================================================================
SM 1802 1412        82  70  7.88     0.0 188.9          M      139
================================================================================
AV 72.1 56.5                               7.6 FASTST   M    M   6    MAX(MPH)
                                 MISC ---->  # 30 340               # 40  330
================================================================================
NOTES:
# LAST OF SEVERAL OCCURRENCES

COLUMN 17 PEAK WIND IN M.P.H.

PRELIMINARY LOCAL CLIMATOLOGICAL DATA (WS FORM: F-6) , PAGE 2

                                          STATION:  GULFPORT
                                          MONTH:    MARCH
                                          YEAR:     2015
                                          LATITUDE:   30 23 N
                                          LONGITUDE:  89  4 W

[TEMPERATURE DATA]      [PRECIPITATION DATA]       SYMBOLS USED IN COLUMN 16

AVERAGE MONTHLY: 64.3   TOTAL FOR MONTH:   7.88    1 = FOG OR MIST
DPTR FM NORMAL:   5.6   DPTR FM NORMAL:    3.19    2 = FOG REDUCING VISIBILITY
HIGHEST:    86 ON 17    GRTST 24HR  2.91 ON  9- 9      TO 1/4 MILE OR LESS
LOWEST:     28 ON  6                               3 = THUNDER
                        SNOW, ICE PELLETS, HAIL    4 = ICE PELLETS
                        TOTAL MONTH:   0.0 INCH    5 = HAIL
                        GRTST 24HR     0.0         6 = FREEZING RAIN OR DRIZZLE
                        GRTST DEPTH:   0           7 = DUSTSTORM OR SANDSTORM:
                                                       VSBY 1/2 MILE OR LESS
                                                   8 = SMOKE OR HAZE
[NO. OF DAYS WITH]      [WEATHER - DAYS WITH]      9 = BLOWING SNOW
                                                   X = TORNADO
MAX 32 OR BELOW:   0    0.01 INCH OR MORE:  11
MAX 90 OR ABOVE:   0    0.10 INCH OR MORE:   9
MIN 32 OR BELOW:   1    0.50 INCH OR MORE:   3
MIN  0 OR BELOW:   0    1.00 INCH OR MORE:   3

[HDD (BASE 65) ]
TOTAL THIS MO.    82    CLEAR  (SCALE 0-3)  10
DPTR FM NORMAL   -93    PTCLDY (SCALE 4-7)   5
TOTAL FM JUL 1  1609    CLOUDY (SCALE 8-10) 10
DPTR FM NORMAL    65

[CDD (BASE 65) ]
TOTAL THIS MO.    70
DPTR FM NORMAL    51    [PRESSURE DATA]
TOTAL FM JAN 1    76    HIGHEST SLP M ON M
DPTR FM NORMAL    44    LOWEST  SLP 29.85 ON  4

[REMARKS]
