000
CXUS55 KLIX 011000
CF6GPT
PRELIMINARY LOCAL CLIMATOLOGICAL DATA (WS FORM: F-6)

                                          STATION:   GULFPORT
                                          MONTH:     AUGUST
                                          YEAR:      2015
                                          LATITUDE:   30 23 N
                                          LONGITUDE:  89  4 W

  TEMPERATURE IN F:       :PCPN:    SNOW:  WIND      :SUNSHINE: SKY     :PK WND
================================================================================
1   2   3   4   5  6A  6B    7    8   9   10  11  12  13   14  15   16   17  18
                                     12Z  AVG MX 2MIN
DY MAX MIN AVG DEP HDD CDD  WTR  SNW DPTH SPD SPD DIR MIN PSBL S-S WX    SPD DR
================================================================================

 1  95  73  84   1   0  19 0.00  0.0    0  6.7 14  10   M    M   1        19  20
 2  94  71  83   0   0  18 0.00  0.0    0  3.8 13 160   M    M   3        17 150
 3  96  76  86   3   0  21 0.00  0.0    0  4.9 17 180   M    M   0        22 180
 4  90  76  83   0   0  18 0.25  0.0    0  5.0 15 160   M    M   4        20 200
 5  90  78  84   1   0  19 1.12  0.0    0  5.8 15 210   M    M   4 13     25 240
 6  91  77  84   1   0  19 0.24  0.0    0  6.9 16 280   M    M   2 13     21 190
 7  96  79  88   5   0  23 0.00  0.0    0  5.9 17 300   M    M   1        22 310
 8  95  73  84   1   0  19 0.82  0.0    0  9.2 36 360   M    M   3 13     50 350
 9  96  74  85   2   0  20 0.00  0.0    0  5.6 13 130   M    M   2        16 130
10  92  76  84   1   0  19 0.00  0.0    0  5.4 14 150   M    M   1        18 140
11  94  78  86   3   0  21    T  0.0    0  4.4 13 340   M    M   2        18 360
12  95  78  87   4   0  22 0.00  0.0    0  4.7 13 190   M    M   2        17 210
13  93  75  84   1   0  19 0.00  0.0    0  5.3 14 140   M    M   1        17 150
14  93  74  84   1   0  19 0.00  0.0    0  4.3 14 140   M    M   1        17 150
15  88  73  81  -2   0  16 0.19  0.0    0 10.6 30 110   M    M   2 18     33 120
16  83  75  79  -3   0  14 0.18  0.0    0  9.5 25 120   M    M   5 1      29 120
17  86  73  80  -2   0  15 0.65  0.0    0  6.9 15 160   M    M   3 13     24 210
18  89  78  84   2   0  19 0.09  0.0    0  4.7 14 150   M    M   3 13     17 160
19  89  77  83   1   0  18 0.07  0.0    0  5.6 16 290   M    M   1 3      22 270
20  90  76  83   1   0  18 0.00  0.0    0  5.1 14 160   M    M   1 3      18 150
21  91  75  83   1   0  18 0.05  0.0    0  3.8 18 350   M    M   4 1      25 360
22  92  74  83   1   0  18 0.00  0.0    0  2.9  9 180   M    M   2 12     12 170
23  96  75  86   4   0  21 0.00  0.0    0  5.2 13 340   M    M   1        18 340
24  97  77  87   5   0  22 0.00  0.0    0  6.0 16 340   M    M   1        20  10
25  89  67  78  -4   0  13 0.00  0.0    0  7.6 17 350   M    M   0        22 340
26  88  61  75  -7   0  10 0.00  0.0    0  6.7 17 360   M    M   0        23 340
27  88  63  76  -6   0  11 0.00  0.0    0  5.6 14  20   M    M   1        20  50
28  88  68  78  -4   0  13 0.00  0.0    0  6.8 18 140   M    M   0        22 130
29  89  70  80  -2   0  15 0.00  0.0    0  4.2 17 130   M    M   2        20 130
30  89  70  80  -2   0  15 0.00  0.0    0  3.2 14 150   M    M   1        16 150
31  92  70  81   0   0  16 0.00  0.0    0  3.5 15 150   M    M   0 8      18 150
================================================================================
SM 2834 2280         0 548  3.66     0.0 175.8          M       54
================================================================================
AV 91.4 73.5                               5.7 FASTST   M    M   2    MAX(MPH)
                                 MISC ---->  # 36 360               # 50  350
================================================================================
NOTES:
# LAST OF SEVERAL OCCURRENCES

COLUMN 17 PEAK WIND IN M.P.H.

PRELIMINARY LOCAL CLIMATOLOGICAL DATA (WS FORM: F-6) , PAGE 2

                                          STATION:  GULFPORT
                                          MONTH:    AUGUST
                                          YEAR:     2015
                                          LATITUDE:   30 23 N
                                          LONGITUDE:  89  4 W

[TEMPERATURE DATA]      [PRECIPITATION DATA]       SYMBOLS USED IN COLUMN 16

AVERAGE MONTHLY: 82.5   TOTAL FOR MONTH:   3.66    1 = FOG OR MIST
DPTR FM NORMAL:   0.1   DPTR FM NORMAL:   -2.62    2 = FOG REDUCING VISIBILITY
HIGHEST:    97 ON 24    GRTST 24HR  1.34 ON  4- 5      TO 1/4 MILE OR LESS
LOWEST:     61 ON 26                               3 = THUNDER
                        SNOW, ICE PELLETS, HAIL    4 = ICE PELLETS
                        TOTAL MONTH:   0.0 INCH    5 = HAIL
                        GRTST 24HR     0.0         6 = FREEZING RAIN OR DRIZZLE
                        GRTST DEPTH:   0           7 = DUSTSTORM OR SANDSTORM:
                                                       VSBY 1/2 MILE OR LESS
                                                   8 = SMOKE OR HAZE
[NO. OF DAYS WITH]      [WEATHER - DAYS WITH]      9 = BLOWING SNOW
                                                   X = TORNADO
MAX 32 OR BELOW:   0    0.01 INCH OR MORE:  10
MAX 90 OR ABOVE:  20    0.10 INCH OR MORE:   7
MIN 32 OR BELOW:   0    0.50 INCH OR MORE:   3
MIN  0 OR BELOW:   0    1.00 INCH OR MORE:   1

[HDD (BASE 65) ]
TOTAL THIS MO.     0    CLEAR  (SCALE 0-3)  27
DPTR FM NORMAL     0    PTCLDY (SCALE 4-7)   4
TOTAL FM JUL 1     0    CLOUDY (SCALE 8-10)  0
DPTR FM NORMAL     0

[CDD (BASE 65) ]
TOTAL THIS MO.   548
DPTR FM NORMAL    10    [PRESSURE DATA]
TOTAL FM JAN 1  2291    HIGHEST SLP 30.08 ON 29
DPTR FM NORMAL   319    LOWEST  SLP 29.84 ON  8

[REMARKS]
#FINAL-08-15#
