000
CXUS53 KGID 250730
CF6GRI
PRELIMINARY LOCAL CLIMATOLOGICAL DATA (WS FORM: F-6)

                                          STATION:   GRAND ISLAND NE
                                          MONTH:     MAY
                                          YEAR:      2015
                                          LATITUDE:   40 58 N
                                          LONGITUDE:  98 19 W

  TEMPERATURE IN F:       :PCPN:    SNOW:  WIND      :SUNSHINE: SKY     :PK WND
================================================================================
1   2   3   4   5  6A  6B    7    8   9   10  11  12  13   14  15   16   17  18
                                     12Z  AVG MX 2MIN
DY MAX MIN AVG DEP HDD CDD  WTR  SNW DPTH SPD SPD DIR MIN PSBL S-S WX    SPD DR
================================================================================

 1  77  54  66  10   0   1 0.09  0.0    0  6.8 16 170   M    M   3 3      20 170
 2  86  54  70  14   0   5 0.75  0.0    0 10.9 21 190   M    M   1 13     28 210
 3  90  55  73  16   0   8 0.00  0.0    0 12.7 28  10   M    M   0        35  10
 4  62  50  56  -1   9   0 0.86  0.0    0 12.6 26  50   M    M   8 123    35  50
 5  75  54  65   7   0   0    T  0.0    0 10.5 23 140   M    M   7 12     32 140
 6  67  59  63   5   2   0 0.36  0.0    0 15.1 29 110   M    M   9 138    39 140
 7  66  52  59   1   6   0 0.00  0.0    0 14.3 22 270   M    M   8        28 190
 8  66  42  54  -4  11   0 0.00  0.0    0  8.4 17 340   M    M   4        27  80
 9  61  47  54  -5  11   0 0.38  0.0    0 12.2 21  60   M    M  10 13     27  50
10  64  39  52  -7  13   0 0.02  0.0    0 17.0 28 300   M    M   6 3      34 290
11  53  39  46 -14  19   0 0.00  0.0    0 18.7 30 300   M    M   8        38 290
12  69  35  52  -8  13   0 0.00  0.0    0 12.6 24 170   M    M   1        31 170
13  72  49  61   1   4   0 0.47  0.0    0 18.3 29 170   M    M   4 1      37 170
14  72  53  63   3   2   0 0.16  0.0    0  8.1 16 130   M    M   7 1      21 130
15  75  56  66   5   0   1    T  0.0    0 11.9 24 120   M    M   2        30 120
16  73  58  66   5   0   1 0.04  0.0    0 16.1 29 180   M    M   3 13     36 190
17  78  51  65   3   0   0 0.03  0.0    0 10.9 33 240   M    M   4 3      40 230
18  63  43  53  -9  12   0 0.00  0.0    0 12.7 24 340   M    M   3        29 340
19  46  39  43 -19  22   0 0.16  0.0    0 10.5 20  50   M    M   7 1      24  50
20  51  40  46 -16  19   0 0.02  0.0    0  9.3 15  30   M    M   9 1      20  30
21  67  36  52 -11  13   0 0.00  0.0    0  5.7 12 310   M    M   0        17 250
22  58  42  50 -13  15   0 0.06  0.0    0  6.2 15 130   M    M   6        20 120
23  61  52  57  -7   8   0    T  0.0    0 10.1 18  90   M    M  10 1      23  90
24  67  57  62  -2   3   0 0.01  0.0    0  4.7 12  90   M    M   9 12     15 110
================================================================================
SM 1619 1156       182  16  3.41     0.0 276.3          M      129
================================================================================
AV 67.5 48.2                              11.5 FASTST   M    M   5    MAX(MPH)
                                 MISC ---->  # 33 240               # 40  230
================================================================================
NOTES:
# LAST OF SEVERAL OCCURRENCES

COLUMN 17 PEAK WIND IN M.P.H.

PRELIMINARY LOCAL CLIMATOLOGICAL DATA (WS FORM: F-6) , PAGE 2

                                          STATION:  GRAND ISLAND NE
                                          MONTH:    MAY
                                          YEAR:     2015
                                          LATITUDE:   40 58 N
                                          LONGITUDE:  98 19 W

[TEMPERATURE DATA]      [PRECIPITATION DATA]       SYMBOLS USED IN COLUMN 16

AVERAGE MONTHLY: 57.8   TOTAL FOR MONTH:   3.41    1 = FOG OR MIST
DPTR FM NORMAL:  -2.2   DPTR FM NORMAL:    0.06    2 = FOG REDUCING VISIBILITY
HIGHEST:    90 ON  3    GRTST 24HR  0.86 ON  4- 4      TO 1/4 MILE OR LESS
LOWEST:     35 ON 12                               3 = THUNDER
                        SNOW, ICE PELLETS, HAIL    4 = ICE PELLETS
                        TOTAL MONTH:   0.0 INCH    5 = HAIL
                        GRTST 24HR     0.0         6 = FREEZING RAIN OR DRIZZLE
                        GRTST DEPTH:   0           7 = DUSTSTORM OR SANDSTORM:
                                                       VSBY 1/2 MILE OR LESS
                                                   8 = SMOKE OR HAZE
[NO. OF DAYS WITH]      [WEATHER - DAYS WITH]      9 = BLOWING SNOW
                                                   X = TORNADO
MAX 32 OR BELOW:   0    0.01 INCH OR MORE:  14
MAX 90 OR ABOVE:   1    0.10 INCH OR MORE:   7
MIN 32 OR BELOW:   0    0.50 INCH OR MORE:   2
MIN  0 OR BELOW:   0    1.00 INCH OR MORE:   0

[HDD (BASE 65) ]
TOTAL THIS MO.   182    CLEAR  (SCALE 0-3)   7
DPTR FM NORMAL    29    PTCLDY (SCALE 4-7)  11
TOTAL FM JUL 1  5945    CLOUDY (SCALE 8-10)  6
DPTR FM NORMAL  -210

[CDD (BASE 65) ]
TOTAL THIS MO.    16
DPTR FM NORMAL   -17    [PRESSURE DATA]
TOTAL FM JAN 1    20    HIGHEST SLP M ON M
DPTR FM NORMAL   -24    LOWEST  SLP 29.57 ON M

[REMARKS]
