000
CXUS53 KGID 310730
CF6GRI
PRELIMINARY LOCAL CLIMATOLOGICAL DATA (WS FORM: F-6)

                                          STATION:   GRAND ISLAND NE
                                          MONTH:     AUGUST
                                          YEAR:      2015
                                          LATITUDE:   40 58 N
                                          LONGITUDE:  98 19 W

  TEMPERATURE IN F:       :PCPN:    SNOW:  WIND      :SUNSHINE: SKY     :PK WND
================================================================================
1   2   3   4   5  6A  6B    7    8   9   10  11  12  13   14  15   16   17  18
                                     12Z  AVG MX 2MIN
DY MAX MIN AVG DEP HDD CDD  WTR  SNW DPTH SPD SPD DIR MIN PSBL S-S WX    SPD DR
================================================================================

 1  89  63  76   0   0  11 0.41  0.0    0  9.1 37 340   M    M   4 13     45 340
 2  96  65  81   5   0  16 0.00  0.0    0  8.6 17 240   M    M   0        22 240
 3  83  64  74  -2   0   9 0.00  0.0    0  8.2 16 140   M    M   0        20 140
 4  82  65  74  -2   0   9 0.01  0.0    0  9.7 36 220   M    M   4 3      47 220
 5  82  64  73  -2   0   8    T  0.0    0  5.1 12 150   M    M   5 1      15 110
 6  83  65  74  -1   0   9 0.02  0.0    0  8.6 25 150   M    M   2 1      35 160
 7  89  62  76   1   0  11 0.18  0.0    0  6.6 17 220   M    M   0 13     22 240
 8  82  65  74  -1   0   9 0.23  0.0    0  5.8 20 130   M    M   2 13     25 140
 9  89  69  79   4   0  14 0.18  0.0    0  4.8 22  50   M    M   5 123    27  50
10  81  64  73  -2   0   8 0.00  0.0    0  6.7 15  20   M    M   2        18  60
11  84  58  71  -4   0   6 0.00  0.0    0  4.6 12 140   M    M   0        14 150
12  87  63  75   0   0  10 0.00  0.0    0  9.5 20 190   M    M   0        25 190
13  88  65  77   2   0  12 0.00  0.0    0 10.8 25 160   M    M   1        31 170
14  89  65  77   3   0  12 0.00  0.0    0  8.5 15 150   M    M   0        19 150
15  91  66  79   5   0  14 0.00  0.0    0 13.3 23 190   M    M   0        30 200
16  88  69  79   5   0  14 0.18  0.0    0  9.9 25 270   M    M   4 13     31 260
17  71  63  67  -7   0   2 0.02  0.0    0  9.2 15 360   M    M  10 13     18  10
18  73  52  63 -11   2   0 0.01  0.0    0 12.4 30 330   M    M   8 123    37 320
19  77  49  63 -11   2   0    T  0.0    0 11.6 23 320   M    M   2        32 320
20  85  50  68  -6   0   3 0.00  0.0    0 11.9 21 170   M    M   1        29 180
21  88  59  74   0   0   9 0.00  0.0    0 16.8 26 170   M    M   0        35 160
22  86  60  73   0   0   8 0.00  0.0    0 17.4 31 180   M    M   4 8      38 180
23  76  47  62 -11   3   0 0.00  0.0    0  9.5 23 320   M    M   0        32 340
24  83  45  64  -9   1   0 0.00  0.0    0  4.7 13 230   M    M   0        16 230
25  84  52  68  -5   0   3 0.00  0.0    0  6.8 13 150   M    M   0        17 140
26  87  58  73   1   0   8 0.00  0.0    0 10.6 18 150   M    M   0        25 140
27  84  67  76   4   0  11    T  0.0    0 14.3 25 170   M    M   3 1      34 180
28  78  61  70  -2   0   5 0.00  0.0    0 10.8 21 210   M    M   6 1      28 210
29  82  55  69  -3   0   4 0.00  0.0    0  4.6 12 170   M    M   3 12     15 170
30  81  61  71  -1   0   6 0.00  0.0    0 11.5 18 160   M    M   4 1      24 150
================================================================================
SM 2518 1811         8 231  1.24     0.0 281.9          M       70
================================================================================
AV 83.9 60.4                               9.4 FASTST   M    M   2    MAX(MPH)
                                 MISC ---->  # 37 340               # 47  220
================================================================================
NOTES:
# LAST OF SEVERAL OCCURRENCES

COLUMN 17 PEAK WIND IN M.P.H.

PRELIMINARY LOCAL CLIMATOLOGICAL DATA (WS FORM: F-6) , PAGE 2

                                          STATION:  GRAND ISLAND NE
                                          MONTH:    AUGUST
                                          YEAR:     2015
                                          LATITUDE:   40 58 N
                                          LONGITUDE:  98 19 W

[TEMPERATURE DATA]      [PRECIPITATION DATA]       SYMBOLS USED IN COLUMN 16

AVERAGE MONTHLY: 72.2   TOTAL FOR MONTH:   1.24    1 = FOG OR MIST
DPTR FM NORMAL:  -1.9   DPTR FM NORMAL:   -1.79    2 = FOG REDUCING VISIBILITY
HIGHEST:    96 ON  2    GRTST 24HR  0.94 ON 31- 1      TO 1/4 MILE OR LESS
LOWEST:     45 ON 24                               3 = THUNDER
                        SNOW, ICE PELLETS, HAIL    4 = ICE PELLETS
                        TOTAL MONTH:   0.0 INCH    5 = HAIL
                        GRTST 24HR     0.0         6 = FREEZING RAIN OR DRIZZLE
                        GRTST DEPTH:   0           7 = DUSTSTORM OR SANDSTORM:
                                                       VSBY 1/2 MILE OR LESS
                                                   8 = SMOKE OR HAZE
[NO. OF DAYS WITH]      [WEATHER - DAYS WITH]      9 = BLOWING SNOW
                                                   X = TORNADO
MAX 32 OR BELOW:   0    0.01 INCH OR MORE:   9
MAX 90 OR ABOVE:   2    0.10 INCH OR MORE:   5
MIN 32 OR BELOW:   0    0.50 INCH OR MORE:   0
MIN  0 OR BELOW:   0    1.00 INCH OR MORE:   0

[HDD (BASE 65) ]
TOTAL THIS MO.     8    CLEAR  (SCALE 0-3)  19
DPTR FM NORMAL     5    PTCLDY (SCALE 4-7)  10
TOTAL FM JUL 1    13    CLOUDY (SCALE 8-10)  1
DPTR FM NORMAL     8

[CDD (BASE 65) ]
TOTAL THIS MO.   231
DPTR FM NORMAL   -49    [PRESSURE DATA]
TOTAL FM JAN 1   811    HIGHEST SLP M ON M
DPTR FM NORMAL   -96    LOWEST  SLP 29.71 ON 22

[REMARKS]
