000
CXUS53 KGID 230730
CF6GRI
PRELIMINARY LOCAL CLIMATOLOGICAL DATA (WS FORM: F-6)

                                          STATION:   GRAND ISLAND NE
                                          MONTH:     NOVEMBER
                                          YEAR:      2014
                                          LATITUDE:   40 58 N
                                          LONGITUDE:  98 19 W

  TEMPERATURE IN F:       :PCPN:    SNOW:  WIND      :SUNSHINE: SKY     :PK WND
================================================================================
1   2   3   4   5  6A  6B    7    8   9   10  11  12  13   14  15   16   17  18
                                     12Z  AVG MX 2MIN
DY MAX MIN AVG DEP HDD CDD  WTR  SNW DPTH SPD SPD DIR MIN PSBL S-S WX    SPD DR
================================================================================

 1  54  29  42  -4  23   0 0.00  0.0    0 17.2 26 170   M    M   0        35 170
 2  67  42  55  10  10   0 0.00  0.0    0 18.2 24 170   M    M   0        33 190
 3  65  36  51   6  14   0    T  0.0    0 16.6 28 330   M    M   5        34 330
 4  64  30  47   3  18   0 0.00  0.0    0  9.4 20 270   M    M   0        27 270
 5  70  39  55  11  10   0 0.00  0.0    0 15.8 31 330   M    M   1        43 330
 6  58  33  46   3  19   0 0.00  0.0    0  9.4 16 330   M    M   0        21 340
 7  70  39  55  12  10   0 0.00  0.0    0 16.1 37 340   M    M   0        44 340
 8  56  34  45   3  20   0 0.00  0.0    0 12.9 29 340   M    M   0        37 330
 9  70  36  53  11  12   0 0.00  0.0    0  7.0 20 200   M    M   0        25 210
10  51  22  37  -4  28   0    T  0.3    0 21.6 36 350   M    M   6 1      46 330
11  24  13  19 -21  46   0    T    T    T 21.0 38 350   M    M   5        44 350
12  24   9  17 -23  48   0 0.00  0.0    0 18.3 28 320   M    M   2        35 320
13  26   9  18 -21  47   0 0.00  0.0    0  9.5 20 320   M    M   1        24 320
14  29   8  19 -20  46   0 0.00  0.0    0  9.9 18 140   M    M   7        25 150
15  27   9  18 -20  47   0 0.18  1.9    0 13.1 26 320   M    M   7 128    32 320
16  33  -3  15 -23  50   0    T    T    2 13.1 33 340   M    M   2 8      42 330
17  20   5  13 -24  52   0    T    T    2 13.6 28 330   M    M   2 8      32 320
18  42   4  23 -14  42   0 0.00  0.0    1  8.6 17 270   M    M   2        22 260
19  40  13  27  -9  38   0 0.00  0.0    0 11.9 29 350   M    M   4        36 360
20  36  10  23 -13  42   0 0.00  0.0    0  6.0 12 160   M    M   0        16 130
21  48  20  34  -1  31   0 0.00  0.0    0  9.7 15 220   M    M   2 1      19 170
22  56  32  44   9  21   0 0.00  0.0    0   M   M   M   M    M   5 1       M  M
================================================================================
SM 1030  469       674   0  0.18     2.2 278.9          M       51
================================================================================
AV 46.8 21.3                              13.3 FASTST   M    M   2    MAX(MPH)
                                 MISC ---->  # 38 350               # 46  330
================================================================================
NOTES:
# LAST OF SEVERAL OCCURRENCES

COLUMN 17 PEAK WIND IN M.P.H.

PRELIMINARY LOCAL CLIMATOLOGICAL DATA (WS FORM: F-6) , PAGE 2

                                          STATION:  GRAND ISLAND NE
                                          MONTH:    NOVEMBER
                                          YEAR:     2014
                                          LATITUDE:   40 58 N
                                          LONGITUDE:  98 19 W

[TEMPERATURE DATA]      [PRECIPITATION DATA]       SYMBOLS USED IN COLUMN 16

AVERAGE MONTHLY: 34.1   TOTAL FOR MONTH:   0.18    1 = FOG OR MIST
DPTR FM NORMAL:  -6.2   DPTR FM NORMAL:   -0.71    2 = FOG REDUCING VISIBILITY
HIGHEST:    70 ON  9, 7 GRTST 24HR  0.18 ON 15-15      TO 1/4 MILE OR LESS
LOWEST:     -3 ON 16                               3 = THUNDER
                        SNOW, ICE PELLETS, HAIL    4 = ICE PELLETS
                        TOTAL MONTH:   2.2 INCHES  5 = HAIL
                        GRTST 24HR   1.9 ON   M    6 = FREEZING RAIN OR DRIZZLE
                        GRTST DEPTH:   2 ON 17,16  7 = DUSTSTORM OR SANDSTORM:
                                                       VSBY 1/2 MILE OR LESS
                                                   8 = SMOKE OR HAZE
[NO. OF DAYS WITH]      [WEATHER - DAYS WITH]      9 = BLOWING SNOW
                                                   X = TORNADO
MAX 32 OR BELOW:   6    0.01 INCH OR MORE:   1
MAX 90 OR ABOVE:   0    0.10 INCH OR MORE:   1
MIN 32 OR BELOW:  15    0.50 INCH OR MORE:   0
MIN  0 OR BELOW:   1    1.00 INCH OR MORE:   0

[HDD (BASE 65) ]
TOTAL THIS MO.   674    CLEAR  (SCALE 0-3)  15
DPTR FM NORMAL   128    PTCLDY (SCALE 4-7)   7
TOTAL FM JUL 1  1090    CLOUDY (SCALE 8-10)  0
DPTR FM NORMAL    21

[CDD (BASE 65) ]
TOTAL THIS MO.     0
DPTR FM NORMAL     0    [PRESSURE DATA]
TOTAL FM JAN 1  1031    HIGHEST SLP M ON M
DPTR FM NORMAL    -3    LOWEST  SLP 29.32 ON 10

[REMARKS]
