000
CXUS53 KIWX 180800
CF6GSH
PRELIMINARY LOCAL CLIMATOLOGICAL DATA (WS FORM: F-6)

                                          STATION:   GOSHEN
                                          MONTH:     JANUARY
                                          YEAR:      2017
                                          LATITUDE:   41 31 N
                                          LONGITUDE:  85 47 W

  TEMPERATURE IN F:       :PCPN:    SNOW:  WIND      :SUNSHINE: SKY     :PK WND
================================================================================
1   2   3   4   5  6A  6B    7    8   9   10  11  12  13   14  15   16   17  18
                                     12Z  AVG MX 2MIN
DY MAX MIN AVG DEP HDD CDD  WTR  SNW DPTH SPD SPD DIR MIN PSBL S-S WX    SPD DR
================================================================================

 1  39  22  31   7  34   0 0.00  0.0    M  5.8 14 210   M    M   1        17 210
 2  43  28  36  12  29   0 0.14    M    M  8.1 15  90   M    M   8 18     20 100
 3  42  35  39  15  26   0 0.17  0.0    0  8.8 23 310   M    M   9 128    31 310
 4  35  16  26   2  39   0    T    M    M 18.9 23 280   M    M   9 18     37 290
 5  16   9  13 -11  52   0    T    M    M 12.9 22 260   M    M   8 8      27 260
 6  12   3   8 -16  57   0 0.00  0.0    M  9.3 17 260   M    M   2        21 260
 7  16   2   9 -15  56   0    T    M    M 11.9 24 320   M    M   6 8      29 300
 8  19  13  16  -8  49   0    T    M    M 10.5 17 310   M    M   8        22 310
 9  32  15  24   0  41   0    T    M    0 13.5 23 220   M    M   7 1      28 190
10  50  32  41  17  24   0 0.34    M    M 22.8 41 250   M    M   9 168    52 260
11  57  29  43  19  22   0 0.25    M    M 14.1 26 200   M    M   5 138    33 200
12  50  25  38  14  27   0 0.44    M    M 10.8 20 300   M    M   9 1238   24 300
13  28  22  25   1  40   0 0.00  0.0    M  8.0 14 340   M    M   0        16  30
14  32  22  27   3  38   0 0.00  0.0    M  5.8 14 100   M    M   8 18     16 100
15  35  20  28   4  37   0 0.00  0.0    M  1.8  7 140   M    M   1 18      8 150
16  39  29  34  10  31   0 0.22    M    M  6.8 14 120   M    M   8 128    19 120
17  51  35  43  19  22   0 0.47  0.0    0 12.2 22 270   M    M  10 13     25 260
================================================================================
SM  596  357       624   0  2.03     0.0 182.0          M      108
================================================================================
AV 35.1 21.0                              10.7 FASTST   M    M   6    MAX(MPH)
                                 MISC ---->  # 41 250               # 52  260
================================================================================
NOTES:
# LAST OF SEVERAL OCCURRENCES

COLUMN 17 PEAK WIND IN M.P.H.

PRELIMINARY LOCAL CLIMATOLOGICAL DATA (WS FORM: F-6) , PAGE 2

                                          STATION:  GOSHEN
                                          MONTH:    JANUARY
                                          YEAR:     2017
                                          LATITUDE:   41 31 N
                                          LONGITUDE:  85 47 W

[TEMPERATURE DATA]      [PRECIPITATION DATA]       SYMBOLS USED IN COLUMN 16

AVERAGE MONTHLY: 28.0   TOTAL FOR MONTH:   2.03    1 = FOG OR MIST
DPTR FM NORMAL:   4.0   DPTR FM NORMAL:    1.12    2 = FOG REDUCING VISIBILITY
HIGHEST:    57 ON 11    GRTST 24HR  0.69 ON 11-12      TO 1/4 MILE OR LESS
LOWEST:      2 ON  7                               3 = THUNDER
                        SNOW, ICE PELLETS, HAIL    4 = ICE PELLETS
                        TOTAL MONTH:   0.0 INCH    5 = HAIL
                        GRTST 24HR     0.0         6 = FREEZING RAIN OR DRIZZLE
                        GRTST DEPTH:   0           7 = DUSTSTORM OR SANDSTORM:
                                                       VSBY 1/2 MILE OR LESS
                                                   8 = SMOKE OR HAZE
[NO. OF DAYS WITH]      [WEATHER - DAYS WITH]      9 = BLOWING SNOW
                                                   X = TORNADO
MAX 32 OR BELOW:   7    0.01 INCH OR MORE:   7
MAX 90 OR ABOVE:   0    0.10 INCH OR MORE:   7
MIN 32 OR BELOW:  15    0.50 INCH OR MORE:   0
MIN  0 OR BELOW:   0    1.00 INCH OR MORE:   0

[HDD (BASE 65) ]
TOTAL THIS MO.   624    CLEAR  (SCALE 0-3)   4
DPTR FM NORMAL   -73    PTCLDY (SCALE 4-7)   7
TOTAL FM JUL 1  2662    CLOUDY (SCALE 8-10)  6
DPTR FM NORMAL  -506

[CDD (BASE 65) ]
TOTAL THIS MO.     0
DPTR FM NORMAL     0    [PRESSURE DATA]
TOTAL FM JAN 1     0    HIGHEST SLP M ON M
DPTR FM NORMAL     0    LOWEST  SLP 29.63 ON 11

[REMARKS]
