000
CXUS53 KIWX 300800
CF6GSH
PRELIMINARY LOCAL CLIMATOLOGICAL DATA (WS FORM: F-6)

                                          STATION:   GOSHEN
                                          MONTH:     APRIL
                                          YEAR:      2017
                                          LATITUDE:   41 31 N
                                          LONGITUDE:  85 47 W

  TEMPERATURE IN F:       :PCPN:    SNOW:  WIND      :SUNSHINE: SKY     :PK WND
================================================================================
1   2   3   4   5  6A  6B    7    8   9   10  11  12  13   14  15   16   17  18
                                     12Z  AVG MX 2MIN
DY MAX MIN AVG DEP HDD CDD  WTR  SNW DPTH SPD SPD DIR MIN PSBL S-S WX    SPD DR
================================================================================

 1  57  35  46   2  19   0 0.00  0.0    0  7.4 20 350   M    M   3        26 340
 2  58  34  46   2  19   0 0.00  0.0    0  5.6 14 140   M    M   3        17 140
 3  59  45  52   8  13   0 0.38  0.0    0  8.2 22 190   M    M   7 13     29 190
 4  57  39  48   3  17   0    T  0.0    0 14.3 29 270   M    M   7 18     36 260
 5  47  35  41  -4  24   0 0.50    M    0 12.4 23  80   M    M   8 1      32  80
 6  42  34  38  -7  27   0 0.13    M    0 23.0 37 330   M    M  10 1      46 320
 7  50  32  41  -5  24   0 0.00  0.0    0 14.9 24 330   M    M   0        33 340
 8  62  29  46   0  19   0 0.00  0.0    0  9.0 20 190   M    M   0        24 180
 9  76  52  64  18   1   0 0.00  0.0    0 16.8 31 200   M    M   1        39 190
10  72  61  67  20   0   2 0.11  0.0    0 16.5 32 210   M    M   3 3      41 210
11  62  44  53   6  12   0 0.00  0.0    0 10.4 22 270   M    M   8 1      26 260
12  60  36  48   0  17   0 0.00  0.0    0  5.1 13 280   M    M   1        17 330
13  56  38  47  -1  18   0 0.04    M    0  8.7 20 100   M    M   6        22  90
14  68  42  55   7  10   0 0.05  0.0    0  9.2 16 100   M    M   4 1      20  80
15  80  56  68  19   0   3 0.06  0.0    0 14.2 31 230   M    M   3 18     39 210
16  69  52  61  12   4   0    T  0.0    0 13.1 23 260   M    M   5        29 260
17  69  45  57   8   8   0 0.00  0.0    0  4.5 16 120   M    M   1 8      22 120
18  74  43  59   9   6   0 0.00  0.0    0 10.9 23 170   M    M   1        29 160
19  72  58  65  15   0   0 0.08  0.0    0  9.4 16 220   M    M   7 18     21 210
20  77  52  65  15   0   0 0.82  0.0    0 14.3 26 260   M    M   6 13     36 220
21  53  40  47  -4  18   0 0.00  0.0    0 12.2 23 340   M    M   7        30 340
22  62  38  50  -1  15   0 0.00  0.0    0  8.3 18  30   M    M   0        23  30
23  69  34  52   0  13   0 0.00  0.0    0  3.5 13  70   M    M   0        16  10
24  71  38  55   3  10   0 0.00  0.0    0  8.3 21  90   M    M   0        25  90
25  74  49  62  10   3   0 0.00  0.0    0  9.5 17 140   M    M   0        22 140
26  82  62  72  20   0   7 0.03  0.0    0 13.6 29 180   M    M   2        35 190
27  65  48  57   4   8   0 0.01  0.0    0 17.6 32 200   M    M   8 1      41 180
28  62  43  53   0  12   0    T  0.0    0  9.7 22 150   M    M   5        30 150
29  54  43  49  -5  16   0 0.43  0.0    0 11.9 35 240   M    M  10 138    42 240
================================================================================
SM 1859 1257       333  12  2.64     0.0 322.5          M      116
================================================================================
AV 64.1 43.3                              11.1 FASTST   M    M   4    MAX(MPH)
                                 MISC ---->  # 37 330               # 46  320
================================================================================
NOTES:
# LAST OF SEVERAL OCCURRENCES

COLUMN 17 PEAK WIND IN M.P.H.

PRELIMINARY LOCAL CLIMATOLOGICAL DATA (WS FORM: F-6) , PAGE 2

                                          STATION:  GOSHEN
                                          MONTH:    APRIL
                                          YEAR:     2017
                                          LATITUDE:   41 31 N
                                          LONGITUDE:  85 47 W

[TEMPERATURE DATA]      [PRECIPITATION DATA]       SYMBOLS USED IN COLUMN 16

AVERAGE MONTHLY: 53.7   TOTAL FOR MONTH:   2.64    1 = FOG OR MIST
DPTR FM NORMAL:   5.1   DPTR FM NORMAL:   -0.51    2 = FOG REDUCING VISIBILITY
HIGHEST:    82 ON 26    GRTST 24HR  0.87 ON 19-20      TO 1/4 MILE OR LESS
LOWEST:     29 ON  8                               3 = THUNDER
                        SNOW, ICE PELLETS, HAIL    4 = ICE PELLETS
                        TOTAL MONTH:   0.0 INCH    5 = HAIL
                        GRTST 24HR     0.0         6 = FREEZING RAIN OR DRIZZLE
                        GRTST DEPTH:   0           7 = DUSTSTORM OR SANDSTORM:
                                                       VSBY 1/2 MILE OR LESS
                                                   8 = SMOKE OR HAZE
[NO. OF DAYS WITH]      [WEATHER - DAYS WITH]      9 = BLOWING SNOW
                                                   X = TORNADO
MAX 32 OR BELOW:   0    0.01 INCH OR MORE:  12
MAX 90 OR ABOVE:   0    0.10 INCH OR MORE:   6
MIN 32 OR BELOW:   2    0.50 INCH OR MORE:   2
MIN  0 OR BELOW:   0    1.00 INCH OR MORE:   0

[HDD (BASE 65) ]
TOTAL THIS MO.   333    CLEAR  (SCALE 0-3)  14
DPTR FM NORMAL  -147    PTCLDY (SCALE 4-7)  11
TOTAL FM JUL 1  4951    CLOUDY (SCALE 8-10)  4
DPTR FM NORMAL -1195

[CDD (BASE 65) ]
TOTAL THIS MO.    12
DPTR FM NORMAL    12    [PRESSURE DATA]
TOTAL FM JAN 1    12    HIGHEST SLP M ON M
DPTR FM NORMAL    12    LOWEST  SLP 29.30 ON  4

[REMARKS]
