000
CXUS52 KGSP 190817
CF6GSP
PRELIMINARY LOCAL CLIMATOLOGICAL DATA (WS FORM: F-6)

                                          STATION:   GREENVILLE-SPARTANBURG SC
                                          MONTH:     FEBRUARY
                                          YEAR:      2017
                                          LATITUDE:   34 54 N
                                          LONGITUDE:  82 13 W

  TEMPERATURE IN F:       :PCPN:    SNOW:  WIND      :SUNSHINE: SKY     :PK WND
================================================================================
1   2   3   4   5  6A  6B    7    8   9   10  11  12  13   14  15   16   17  18
                                     12Z  AVG MX 2MIN
DY MAX MIN AVG DEP HDD CDD  WTR  SNW DPTH SPD SPD DIR MIN PSBL S-S WX    SPD DR
================================================================================

 1  72  47  60  17   5   0 0.00  0.0    0 11.1 25 240   M    M   0        32 210
 2  67  47  57  13   8   0    T  0.0    0  4.3 13  20   M    M   5        15  20
 3  51  34  43  -1  22   0    T  0.0    0  7.4 16 350   M    M   8        31 360
 4  46  26  36  -8  29   0 0.00  0.0    0  5.7 14  50   M    M   0        21  20
 5  61  28  45   1  20   0    T  0.0    0  9.8 22 230   M    M   3        28 240
 6  69  32  51   7  14   0    T  0.0    0  5.0 15 200   M    M   3 1      24 140
 7  69  50  60  16   5   0 0.42  0.0    0  8.1 25 210   M    M   5 1      36 210
 8  70  52  61  17   4   0 0.03  0.0    0  9.0 18 200   M    M   6 123    22 200
 9  61  34  48   3  17   0 0.24  0.0    0 10.5 21 350   M    M   2 13     30 330
10  56  27  42  -3  23   0 0.00  0.0    0  6.9 17 220   M    M   0        27 360
11  73  42  58  13   7   0 0.00  0.0    0 12.8 22 230   M    M   4        28 240
12  81  60  71  26   0   6 0.00  0.0    0 11.5 22 210   M    M   6        31 220
13  66  43  55  10  10   0 0.00  0.0    0  7.1 17 310   M    M   0        26 330
14  68  37  53   7  12   0 0.00  0.0    0  5.6 15 210   M    M   2        19 210
15  60  44  52   6  13   0 0.34  0.0    0  8.2 21 350   M    M   4 13     30  10
16  62  31  47   1  18   0 0.00  0.0    0  5.3 14 240   M    M   0        20  10
17  70  35  53   7  12   0 0.00  0.0    0  6.4 21 210   M    M   0        24 210
18  65  43  54   8  11   0    T  0.0    0  8.1 17 220   M    M   3        23 240
================================================================================
SM 1167  712       230   6  1.03     0.0 142.8          M       51
================================================================================
AV 64.8 39.6                               7.9 FASTST   M    M   3    MAX(MPH)
                                 MISC ---->  # 25 240               # 36  210
================================================================================
NOTES:
# LAST OF SEVERAL OCCURRENCES

COLUMN 17 PEAK WIND IN M.P.H.

PRELIMINARY LOCAL CLIMATOLOGICAL DATA (WS FORM: F-6) , PAGE 2

                                          STATION:  GREENVILLE-SPARTANBURG SC
                                          MONTH:    FEBRUARY
                                          YEAR:     2017
                                          LATITUDE:   34 54 N
                                          LONGITUDE:  82 13 W

[TEMPERATURE DATA]      [PRECIPITATION DATA]       SYMBOLS USED IN COLUMN 16

AVERAGE MONTHLY: 52.2   TOTAL FOR MONTH:   1.03    1 = FOG OR MIST
DPTR FM NORMAL:   7.4   DPTR FM NORMAL:   -1.45    2 = FOG REDUCING VISIBILITY
HIGHEST:    81 ON 12    GRTST 24HR  0.42 ON  7- 7      TO 1/4 MILE OR LESS
LOWEST:     26 ON  4                               3 = THUNDER
                        SNOW, ICE PELLETS, HAIL    4 = ICE PELLETS
                        TOTAL MONTH:   0.0 INCH    5 = HAIL
                        GRTST 24HR     0.0         6 = FREEZING RAIN OR DRIZZLE
                        GRTST DEPTH:   0           7 = DUSTSTORM OR SANDSTORM:
                                                       VSBY 1/2 MILE OR LESS
                                                   8 = SMOKE OR HAZE
[NO. OF DAYS WITH]      [WEATHER - DAYS WITH]      9 = BLOWING SNOW
                                                   X = TORNADO
MAX 32 OR BELOW:   0    0.01 INCH OR MORE:   4
MAX 90 OR ABOVE:   0    0.10 INCH OR MORE:   3
MIN 32 OR BELOW:   5    0.50 INCH OR MORE:   0
MIN  0 OR BELOW:   0    1.00 INCH OR MORE:   0

[HDD (BASE 65) ]
TOTAL THIS MO.   230    CLEAR  (SCALE 0-3)  11
DPTR FM NORMAL  -135    PTCLDY (SCALE 4-7)   6
TOTAL FM JUL 1  1648    CLOUDY (SCALE 8-10)  1
DPTR FM NORMAL  -627

[CDD (BASE 65) ]
TOTAL THIS MO.     6
DPTR FM NORMAL     6    [PRESSURE DATA]
TOTAL FM JAN 1     6    HIGHEST SLP M ON M
DPTR FM NORMAL     6    LOWEST  SLP 29.51 ON 15

[REMARKS]
