541
CXUS52 KGSP 200817
CF6GSP
PRELIMINARY LOCAL CLIMATOLOGICAL DATA (WS FORM: F-6)

                                          STATION:   GREENVILLE-SPARTANBURG SC
                                          MONTH:     NOVEMBER
                                          YEAR:      2017
                                          LATITUDE:   34 54 N
                                          LONGITUDE:  82 13 W

  TEMPERATURE IN F:       :PCPN:    SNOW:  WIND      :SUNSHINE: SKY     :PK WND
================================================================================
1   2   3   4   5  6A  6B    7    8   9   10  11  12  13   14  15   16   17  18
                                     12Z  AVG MX 2MIN
DY MAX MIN AVG DEP HDD CDD  WTR  SNW DPTH SPD SPD DIR MIN PSBL S-S WX    SPD DR
================================================================================

 1  73  45  59   2   6   0 0.00  0.0    0  2.5 14 220   M    M   2 1      18 210
 2  75  54  65   8   0   0 0.00  0.0    0  3.0 13 210   M    M   4        17 200
 3  81  52  67  11   0   2 0.00  0.0    0  4.7 10 180   M    M   3        14 190
 4  74  59  67  11   0   2 0.00  0.0    0  6.9 12  20   M    M   7        14  50
 5  65  57  61   5   4   0 0.01  0.0    0  4.7 10  50   M    M  10 1      12  40
 6  77  60  69  14   0   4 0.00  0.0    0  7.0 15 210   M    M   6 1      19 230
 7  68  59  64   9   1   0 0.30  0.0    0  3.8 14 360   M    M   8 123    22  20
 8  64  46  55   0  10   0 0.01  0.0    0  9.6 18  50   M    M  10 1      22  50
 9  53  43  48  -6  17   0 0.14  0.0    0  3.2 12  50   M    M   8 1      17  50
10  66  42  54   0  11   0 0.00  0.0    0  5.5 15 340   M    M   0        23 340
11  48  35  42 -12  23   0 0.00  0.0    0  8.7 16  30   M    M   7        23  40
12  46  41  44 -10  21   0 0.22  0.0    0  4.1 10  50   M    M  10 1      12  50
13  66  45  56   3   9   0 0.00  0.0    0  3.4 12  50   M    M   6 12     14 350
14  54  38  46  -7  19   0 0.00  0.0    0  3.8  9  50   M    M   8        12  80
15  56  40  48  -5  17   0 0.00  0.0    0  3.5  9  60   M    M   5        12  70
16  69  39  54   2  11   0 0.00  0.0    0  4.1 10 250   M    M   0 1      14 280
17  63  42  53   1  12   0 0.00  0.0    0  4.1  9 210   M    M   0        13 190
18  65  39  52   0  13   0    T  0.0    0 10.9 24 210   M    M   6        33 220
19  65  41  53   2  12   0 0.04  0.0    0  8.5 23 210   M    M   2 1      32 360
================================================================================
SM 1228  877       186   8  0.72     0.0 102.0          M      102
================================================================================
AV 64.6 46.2                               5.4 FASTST   M    M   5    MAX(MPH)
                                 MISC ---->  # 24 210               # 33  220
================================================================================
NOTES:
# LAST OF SEVERAL OCCURRENCES

COLUMN 17 PEAK WIND IN M.P.H.

PRELIMINARY LOCAL CLIMATOLOGICAL DATA (WS FORM: F-6) , PAGE 2

                                          STATION:  GREENVILLE-SPARTANBURG SC
                                          MONTH:    NOVEMBER
                                          YEAR:     2017
                                          LATITUDE:   34 54 N
                                          LONGITUDE:  82 13 W

[TEMPERATURE DATA]      [PRECIPITATION DATA]       SYMBOLS USED IN COLUMN 16

AVERAGE MONTHLY: 55.4   TOTAL FOR MONTH:   0.72    1 = FOG OR MIST
DPTR FM NORMAL:   1.2   DPTR FM NORMAL:   -1.48    2 = FOG REDUCING VISIBILITY
HIGHEST:    81 ON  3    GRTST 24HR  0.30 ON  7- 7      TO 1/4 MILE OR LESS
LOWEST:     35 ON 11                               3 = THUNDER
                        SNOW, ICE PELLETS, HAIL    4 = ICE PELLETS
                        TOTAL MONTH:   0.0 INCH    5 = HAIL
                        GRTST 24HR     0.0         6 = FREEZING RAIN OR DRIZZLE
                        GRTST DEPTH:   0           7 = DUSTSTORM OR SANDSTORM:
                                                       VSBY 1/2 MILE OR LESS
                                                   8 = SMOKE OR HAZE
[NO. OF DAYS WITH]      [WEATHER - DAYS WITH]      9 = BLOWING SNOW
                                                   X = TORNADO
MAX 32 OR BELOW:   0    0.01 INCH OR MORE:   6
MAX 90 OR ABOVE:   0    0.10 INCH OR MORE:   3
MIN 32 OR BELOW:   0    0.50 INCH OR MORE:   0
MIN  0 OR BELOW:   0    1.00 INCH OR MORE:   0

[HDD (BASE 65) ]
TOTAL THIS MO.   186    CLEAR  (SCALE 0-3)   6
DPTR FM NORMAL   -25    PTCLDY (SCALE 4-7)  10
TOTAL FM JUL 1   331    CLOUDY (SCALE 8-10)  3
DPTR FM NORMAL   -50

[CDD (BASE 65) ]
TOTAL THIS MO.     8
DPTR FM NORMAL     8    [PRESSURE DATA]
TOTAL FM JAN 1  1802    HIGHEST SLP M ON M
DPTR FM NORMAL    92    LOWEST  SLP 29.55 ON 18

[REMARKS]
