000
CXUS52 KGSP 300817
CF6GSP
PRELIMINARY LOCAL CLIMATOLOGICAL DATA (WS FORM: F-6)

                                          STATION:   GREENVILLE-SPARTANBURG SC
                                          MONTH:     AUGUST
                                          YEAR:      2014
                                          LATITUDE:   34 54 N
                                          LONGITUDE:  82 13 W

  TEMPERATURE IN F:       :PCPN:    SNOW:  WIND      :SUNSHINE: SKY     :PK WND
================================================================================
1   2   3   4   5  6A  6B    7    8   9   10  11  12  13   14  15   16   17  18
                                     12Z  AVG MX 2MIN
DY MAX MIN AVG DEP HDD CDD  WTR  SNW DPTH SPD SPD DIR MIN PSBL S-S WX    SPD DR
================================================================================

 1  71  63  67 -13   0   2 1.96  0.0    0 10.0 18  60   M    M  10        24  20
 2  78  66  72  -8   0   7    T  0.0    0  6.6 10  60   M    M   9         M  M
 3  87  67  77  -3   0  12 0.00  0.0    0  3.4 12  40   M    M   5 18     14  60
 4  85  68  77  -3   0  12 0.00  0.0    0  4.6 12 110   M    M   6 3      13 110
 5  87  68  78  -2   0  13 0.00  0.0    0  3.4 10 350   M    M   3        14 340
 6  89  67  78  -2   0  13 0.03  0.0    0  2.9 12 170   M    M   2        14 180
 7  90  69  80   0   0  15 0.00  0.0    0  3.7 12 360   M    M   0        15 350
 8  76  70  73  -6   0   8 0.43  0.0    0  3.1 14 170   M    M   6 13     17 170
 9  84  69  77  -2   0  12 1.86  0.0    0  4.3 20  20   M    M   8 13     25  30
10  72  65  69 -10   0   4 0.12  0.0    0  8.1 14  60   M    M  10 1      19  60
11  86  69  78  -1   0  13 0.00  0.0    0  3.6 10 180   M    M   7        12 170
12  90  71  81   2   0  16 0.38  0.0    0  5.3 16 210   M    M   4 13     21 210
13  84  66  75  -4   0  10 0.00  0.0    0  4.7 14 360   M    M   1        18  10
14  83  64  74  -5   0   9 0.00  0.0    0  5.0  9 170   M    M   3        13 160
15  86  64  75  -4   0  10 0.00  0.0    0  1.7  9 210   M    M   3        11 210
16  85  66  76  -3   0  11 0.00  0.0    0  3.2 10 230   M    M   1        14 220
17  90  68  79   0   0  14 0.00  0.0    0  3.9 13 210   M    M   0        17 220
18  86  71  79   0   0  14 0.01  0.0    0  8.2 18 230   M    M   1        27 230
19  89  70  80   1   0  15 0.02  0.0    0  5.1 13 140   M    M   3 3      16 140
20  91  69  80   2   0  15    T  0.0    0  3.3 14 270   M    M   2        18 290
21  93  67  80   2   0  15 0.00  0.0    0  2.6  9  40   M    M   0        11  30
22  93  71  82   4   0  17    T  0.0    0  2.5 12 300   M    M   0        15 300
23  92  71  82   4   0  17 0.37  0.0    0  2.8 20 350   M    M   1 13     27  10
24  81  72  77  -1   0  12 0.03  0.0    0  8.5 18  70   M    M   8        23  70
25  82  67  75  -3   0  10 0.00  0.0    0  8.5 15  80   M    M   3        20  20
26  84  62  73  -5   0   8 0.00  0.0    0  6.4 13  80   M    M   0        17  10
27  87  61  74  -4   0   9 0.00  0.0    0  2.4 10  40   M    M   0        14  10
28  92  65  79   2   0  14 0.00  0.0    0  1.5  9 140   M    M   0        13 140
29  91  66  79   2   0  14 0.00  0.0    0  4.4 13  60   M    M   0        16  50
================================================================================
SM 2484 1952         0 341  5.21     0.0 133.7          M       96
================================================================================
AV 85.7 67.3                               4.6 FASTST   M    M   3    MAX(MPH)
                                 MISC ---->  # 20  20               # 27  230
================================================================================
NOTES:
# LAST OF SEVERAL OCCURRENCES

COLUMN 17 PEAK WIND IN M.P.H.

PRELIMINARY LOCAL CLIMATOLOGICAL DATA (WS FORM: F-6) , PAGE 2

                                          STATION:  GREENVILLE-SPARTANBURG SC
                                          MONTH:    AUGUST
                                          YEAR:     2014
                                          LATITUDE:   34 54 N
                                          LONGITUDE:  82 13 W

[TEMPERATURE DATA]      [PRECIPITATION DATA]       SYMBOLS USED IN COLUMN 16

AVERAGE MONTHLY: 76.5   TOTAL FOR MONTH:   5.21    1 = FOG OR MIST
DPTR FM NORMAL:  -2.3   DPTR FM NORMAL:    0.98    2 = FOG REDUCING VISIBILITY
HIGHEST:    93 ON 22,21 GRTST 24HR  4.87 ON 31- 1      TO 1/4 MILE OR LESS
LOWEST:     61 ON 27                               3 = THUNDER
                        SNOW, ICE PELLETS, HAIL    4 = ICE PELLETS
                        TOTAL MONTH:   0.0 INCH    5 = HAIL
                        GRTST 24HR     0.0         6 = FREEZING RAIN OR DRIZZLE
                        GRTST DEPTH:   0           7 = DUSTSTORM OR SANDSTORM:
                                                       VSBY 1/2 MILE OR LESS
                                                   8 = SMOKE OR HAZE
[NO. OF DAYS WITH]      [WEATHER - DAYS WITH]      9 = BLOWING SNOW
                                                   X = TORNADO
MAX 32 OR BELOW:   0    0.01 INCH OR MORE:  10
MAX 90 OR ABOVE:   9    0.10 INCH OR MORE:   6
MIN 32 OR BELOW:   0    0.50 INCH OR MORE:   2
MIN  0 OR BELOW:   0    1.00 INCH OR MORE:   2

[HDD (BASE 65) ]
TOTAL THIS MO.     0    CLEAR  (SCALE 0-3)  17
DPTR FM NORMAL     0    PTCLDY (SCALE 4-7)   8
TOTAL FM JUL 1     0    CLOUDY (SCALE 8-10)  4
DPTR FM NORMAL     0

[CDD (BASE 65) ]
TOTAL THIS MO.   341
DPTR FM NORMAL   -59    [PRESSURE DATA]
TOTAL FM JAN 1  1367    HIGHEST SLP M ON M
DPTR FM NORMAL   -45    LOWEST  SLP 29.76 ON 12

[REMARKS]
