000
CXUS56 KTFX 201205
CF6GTF
PRELIMINARY LOCAL CLIMATOLOGICAL DATA (WS FORM: F-6)

                                          STATION:   GREAT FALLS MT
                                          MONTH:     NOVEMBER
                                          YEAR:      2017
                                          LATITUDE:   47 28 N
                                          LONGITUDE: 111 22 W

  TEMPERATURE IN F:       :PCPN:    SNOW:  WIND      :SUNSHINE: SKY     :PK WND
================================================================================
1   2   3   4   5  6A  6B    7    8   9   10  11  12  13   14  15   16   17  18
                                     12Z  AVG MX 2MIN
DY MAX MIN AVG DEP HDD CDD  WTR  SNW DPTH SPD SPD DIR MIN PSBL S-S WX    SPD DR
================================================================================

 1  36  19  28 -11  37   0 0.68  7.4    1  8.8 24 350   M    M  10 12     32 350
 2  27  16  22 -17  43   0 0.03  0.7    7  9.7 20 320   M    M  10 16     25 330
 3  16   8  12 -26  53   0 0.13  3.0    4  8.5 16 330   M    M  10 12     20 320
 4  11  -9   1 -37  64   0    T  0.1    6  3.4 10  60   M    M   6 12     12  60
 5  10   2   6 -32  59   0 0.05  1.0    5  4.8  9 330   M    M  10 1      12 330
 6  15  -3   6 -31  59   0 0.02  0.5    6  7.0 16 200   M    M   3 1      18 200
 7  30  13  22 -15  43   0 0.00  0.0    5 15.1 22 210   M    M   0        27 210
 8  31  16  24 -12  41   0 0.01  0.1    4  9.6 17 230   M    M  10 1      21 210
 9  38  13  26 -10  39   0    T    T    4  7.1 23 200   M    M   8 12     28 210
10  40  28  34  -2  31   0 0.00  0.0    3 14.3 29 210   M    M   2        37 210
11  40  27  34  -1  31   0 0.00  0.0    1  7.6 13 210   M    M   3        14 230
12  43  29  36   1  29   0 0.00  0.0    T 13.5 20 200   M    M   0        24 200
13  55  31  43   9  22   0 0.00  0.0    T 16.5 30 270   M    M   1        39 270
14  45  29  37   3  28   0 0.00  0.0    T 13.6 24 250   M    M   1        35 160
15  47  29  38   4  27   0 0.00  0.0    0 13.4 24 200   M    M   0        32 190
16  51  23  37   4  28   0 0.00  0.0    0 18.2 38 250   M    M   1        49 250
17  45  27  36   3  29   0 0.00  0.0    0 16.1 30 260   M    M   1        40 260
18  43  27  35   3  30   0 0.00  0.0    0 22.1 38 250   M    M   2        48 250
19  49  38  44  12  21   0 0.00  0.0    0 29.3 41 230   M    M   0        53 230
================================================================================
SM  672  363       714   0  0.92    12.8 238.6          M       78
================================================================================
AV 35.4 19.1                              12.6 FASTST   M    M   4    MAX(MPH)
                                 MISC ---->  # 41 230               # 53  230
================================================================================
NOTES:
# LAST OF SEVERAL OCCURRENCES

COLUMN 17 PEAK WIND IN M.P.H.

PRELIMINARY LOCAL CLIMATOLOGICAL DATA (WS FORM: F-6) , PAGE 2

                                          STATION:  GREAT FALLS MT
                                          MONTH:    NOVEMBER
                                          YEAR:     2017
                                          LATITUDE:   47 28 N
                                          LONGITUDE: 111 22 W

[TEMPERATURE DATA]      [PRECIPITATION DATA]       SYMBOLS USED IN COLUMN 16

AVERAGE MONTHLY: 27.2   TOTAL FOR MONTH:   0.92    1 = FOG OR MIST
DPTR FM NORMAL:  -8.3   DPTR FM NORMAL:    0.54    2 = FOG REDUCING VISIBILITY
HIGHEST:    55 ON 13    GRTST 24HR  0.68 ON  1- 1      TO 1/4 MILE OR LESS
LOWEST:     -9 ON  4                               3 = THUNDER
                        SNOW, ICE PELLETS, HAIL    4 = ICE PELLETS
                        TOTAL MONTH:  12.8 INCHES  5 = HAIL
                        GRTST 24HR   7.4 ON  1- 1  6 = FREEZING RAIN OR DRIZZLE
                        GRTST DEPTH:   7 ON  2     7 = DUSTSTORM OR SANDSTORM:
                                                       VSBY 1/2 MILE OR LESS
                                                   8 = SMOKE OR HAZE
[NO. OF DAYS WITH]      [WEATHER - DAYS WITH]      9 = BLOWING SNOW
                                                   X = TORNADO
MAX 32 OR BELOW:   7    0.01 INCH OR MORE:   6
MAX 90 OR ABOVE:   0    0.10 INCH OR MORE:   2
MIN 32 OR BELOW:  18    0.50 INCH OR MORE:   1
MIN  0 OR BELOW:   2    1.00 INCH OR MORE:   0

[HDD (BASE 65) ]
TOTAL THIS MO.   714    CLEAR  (SCALE 0-3)  11
DPTR FM NORMAL   155    PTCLDY (SCALE 4-7)   3
TOTAL FM JUL 1  1631    CLOUDY (SCALE 8-10)  5
DPTR FM NORMAL    52

[CDD (BASE 65) ]
TOTAL THIS MO.     0
DPTR FM NORMAL     0    [PRESSURE DATA]
TOTAL FM JAN 1   456    HIGHEST SLP M ON M
DPTR FM NORMAL   158    LOWEST  SLP 29.50 ON  1

[REMARKS]
