000
CXUS54 KAMA 281015
CF6GUY
PRELIMINARY LOCAL CLIMATOLOGICAL DATA (WS FORM: F-6)

                                          STATION:   GUYMON
                                          MONTH:     MARCH
                                          YEAR:      2015
                                          LATITUDE:   36 41 N
                                          LONGITUDE: 101 30 W

  TEMPERATURE IN F:       :PCPN:    SNOW:  WIND      :SUNSHINE: SKY     :PK WND
================================================================================
1   2   3   4   5  6A  6B    7    8   9   10  11  12  13   14  15   16   17  18
                                     12Z  AVG MX 2MIN
DY MAX MIN AVG DEP HDD CDD  WTR  SNW DPTH SPD SPD DIR MIN PSBL S-S WX    SPD DR
================================================================================

 1  32  25  29 -13  36   0 0.00  0.0    3  5.5 12  20   M    M  10 1      14 160
 2  39  27  33  -9  32   0 0.00  0.0    2 13.1 22 200   M    M   8 1      29 210
 3  54  29  42   0  23   0 0.11    T    T 16.2 25  30   M    M   3 1      31  20
 4  29  19  24 -19  41   0 0.08  2.0    2 12.1 23  30   M    M  10 18     28  30
 5  49  15  32 -11  33   0 0.00  0.0    0 10.1 20 240   M    M   0        24 240
 6  62  24  43   0  22   0 0.00  0.0    0  4.6  9 160   M    M   0        13  80
 7  67  29  48   4  17   0 0.00  0.0    0  6.0 15 180   M    M   0        19 180
 8  67  36  52   8  13   0 0.00  0.0    0  9.8 16 350   M    M   1        22  60
 9  64  35  50   6  15   0    T    M    0  6.6 10 120   M    M   2        14  30
10  71  33  52   8  13   0 0.00  0.0    0  4.1 13 280   M    M   0        15 280
11  75  32  54   9  11   0 0.00  0.0    0  6.2 13 190   M    M   0        17 170
12  74  38  56  11   9   0 0.00  0.0    0  9.1 22 190   M    M   0        28 200
13  74  36  55  10  10   0 0.00  0.0    0 11.6 26  20   M    M   0        34  10
14  66  34  50   4  15   0 0.00  0.0    0  9.6 21  30   M    M   0        26  10
15  75  29  52   6  13   0 0.00  0.0    0 10.5 23 210   M    M   0        31 200
16  88  43  66  20   0   1 0.00  0.0    0 17.8 36 220   M    M   0        43 220
17  63  36  50   3  15   0 0.00  0.0    0 18.7 33  10   M    M   5        40  20
18  60  40  50   3  15   0 0.08  0.0    0  5.9 13 180   M    M   6        17 170
19  48  43  46  -1  19   0 0.73  0.0    0  9.3 18  30   M    M   8 12     23  20
20  65  42  54   6  11   0 0.00  0.0    0  5.7 12 150   M    M   2        15 330
21  69  37  53   5  12   0 0.00  0.0    0  5.2 13 190   M    M   0        18 200
22  79  37  58  10   7   0 0.00  0.0    0  5.1 12 280   M    M   0 1      14 280
23  67  38  53   5  12   0 0.00  0.0    0  6.9 22  10   M    M   1        26 360
24  75  37  56   7   9   0 0.00  0.0    0 11.1 32 360   M    M   0 1      40 350
25  67  35  51   2  14   0 0.01  0.0    0 15.8 38  10   M    M   3        46 360
26  67  31  49   0  16   0 0.00  0.0    0  9.4 21 330   M    M   0        28 330
27  71  37  54   4  11   0 0.00  0.0    0  6.1 16 210   M    M   1        20 200
================================================================================
SM 1717  897       444   1  1.01     2.0 252.1          M       60
================================================================================
AV 63.6 33.2                               9.3 FASTST   M    M   2    MAX(MPH)
                                 MISC ---->  # 38  10               # 46  360
================================================================================
NOTES:
# LAST OF SEVERAL OCCURRENCES

COLUMN 17 PEAK WIND IN M.P.H.

PRELIMINARY LOCAL CLIMATOLOGICAL DATA (WS FORM: F-6) , PAGE 2

                                          STATION:  GUYMON
                                          MONTH:    MARCH
                                          YEAR:     2015
                                          LATITUDE:   36 41 N
                                          LONGITUDE: 101 30 W

[TEMPERATURE DATA]      [PRECIPITATION DATA]       SYMBOLS USED IN COLUMN 16

AVERAGE MONTHLY: 48.4   TOTAL FOR MONTH:   1.01    1 = FOG OR MIST
DPTR FM NORMAL:   2.7   DPTR FM NORMAL:   -0.22    2 = FOG REDUCING VISIBILITY
HIGHEST:    88 ON 16    GRTST 24HR  0.73 ON 19-19      TO 1/4 MILE OR LESS
LOWEST:     15 ON  5                               3 = THUNDER
                        SNOW, ICE PELLETS, HAIL    4 = ICE PELLETS
                        TOTAL MONTH:   2.0 INCHES  5 = HAIL
                        GRTST 24HR   2.0 ON  4- 4  6 = FREEZING RAIN OR DRIZZLE
                        GRTST DEPTH:   3 ON  1     7 = DUSTSTORM OR SANDSTORM:
                                                       VSBY 1/2 MILE OR LESS
                                                   8 = SMOKE OR HAZE
[NO. OF DAYS WITH]      [WEATHER - DAYS WITH]      9 = BLOWING SNOW
                                                   X = TORNADO
MAX 32 OR BELOW:   2    0.01 INCH OR MORE:   5
MAX 90 OR ABOVE:   0    0.10 INCH OR MORE:   2
MIN 32 OR BELOW:  10    0.50 INCH OR MORE:   1
MIN  0 OR BELOW:   0    1.00 INCH OR MORE:   0

[HDD (BASE 65) ]
TOTAL THIS MO.   444    CLEAR  (SCALE 0-3)  20
DPTR FM NORMAL   -78    PTCLDY (SCALE 4-7)   3
TOTAL FM JUL 1  3661    CLOUDY (SCALE 8-10)  4
DPTR FM NORMAL  -328

[CDD (BASE 65) ]
TOTAL THIS MO.     1
DPTR FM NORMAL     1    [PRESSURE DATA]
TOTAL FM JAN 1     1    HIGHEST SLP M ON M
DPTR FM NORMAL     1    LOWEST  SLP 29.71 ON M

[REMARKS]
