204
CXUS52 KFFC 271110
CF6GVL
PRELIMINARY LOCAL CLIMATOLOGICAL DATA (WS FORM: F-6)

                                          STATION:   GAINESVILLE
                                          MONTH:     JULY
                                          YEAR:      2016
                                          LATITUDE:   34 16 N
                                          LONGITUDE:  83 50 W

  TEMPERATURE IN F:       :PCPN:    SNOW:  WIND      :SUNSHINE: SKY     :PK WND
================================================================================
1   2   3   4   5  6A  6B    7    8   9   10  11  12  13   14  15   16   17  18
                                     12Z  AVG MX 2MIN
DY MAX MIN AVG DEP HDD CDD  WTR  SNW DPTH SPD SPD DIR MIN PSBL S-S WX    SPD DR
================================================================================

 1  92  71  82   4   0  17 0.00    M    M  5.1 15 290   M    M   4        28 290
 2  94  70  82   4   0  17 0.00    M    M  4.1 14 240   M    M   1        29 330
 3  96  73  85   7   0  20    T    M    M  5.3 18 240   M    M   2        24 230
 4  94  73  84   6   0  19 0.23    M    M  6.0 18 250   M    M   2 3      24 250
 5  87  73  80   1   0  15 0.29    M    M 10.4 21 290   M    M   2 13     28 270
 6  82  70  76  -3   0  11 0.13    M    M  8.2 25 300   M    M   3 13     38 300
 7  92  69  81   2   0  16 0.00  0.0    M 12.4 22 250   M    M   2        31 240
 8  95  74  85   6   0  20 0.00  0.0    M  8.7 20 290   M    M   1        30 220
 9  91  74  83   4   0  18 0.00    M    M  8.1 18 320   M    M   0 3      26 310
10  91  71  81   2   0  16 0.00    M    M  5.6 14 300   M    M   1        27 310
11  91  71  81   2   0  16 0.17  0.0    M  6.2 21 350   M    M   3 13     28 330
12  90  68  79   0   0  14 0.00  0.0    M  5.9 14 230   M    M   1 1      20 220
13  92  72  82   3   0  17 0.00    M    M  7.4 14 250   M    M   0        17 250
14  94  74  84   5   0  19 0.00    M    M  7.4 20 310   M    M   0        25 310
15  91  72  82   3   0  17 0.00    M    M  5.5 15 260   M    M   3        25 150
16  91  71  81   2   0  16    T    M    M  5.3 17  20   M    M   0 3      21  40
17  91  68  80   1   0  15 0.00    M    M  3.0 12 100   M    M   2 13     14 100
18  91  70  81   2   0  16    T    M    M  4.5 12  20   M    M   2 3      19 340
19  94  72  83   4   0  18 0.60    M    M  5.9 33  30   M    M   2 13     40  40
20  95  71  83   4   0  18 0.00    M    M  4.7 15  30   M    M   1        18  20
21  90  72  81   2   0  16    T    M    M  4.8 18 310   M    M   1        23 320
22  92  68  80   1   0  15    T  0.0    M  3.9 14 320   M    M   1 12     22  30
23  92  72  82   3   0  17 0.16  0.0    M  3.8 15  80   M    M   0 3      20  60
24  94  73  84   5   0  19 0.00  0.0    0  3.6 12 270   0    0   0        25  30
25  95  73  84   5   0  19    T    M    M  3.6 18 270   M    M   4        26 270
26  94  72  83   4   0  18 0.00  0.0    0  5.6 12 270   M    M   0        15 210
================================================================================
SM 2391 1857         0 439  1.58     0.0 155.0            0     38
================================================================================
AV 92.0 71.4                               6.0 FASTST    0   0   1    MAX(MPH)
                                 MISC ---->  # 33  30               # 40   40
================================================================================
NOTES:
# LAST OF SEVERAL OCCURRENCES

COLUMN 17 PEAK WIND IN M.P.H.

PRELIMINARY LOCAL CLIMATOLOGICAL DATA (WS FORM: F-6) , PAGE 2

                                          STATION:  GAINESVILLE
                                          MONTH:    JULY
                                          YEAR:     2016
                                          LATITUDE:   34 16 N
                                          LONGITUDE:  83 50 W

[TEMPERATURE DATA]      [PRECIPITATION DATA]       SYMBOLS USED IN COLUMN 16

AVERAGE MONTHLY: 81.7   TOTAL FOR MONTH:   1.58    1 = FOG OR MIST
DPTR FM NORMAL:   2.8   DPTR FM NORMAL:   -2.20    2 = FOG REDUCING VISIBILITY
HIGHEST:    96 ON  3    GRTST 24HR  0.60 ON 19-19      TO 1/4 MILE OR LESS
LOWEST:     68 ON 22,17                            3 = THUNDER
                        SNOW, ICE PELLETS, HAIL    4 = ICE PELLETS
                        TOTAL MONTH:   0.0 INCH    5 = HAIL
                        GRTST 24HR     0.0         6 = FREEZING RAIN OR DRIZZLE
                        GRTST DEPTH:   0           7 = DUSTSTORM OR SANDSTORM:
                                                       VSBY 1/2 MILE OR LESS
                                                   8 = SMOKE OR HAZE
[NO. OF DAYS WITH]      [WEATHER - DAYS WITH]      9 = BLOWING SNOW
                                                   X = TORNADO
MAX 32 OR BELOW:   0    0.01 INCH OR MORE:   6
MAX 90 OR ABOVE:  24    0.10 INCH OR MORE:   6
MIN 32 OR BELOW:   0    0.50 INCH OR MORE:   1
MIN  0 OR BELOW:   0    1.00 INCH OR MORE:   0

[HDD (BASE 65) ]
TOTAL THIS MO.     0    CLEAR  (SCALE 0-3)  23
DPTR FM NORMAL     0    PTCLDY (SCALE 4-7)   3
TOTAL FM JUL 1     0    CLOUDY (SCALE 8-10)  0
DPTR FM NORMAL     0

[CDD (BASE 65) ]
TOTAL THIS MO.   439
DPTR FM NORMAL    79    [PRESSURE DATA]
TOTAL FM JAN 1  1101    HIGHEST SLP  0.00 ON 19
DPTR FM NORMAL   245    LOWEST  SLP 29.93 ON M

[REMARKS]
