000
CXUS54 KJAN 290800
CF6GWO
PRELIMINARY LOCAL CLIMATOLOGICAL DATA (WS FORM: F-6)

                                          STATION:   GREENWOOD
                                          MONTH:     AUGUST
                                          YEAR:      2016
                                          LATITUDE:   33 30 N
                                          LONGITUDE:  90  5 W

  TEMPERATURE IN F:       :PCPN:    SNOW:  WIND      :SUNSHINE: SKY     :PK WND
================================================================================
1   2   3   4   5  6A  6B    7    8   9   10  11  12  13   14  15   16   17  18
                                     12Z  AVG MX 2MIN
DY MAX MIN AVG DEP HDD CDD  WTR  SNW DPTH SPD SPD DIR MIN PSBL S-S WX    SPD DR
================================================================================

 1  95  73  84   2   0  19 0.00  0.0    0  1.7  8 220   M    M   1 1      11 190
 2  97  75  86   4   0  21 0.00  0.0    0  2.4 10 300   M    M   1 1      13 290
 3  97  73  85   3   0  20 0.00  0.0    0  2.6  8 100   M    M   1 1      12 330
 4  98  75  87   5   0  22 0.00  0.0    0  3.5 14 160   M    M   1 1      17 150
 5  97  74  86   4   0  21 0.02  0.0    0  3.5 13 270   M    M   1 3      21 290
 6  97  73  85   3   0  20 0.00  0.0    0  4.5 18 180   M    M   1 1      23 180
 7  94  74  84   2   0  19 0.26  0.0    0  3.6 16  30   M    M   7 13     22  30
 8  93  74  84   2   0  19 0.00  0.0    0  3.6 14 360   M    M   4 18     17 350
 9  95  75  85   4   0  20    T  0.0    0  2.7 22  90   M    M   1 18     28  80
10  93  76  85   4   0  20 0.00  0.0    0  4.4 14  50   M    M   3 1      18  50
11  90  75  83   2   0  18 0.09  0.0    0  4.3 15 120   M    M   4 13     19 120
12  91  77  84   3   0  19 0.02  0.0    0  6.8 17 150   M    M   7        22 120
13  87  75  81   0   0  16    T  0.0    0 10.6 22 160   M    M   7        27 180
14  90  73  82   1   0  17 0.13  0.0    0  9.2 25 200   M    M   4 13     31 200
15  92  74  83   2   0  18 0.01  0.0    0  9.9 20 170   M    M   4 3      24 150
16  90  72  81   0   0  16 2.17  0.0    0  5.7 20 230   M    M   6 13     28 240
17  89  71  80  -1   0  15 0.33  0.0    0  1.9 12 240   M    M   3 123    17 340
18  91  72  82   1   0  17 0.36  0.0    0  3.3 24 220   M    M   7 1238   32 220
19  88  73  81   0   0  16 0.20  0.0    0  4.3 21 200   M    M   4 13     25 210
20  89  74  82   1   0  17 0.10  0.0    0  6.0 17 210   M    M   4        23 260
21  88  74  81   0   0  16    T  0.0    0  2.8 10 220   M    M   7        14 220
22  87  73  80  -1   0  15 0.28  0.0    0  2.8  9  20   M    M   7 1      13  30
23  93  74  84   3   0  19    T  0.0    0  3.0  9 210   M    M   0 1      11 220
24  95  73  84   3   0  19    T  0.0    0  1.9  7 130   M    M   1 1      10 150
25  96  75  86   6   0  21 0.04  0.0    0  2.7 31  20   M    M   1 13     41  30
26  93  74  84   4   0  19 0.01  0.0    0  3.6 24 190   M    M   2 3      29 190
27  95  72  84   4   0  19    T  0.0    0  3.4 16  60   M    M   2        20  60
28  95  74  85   5   0  20 0.00  0.0    0  4.5 13 120   M    M   0        15  70
================================================================================
SM 2595 2067         0 518  4.02     0.0 119.2          M       91
================================================================================
AV 92.7 73.8                               4.3 FASTST   M    M   3    MAX(MPH)
                                 MISC ---->  # 31  20               # 41   30
================================================================================
NOTES:
# LAST OF SEVERAL OCCURRENCES

COLUMN 17 PEAK WIND IN M.P.H.

PRELIMINARY LOCAL CLIMATOLOGICAL DATA (WS FORM: F-6) , PAGE 2

                                          STATION:  GREENWOOD
                                          MONTH:    AUGUST
                                          YEAR:     2016
                                          LATITUDE:   33 30 N
                                          LONGITUDE:  90  5 W

[TEMPERATURE DATA]      [PRECIPITATION DATA]       SYMBOLS USED IN COLUMN 16

AVERAGE MONTHLY: 83.2   TOTAL FOR MONTH:   4.02    1 = FOG OR MIST
DPTR FM NORMAL:   2.1   DPTR FM NORMAL:    1.51    2 = FOG REDUCING VISIBILITY
HIGHEST:    98 ON  4    GRTST 24HR  2.17 ON 16-16      TO 1/4 MILE OR LESS
LOWEST:     71 ON 17                               3 = THUNDER
                        SNOW, ICE PELLETS, HAIL    4 = ICE PELLETS
                        TOTAL MONTH:   0.0 INCH    5 = HAIL
                        GRTST 24HR     0.0         6 = FREEZING RAIN OR DRIZZLE
                        GRTST DEPTH:   0           7 = DUSTSTORM OR SANDSTORM:
                                                       VSBY 1/2 MILE OR LESS
                                                   8 = SMOKE OR HAZE
[NO. OF DAYS WITH]      [WEATHER - DAYS WITH]      9 = BLOWING SNOW
                                                   X = TORNADO
MAX 32 OR BELOW:   0    0.01 INCH OR MORE:  14
MAX 90 OR ABOVE:  22    0.10 INCH OR MORE:   8
MIN 32 OR BELOW:   0    0.50 INCH OR MORE:   1
MIN  0 OR BELOW:   0    1.00 INCH OR MORE:   1

[HDD (BASE 65) ]
TOTAL THIS MO.     0    CLEAR  (SCALE 0-3)  13
DPTR FM NORMAL     0    PTCLDY (SCALE 4-7)  15
TOTAL FM JUL 1     0    CLOUDY (SCALE 8-10)  0
DPTR FM NORMAL     0

[CDD (BASE 65) ]
TOTAL THIS MO.   518
DPTR FM NORMAL    74    [PRESSURE DATA]
TOTAL FM JAN 1  1887    HIGHEST SLP M ON M
DPTR FM NORMAL   195    LOWEST  SLP 29.75 ON 12

[REMARKS]
