000
CXUS54 KJAN 251200
CF6GWO
PRELIMINARY LOCAL CLIMATOLOGICAL DATA (WS FORM: F-6)

                                          STATION:   GREENWOOD
                                          MONTH:     MARCH
                                          YEAR:      2017
                                          LATITUDE:   33 30 N
                                          LONGITUDE:  90  5 W

  TEMPERATURE IN F:       :PCPN:    SNOW:  WIND      :SUNSHINE: SKY     :PK WND
================================================================================
1   2   3   4   5  6A  6B    7    8   9   10  11  12  13   14  15   16   17  18
                                     12Z  AVG MX 2MIN
DY MAX MIN AVG DEP HDD CDD  WTR  SNW DPTH SPD SPD DIR MIN PSBL S-S WX    SPD DR
================================================================================

 1  79  49  64  12   1   0 0.09  0.0    0 13.2 23 190   M    M   5 3      30 210
 2  61  36  49  -3  16   0 0.00  0.0    0  5.7 15  40   M    M   0        18  50
 3  65  31  48  -4  17   0 0.00  0.0    0  5.0 15  50   M    M   0        21  30
 4  69  39  54   2  11   0 0.00  0.0    0  6.1 17 170   M    M   0        20 170
 5  59  49  54   1  11   0 0.10  0.0    0  5.0 14 150   M    M   9 1      17 150
 6  78  58  68  15   0   3    T  0.0    0 17.9 30 180   M    M  10        38 170
 7  69  43  56   3   9   0 1.13  0.0    0 10.5 28 170   M    M   7 13     35 170
 8  73  35  54   1  11   0 0.00  0.0    0  3.6 15 140   M    M   0        18  80
 9  73  50  62   8   3   0 0.01  0.0    0  5.3 15 220   M    M   5 1      19 210
10  70  49  60   6   5   0 0.14  0.0    0  7.8 22 360   M    M   4 138    31 360
11  49  39  44 -10  21   0 1.04  0.0    0 10.6 18  80   M    M   9 13     24  60
12  58  35  47  -8  18   0    T  0.0    0  8.3 23  30   M    M   2        27  20
13  47  34  41 -14  24   0 0.14  0.0    0  4.8 20 340   M    M   7 1      30 360
14  42  34  38 -17  27   0 0.00  0.0    0  8.3 14 360   M    M  10        21 350
15  47  29  38 -17  27   0 0.00  0.0    0  5.9 17  30   M    M   1 18     21  30
16  56  38  47  -9  18   0 0.00  0.0    0  7.1 13 150   M    M  10        16 160
17  75  50  63   7   2   0 0.00  0.0    0 11.7 23 210   M    M  10        28 210
18  78  47  63   7   2   0    T  0.0    0  6.2 16 230   M    M   5        22 230
19  80  43  62   6   3   0 0.00  0.0    0  4.2 14 100   M    M   1        18 110
20  82  55  69  12   0   4 0.00  0.0    0  9.2 21 210   M    M   0        25 200
21  87  60  74  17   0   9 0.00  0.0    0  7.5 14 230   M    M   0        20 230
22  76  57  67  10   0   2 0.00  0.0    0  9.1 16  50   M    M   1        23  40
23  84  53  69  12   0   4 0.00  0.0    0  8.0 17 180   M    M   0        20 170
24  80  67  74  16   0   9    T  0.0    0 17.3 29 160   M    M   4 3      34 150
================================================================================
SM 1637 1080       226  31  2.65     0.0 198.3          M      100
================================================================================
AV 68.2 45.0                               8.3 FASTST   M    M   4    MAX(MPH)
                                 MISC ---->  # 30 180               # 38  170
================================================================================
NOTES:
# LAST OF SEVERAL OCCURRENCES

COLUMN 17 PEAK WIND IN M.P.H.

PRELIMINARY LOCAL CLIMATOLOGICAL DATA (WS FORM: F-6) , PAGE 2

                                          STATION:  GREENWOOD
                                          MONTH:    MARCH
                                          YEAR:     2017
                                          LATITUDE:   33 30 N
                                          LONGITUDE:  90  5 W

[TEMPERATURE DATA]      [PRECIPITATION DATA]       SYMBOLS USED IN COLUMN 16

AVERAGE MONTHLY: 56.6   TOTAL FOR MONTH:   2.65    1 = FOG OR MIST
DPTR FM NORMAL:   1.9   DPTR FM NORMAL:   -0.61    2 = FOG REDUCING VISIBILITY
HIGHEST:    87 ON 21    GRTST 24HR  1.13 ON  7- 7      TO 1/4 MILE OR LESS
LOWEST:     29 ON 15                               3 = THUNDER
                        SNOW, ICE PELLETS, HAIL    4 = ICE PELLETS
                        TOTAL MONTH:   0.0 INCH    5 = HAIL
                        GRTST 24HR     0.0         6 = FREEZING RAIN OR DRIZZLE
                        GRTST DEPTH:   0           7 = DUSTSTORM OR SANDSTORM:
                                                       VSBY 1/2 MILE OR LESS
                                                   8 = SMOKE OR HAZE
[NO. OF DAYS WITH]      [WEATHER - DAYS WITH]      9 = BLOWING SNOW
                                                   X = TORNADO
MAX 32 OR BELOW:   0    0.01 INCH OR MORE:   7
MAX 90 OR ABOVE:   0    0.10 INCH OR MORE:   5
MIN 32 OR BELOW:   2    0.50 INCH OR MORE:   2
MIN  0 OR BELOW:   0    1.00 INCH OR MORE:   2

[HDD (BASE 65) ]
TOTAL THIS MO.   226    CLEAR  (SCALE 0-3)  11
DPTR FM NORMAL   -38    PTCLDY (SCALE 4-7)   7
TOTAL FM JUL 1  1709    CLOUDY (SCALE 8-10)  6
DPTR FM NORMAL  -786

[CDD (BASE 65) ]
TOTAL THIS MO.    31
DPTR FM NORMAL    13    [PRESSURE DATA]
TOTAL FM JAN 1    65    HIGHEST SLP M ON M
DPTR FM NORMAL    42    LOWEST  SLP 29.89 ON  1

[REMARKS]
